{"id":7241,"date":"2026-03-18T06:53:47","date_gmt":"2026-03-18T06:53:47","guid":{"rendered":"https:\/\/soydeaqui.ddns.net\/pachuca\/index.php\/producto\/sirena-electronica-de-alta-potencia-multitono\/"},"modified":"2026-03-18T06:53:50","modified_gmt":"2026-03-18T06:53:50","slug":"sirena-electronica-de-alta-potencia-multitono","status":"publish","type":"product","link":"https:\/\/soydeaqui.ddns.net\/pachuca\/index.php\/producto\/sirena-electronica-de-alta-potencia-multitono\/","title":{"rendered":"Sirena electr\u00f3nica de alta potencia multitono"},"content":{"rendered":"<div style='width: 100%; max-width: 1200px; margin: 0 auto; font-family: sans-serif; line-height: 1.6; color: inherit; background-color: transparent;'> <!-- Video section --> <\/p>\n<div style='margin-bottom: 30px; text-align: center;'> <a style='font-size: 16px; text-decoration: none; background-color: rgba(242&comma;242&comma;242&comma;0.2); color: inherit; padding: 8px 12px; border-radius: 4px;' href='https:\/\/www.youtube.com\/watch?v=V48RNzaRZoo' target='_blank' rel='noopener'>Familia de productos SST3 con Federal Signal Industrial<\/a> <\/div>\n<p> <!-- Caracter\u00edsticas section --> <\/p>\n<div style='margin-bottom: 30px;'>\n<h3 style='font-size: 20px; border-bottom: 2px solid currentColor; padding-bottom: 5px; margin-top: 0; margin-bottom: 15px; color: inherit; opacity: 0.8; text-align: center;'>CARACTERISTICAS<\/h3>\n<p style='font-size: 15px; margin-bottom: 15px; text-align: justify;'>SST3-MV es una sirena electr\u00f3nica capaz de producir tres tonos diferentes de altos decibelios desde la misma unidad.<\/p>\n<p style='font-size: 15px; margin-bottom: 15px; text-align: justify;'>El modelo SST3-MV presenta amplificaci\u00f3n interna y los circuitos necesarios para producir tres tonos diferentes. El usuario activa cada tono (Wail&comma; Yelp o Horn) con contactos secos desde un punto remoto.<\/p>\n<p style='font-size: 15px; margin-bottom: 15px; text-align: justify;'>La carcasa NEMA 3R est\u00e1 moldeada de pl\u00e1stico resistente al impacto&comma; lo que la hace resistente a la luz ultravioleta e ideal para uso en interiores o exteriores. El sistema de montaje giratorio omnidireccional permite que la salida apunte a cualquier lugar dentro de una media esfera de 180 grados.<\/p>\n<p style='font-size: 15px; margin-bottom: 15px; text-align: justify;'>El modelo SST3-MV se puede usar como un dispositivo de advertencia audible independiente de alto rendimiento en cualquier aplicaci\u00f3n donde se necesiten m\u00faltiples tonos&comma; pero no se requiere paginaci\u00f3n por voz.<\/p>\n<p style='font-size: 15px; margin-bottom: 15px; text-align: justify;'>Las aplicaciones t\u00edpicas incluyen advertencia de emergencia&comma; inicio y salida&comma; alarma de incendio&comma; alarma general y evacuaci\u00f3n.<\/p>\n<p style='font-size: 15px; margin-bottom: 15px; text-align: justify; background-color: rgba(241&comma;196&comma;15&comma;0.3); padding: 10px; border-left: 4px solid #f1c40f;'> <strong>REQUIERE LA CAJA POSTERIOR RECOMENDADA EN ACCESORIOS OPCIONALES WB \u00f3 WBNM<\/strong> <\/p>\n<\/p><\/div>\n<p> <!-- Especificaciones section --> <\/p>\n<div style='margin-bottom: 30px;'>\n<h3 style='font-size: 20px; border-bottom: 2px solid currentColor; padding-bottom: 5px; margin-top: 0; margin-bottom: 15px; color: inherit; opacity: 0.8; text-align: center;'>ESPECIFICACIONES<\/h3>\n<p> <!-- Especificaciones cards --> <\/p>\n<div style='display: flex; flex-wrap: wrap; gap: 20px; margin-bottom: 30px;'>\n<div style='flex: 1 1 250px; border: 1px solid rgba(150&comma; 150&comma; 150&comma; 0.4); border-radius: 8px; overflow: hidden; display: flex; flex-direction: column;'>\n<div style='padding: 15px; border-bottom: 1px solid rgba(150&comma; 150&comma; 150&comma; 0.2); font-weight: bold; font-size: 16px; color: inherit; background-color: rgba(245&comma;245&comma;245&comma;0.3);'>Voltajes de operaci\u00f3n<\/div>\n<div style='padding: 15px; color: inherit;'>\n<ul style='padding-left: 20px; margin: 0; font-size: 14px; list-style-type: disc;'>\n<li style='margin-bottom: 5px;'>24 VCD<\/li>\n<li style='margin-bottom: 5px;'>120 VCA<\/li>\n<li style='margin-bottom: 5px;'>240 VCA<\/li>\n<\/ul><\/div>\n<\/p><\/div>\n<div style='flex: 1 1 250px; border: 1px solid rgba(150&comma; 150&comma; 150&comma; 0.4); border-radius: 8px; overflow: hidden; display: flex; flex-direction: column;'>\n<div style='padding: 15px; border-bottom: 1px solid rgba(150&comma; 150&comma; 150&comma; 0.2); font-weight: bold; font-size: 16px; color: inherit; background-color: rgba(245&comma;245&comma;245&comma;0.3);'>Corriente de operaci\u00f3n<\/div>\n<div style='padding: 15px; color: inherit;'>\n<ul style='padding-left: 20px; margin: 0; font-size: 14px; list-style-type: disc;'>\n<li style='margin-bottom: 5px;'>600 mA en 24 VCD<\/li>\n<li style='margin-bottom: 5px;'>210 mA en 120 VCA<\/li>\n<li style='margin-bottom: 5px;'>120 mA en 240 VCA<\/li>\n<\/ul><\/div>\n<\/p><\/div>\n<div style='flex: 1 1 250px; border: 1px solid rgba(150&comma; 150&comma; 150&comma; 0.4); border-radius: 8px; overflow: hidden; display: flex; flex-direction: column;'>\n<div style='padding: 15px; border-bottom: 1px solid rgba(150&comma; 150&comma; 150&comma; 0.2); font-weight: bold; font-size: 16px; color: inherit; background-color: rgba(245&comma;245&comma;245&comma;0.3);'>Caracter\u00edsticas f\u00edsicas<\/div>\n<div style='padding: 15px; color: inherit;'>\n<ul style='padding-left: 20px; margin: 0; font-size: 14px; list-style-type: disc;'>\n<li style='margin-bottom: 5px;'>Omni direccional&comma; giratoria<\/li>\n<li style='margin-bottom: 5px;'>Altura: 370.00 mm<\/li>\n<li style='margin-bottom: 5px;'>Ancho: 310.00 mm<\/li>\n<li style='margin-bottom: 5px;'>Profundidad: 230.00 mm<\/li>\n<\/ul><\/div>\n<\/p><\/div>\n<div style='flex: 1 1 250px; border: 1px solid rgba(150&comma; 150&comma; 150&comma; 0.4); border-radius: 8px; overflow: hidden; display: flex; flex-direction: column;'>\n<div style='padding: 15px; border-bottom: 1px solid rgba(150&comma; 150&comma; 150&comma; 0.2); font-weight: bold; font-size: 16px; color: inherit; background-color: rgba(245&comma;245&comma;245&comma;0.3);'>Tonos<\/div>\n<div style='padding: 15px; color: inherit;'>\n<ul style='padding-left: 20px; margin: 0; font-size: 14px; list-style-type: disc;'>\n<li style='margin-bottom: 5px;'>Wail<\/li>\n<li style='margin-bottom: 5px;'>Yelp<\/li>\n<li style='margin-bottom: 5px;'>Horn<\/li>\n<\/ul><\/div>\n<\/p><\/div>\n<div style='flex: 1 1 250px; border: 1px solid rgba(150&comma; 150&comma; 150&comma; 0.4); border-radius: 8px; overflow: hidden; display: flex; flex-direction: column;'>\n<div style='padding: 15px; border-bottom: 1px solid rgba(150&comma; 150&comma; 150&comma; 0.2); font-weight: bold; font-size: 16px; color: inherit; background-color: rgba(245&comma;245&comma;245&comma;0.3);'>Decibeles de Salida<\/div>\n<div style='padding: 15px; color: inherit;'>\n<ul style='padding-left: 20px; margin: 0; font-size: 14px; list-style-type: disc;'>\n<li style='margin-bottom: 5px;'>Wail \u2013 109.5 en 3.0 m&comma; 119.5 en 1.0 m<\/li>\n<li style='margin-bottom: 5px;'>Yelp \u2013 111 en 3.0 m&comma; 121 en 1.0 m<\/li>\n<li style='margin-bottom: 5px;'>Horn \u2013 107 en 3.0 m&comma; 117 en 1.0 m<\/li>\n<\/ul><\/div>\n<\/p><\/div>\n<div style='flex: 1 1 250px; border: 1px solid rgba(150&comma; 150&comma; 150&comma; 0.4); border-radius: 8px; overflow: hidden; display: flex; flex-direction: column;'>\n<div style='padding: 15px; border-bottom: 1px solid rgba(150&comma; 150&comma; 150&comma; 0.2); font-weight: bold; font-size: 16px; color: inherit; background-color: rgba(245&comma;245&comma;245&comma;0.3);'>Temperatura de operaci\u00f3n<\/div>\n<div style='padding: 15px; color: inherit;'>\n<ul style='padding-left: 20px; margin: 0; font-size: 14px; list-style-type: disc;'>\n<li style='margin-bottom: 5px;'>M\u00ednima: -35 \u00b0C<\/li>\n<li style='margin-bottom: 5px;'>M\u00e1xima: 66 \u00b0C<\/li>\n<\/ul><\/div>\n<\/p><\/div>\n<div style='flex: 1 1 250px; border: 1px solid rgba(150&comma; 150&comma; 150&comma; 0.4); border-radius: 8px; overflow: hidden; display: flex; flex-direction: column;'>\n<div style='padding: 15px; border-bottom: 1px solid rgba(150&comma; 150&comma; 150&comma; 0.2); font-weight: bold; font-size: 16px; color: inherit; background-color: rgba(245&comma;245&comma;245&comma;0.3);'>Grado de Protecci\u00f3n<\/div>\n<div style='padding: 15px; color: inherit;'>\n<p style='margin: 0; font-size: 14px;'>Tipo 3R&comma; resistente a la Intemperie<\/p>\n<\/p><\/div>\n<\/p><\/div>\n<\/p><\/div>\n<\/p><\/div>\n<p> <!-- Separador --> <\/p>\n<hr style='border: 0; border-top: 1px solid rgba(150&comma; 150&comma; 150&comma; 0.3); margin: 30px 0;'> <\/div>\n","protected":false},"excerpt":{"rendered":"<p>Sirena electr\u00f3nica de alta potencia multitono<\/p>\n","protected":false},"featured_media":7240,"comment_status":"open","ping_status":"closed","template":"","meta":[],"product_brand":[],"product_cat":[60],"product_tag":[552,61,62],"class_list":{"0":"post-7241","1":"product","2":"type-product","3":"status-publish","4":"has-post-thumbnail","6":"product_cat-todos","7":"product_tag-federal-signal-industrial","8":"product_tag-paneles-de-alarma","9":"product_tag-todos","11":"first","12":"outofstock","13":"sale","14":"shipping-taxable","15":"purchasable","16":"product-type-simple"},"_links":{"self":[{"href":"https:\/\/soydeaqui.ddns.net\/pachuca\/index.php\/wp-json\/wp\/v2\/product\/7241","targetHints":{"allow":["GET"]}}],"collection":[{"href":"https:\/\/soydeaqui.ddns.net\/pachuca\/index.php\/wp-json\/wp\/v2\/product"}],"about":[{"href":"https:\/\/soydeaqui.ddns.net\/pachuca\/index.php\/wp-json\/wp\/v2\/types\/product"}],"replies":[{"embeddable":true,"href":"https:\/\/soydeaqui.ddns.net\/pachuca\/index.php\/wp-json\/wp\/v2\/comments?post=7241"}],"wp:featuredmedia":[{"embeddable":true,"href":"https:\/\/soydeaqui.ddns.net\/pachuca\/index.php\/wp-json\/wp\/v2\/media\/7240"}],"wp:attachment":[{"href":"https:\/\/soydeaqui.ddns.net\/pachuca\/index.php\/wp-json\/wp\/v2\/media?parent=7241"}],"wp:term":[{"taxonomy":"product_brand","embeddable":true,"href":"https:\/\/soydeaqui.ddns.net\/pachuca\/index.php\/wp-json\/wp\/v2\/product_brand?post=7241"},{"taxonomy":"product_cat","embeddable":true,"href":"https:\/\/soydeaqui.ddns.net\/pachuca\/index.php\/wp-json\/wp\/v2\/product_cat?post=7241"},{"taxonomy":"product_tag","embeddable":true,"href":"https:\/\/soydeaqui.ddns.net\/pachuca\/index.php\/wp-json\/wp\/v2\/product_tag?post=7241"}],"curies":[{"name":"wp","href":"https:\/\/api.w.org\/{rel}","templated":true}]}}