{"id":7232,"date":"2026-03-18T06:53:41","date_gmt":"2026-03-18T06:53:41","guid":{"rendered":"https:\/\/soydeaqui.ddns.net\/pachuca\/index.php\/producto\/sensor-de-movimiento-pir-uso-en-interior-alta-cobertura-hasta-15-m-compatible-con-cualquier-panel-de-alarma-alambrico\/"},"modified":"2026-03-18T06:53:41","modified_gmt":"2026-03-18T06:53:41","slug":"sensor-de-movimiento-pir-uso-en-interior-alta-cobertura-hasta-15-m-compatible-con-cualquier-panel-de-alarma-alambrico","status":"publish","type":"product","link":"https:\/\/soydeaqui.ddns.net\/pachuca\/index.php\/producto\/sensor-de-movimiento-pir-uso-en-interior-alta-cobertura-hasta-15-m-compatible-con-cualquier-panel-de-alarma-alambrico\/","title":{"rendered":"Sensor de Movimiento PIR \/ Uso en Interior\/ Alta cobertura hasta 15 m \/ Compatible con cualquier panel de alarma \/ Alambrico"},"content":{"rendered":"<div style='width: 100%; max-width: 1200px; margin: 0 auto; font-family: sans-serif; line-height: 1.6; color: inherit; background-color: transparent;'>\n<div style='display: flex; flex-wrap: wrap; gap: 30px; margin-bottom: 30px;'>\n<div style='flex: 1 1 300px; min-width: 280px;'>\n<h3 style='font-size: 22px; border-bottom: 2px solid currentColor; padding-bottom: 5px; margin-top: 0; color: inherit; opacity: 0.8;'>Descripcion<\/h3>\n<p style='font-size: 15px; color: inherit; margin-bottom: 15px;'>El CX-702 est\u00e1 dise\u00f1ado para proporcionar un rendimiento de detecci\u00f3n de largo alcance extremadamente estable en una variedad de aplicaciones comerciales e industriales internas. Con la tecnolog\u00eda patentada Multi-Focus&comma; la sensibilidad se mantiene en toda el \u00e1rea de cobertura&comma; incluso en \u00e1reas de alta temperatura o en aplicaciones con bajo contraste de temperatura. En combinaci\u00f3n con el blindaje conductivo doble y la compensaci\u00f3n de temperatura&comma; se garantiza un alto nivel de protecci\u00f3n contra falsas alarmas. Adem\u00e1s&comma; una caracter\u00edstica \u00fanica del CX-702 es la capacidad de elegir entre un patr\u00f3n de 70 &#8216;x 70&#8217; y un 150 &#8216;x 8&#8217; con un simple giro de la lente.<\/p>\n<\/p><\/div>\n<\/p><\/div>\n<div style='display: flex; flex-wrap: wrap; gap: 30px; margin-bottom: 30px;'>\n<div style='flex: 1 1 300px; min-width: 280px;'>\n<h3 style='font-size: 22px; border-bottom: 2px solid currentColor; padding-bottom: 5px; margin-top: 0; color: inherit; opacity: 0.8;'>Caracteristicas<\/h3>\n<ul style='padding-left: 20px; font-size: 15px; color: inherit;'>\n<li style='margin-bottom: 5px;'><span style='color: inherit;'>\u00d3ptica de enfoque m\u00faltiple (listado de patente)<\/span><\/li>\n<li style='margin-bottom: 5px;'><span style='color: inherit;'>Blindaje Conductivo Doble (Patentado)<\/span><\/li>\n<li style='margin-bottom: 5px;'><span style='color: inherit;'>\u00d3ptica completamente sellada con estructura dual<\/span><\/li>\n<li style='margin-bottom: 5px;'><span style='color: inherit;'>Lente de doble prop\u00f3sito<\/span><\/li>\n<li style='margin-bottom: 5px;'><span style='color: inherit;'>Circuito de compensaci\u00f3n de temperatura<\/span><\/li>\n<li style='margin-bottom: 5px;'><span style='color: inherit;'>Protecci\u00f3n de falsa alarma (RFI y protecci\u00f3n de temperatura)<\/span><\/li>\n<li style='margin-bottom: 5px;'><span style='color: inherit;'>Interruptor antisabotaje sin perturbaciones<\/span><\/li>\n<li style='margin-bottom: 5px;'><span style='color: inherit;'>F\u00e1cil instalaci\u00f3n<\/span><\/li>\n<\/ul><\/div>\n<\/p><\/div>\n<div style='position: relative; padding-bottom: 56.25%; height: 0; overflow: hidden; margin-bottom: 30px;'>   <\/div>\n<hr style='border: 0; border-top: 1px solid rgba(150&comma; 150&comma; 150&comma; 0.3); margin: 30px 0;'> <\/div>\n","protected":false},"excerpt":{"rendered":"<p>Sensor de Movimiento PIR \/ Uso en Interior\/ Alta cobertura hasta 15 m \/ Compatible con cualquier panel de alarma \/ Alambrico<\/p>\n","protected":false},"featured_media":7231,"comment_status":"open","ping_status":"closed","template":"","meta":[],"product_brand":[],"product_cat":[226],"product_tag":[106,104,227],"class_list":{"0":"post-7232","1":"product","2":"type-product","3":"status-publish","4":"has-post-thumbnail","6":"product_cat-sensores-de-movimiento-para-exterior","7":"product_tag-optex","8":"product_tag-proteccion-perimetral","9":"product_tag-sensores-de-movimiento-para-exterior","11":"first","12":"outofstock","13":"sale","14":"shipping-taxable","15":"purchasable","16":"product-type-simple"},"_links":{"self":[{"href":"https:\/\/soydeaqui.ddns.net\/pachuca\/index.php\/wp-json\/wp\/v2\/product\/7232","targetHints":{"allow":["GET"]}}],"collection":[{"href":"https:\/\/soydeaqui.ddns.net\/pachuca\/index.php\/wp-json\/wp\/v2\/product"}],"about":[{"href":"https:\/\/soydeaqui.ddns.net\/pachuca\/index.php\/wp-json\/wp\/v2\/types\/product"}],"replies":[{"embeddable":true,"href":"https:\/\/soydeaqui.ddns.net\/pachuca\/index.php\/wp-json\/wp\/v2\/comments?post=7232"}],"wp:featuredmedia":[{"embeddable":true,"href":"https:\/\/soydeaqui.ddns.net\/pachuca\/index.php\/wp-json\/wp\/v2\/media\/7231"}],"wp:attachment":[{"href":"https:\/\/soydeaqui.ddns.net\/pachuca\/index.php\/wp-json\/wp\/v2\/media?parent=7232"}],"wp:term":[{"taxonomy":"product_brand","embeddable":true,"href":"https:\/\/soydeaqui.ddns.net\/pachuca\/index.php\/wp-json\/wp\/v2\/product_brand?post=7232"},{"taxonomy":"product_cat","embeddable":true,"href":"https:\/\/soydeaqui.ddns.net\/pachuca\/index.php\/wp-json\/wp\/v2\/product_cat?post=7232"},{"taxonomy":"product_tag","embeddable":true,"href":"https:\/\/soydeaqui.ddns.net\/pachuca\/index.php\/wp-json\/wp\/v2\/product_tag?post=7232"}],"curies":[{"name":"wp","href":"https:\/\/api.w.org\/{rel}","templated":true}]}}