{"id":72236,"date":"2026-03-19T12:36:04","date_gmt":"2026-03-19T12:36:04","guid":{"rendered":"https:\/\/soydeaqui.ddns.net\/pachuca\/index.php\/producto\/router-residencial-cnpilot-r195p-de-alta-cobertura-doble-banda-2x-puertos-ata-1x-puerto-wan-con-salida-poe-para-alimentar-suscriptor-cambium\/"},"modified":"2026-03-19T12:36:15","modified_gmt":"2026-03-19T12:36:15","slug":"router-residencial-cnpilot-r195p-de-alta-cobertura-doble-banda-2x-puertos-ata-1x-puerto-wan-con-salida-poe-para-alimentar-suscriptor-cambium","status":"publish","type":"product","link":"https:\/\/soydeaqui.ddns.net\/pachuca\/index.php\/producto\/router-residencial-cnpilot-r195p-de-alta-cobertura-doble-banda-2x-puertos-ata-1x-puerto-wan-con-salida-poe-para-alimentar-suscriptor-cambium\/","title":{"rendered":"Router residencial cnPilot r195P de alta cobertura, doble banda, 2x puertos ATA, 1x puerto WAN con salida PoE para alimentar suscriptor Cambium"},"content":{"rendered":"<div style='width: 100%; max-width: 1200px; margin: 0 auto; font-family: sans-serif; line-height: 1.6; color: inherit; background-color: transparent;'> <!-- Hero Section --> <\/p>\n<div style='text-align: center; margin-bottom: 30px;'>\n<h1 style='font-size: 2.625rem; margin: 0 0 0.875rem; font-family: sans-serif; font-weight: 400; line-height: 1.04762; color: inherit; text-shadow: rgba(0&comma;0&comma;0&comma;0.2) 2px 4px 3px;'> <span style='color: inherit;'>plcnPilot r195P<\/span> <\/h1>\n<h2 style='font-family: sans-serif; font-weight: 500; line-height: 1.1; color: inherit; margin: 20px 0 10px; font-size: 30px;'> <span style='color: inherit;'> <img style='width: 100%; max-width: 426px; height: auto; border: 1px solid rgba(150&comma;150&comma;150&comma;0.3); border-radius: 8px;' src='https:\/\/ftp3.syscom.mx\/usuarios\/hortega\/Cambium\/cnpilot\/logopilot.png' alt=''> <\/span> <\/h2>\n<\/p><\/div>\n<p> <!-- Specs Tags --> <\/p>\n<div style='display: flex; flex-wrap: wrap; gap: 10px; margin: 0 0 30px; justify-content: center;'>\n<div style='background: rgba(235&comma;235&comma;235&comma;0.4); border-radius: 3px; padding: 4px 13px; font-size: 15px; color: inherit;'> Doble Banda 2.4 y 5 GHz <\/div>\n<div style='background: rgba(235&comma;235&comma;235&comma;0.4); border-radius: 3px; padding: 4px 13px; font-size: 15px; color: inherit;'> 64<br \/>clientes <\/div>\n<div style='background: rgba(235&comma;235&comma;235&comma;0.4); border-radius: 3px; padding: 4px 13px; font-size: 15px; color: inherit;'> 5 puertos Gigabit <\/div>\n<div style='background: rgba(235&comma;235&comma;235&comma;0.4); border-radius: 3px; padding: 4px 13px; font-size: 15px; color: inherit;'> 8 SSID&#8217;s <\/div>\n<\/p><\/div>\n<p> <!-- Main Content --> <\/p>\n<div style='display: flex; flex-wrap: wrap; gap: 30px; margin-bottom: 30px;'>\n<div style='flex: 1 1 300px; min-width: 280px;'>\n<h3 style='font-size: 22px; border-bottom: 2px solid currentColor; padding-bottom: 5px; margin-top: 0; color: inherit; opacity: 0.8;'>Extienda la banda ancha inal\u00e1mbrica para WLAN residencial<\/h3>\n<p style='font-size: 15px; color: inherit; margin-bottom: 15px;'> El cnPilot r195P proporciona una soluci\u00f3n WLAN dom\u00e9stica de bajo costo y rendimiento robusto para extender el servicio de banda ancha de extremo a extremo hasta el hogar del suscriptor. Con cinco puertos Gigabit Ethernet y radios WLAN duales&comma; el r195P conecta f\u00e1cilmente todos los dispositivos en un hogar para una experiencia \u00f3ptima de transmisi\u00f3n de pel\u00edculas&comma; compartir redes sociales o navegar por Internet. <\/p>\n<h3 style='font-size: 22px; border-bottom: 2px solid currentColor; padding-bottom: 5px; margin-top: 20px; margin-bottom: 15px; color: inherit; opacity: 0.8;'>Punto de acceso residencial y para peque\u00f1as empresas<\/h3>\n<ul style='padding-left: 20px; font-size: 15px; color: inherit;'>\n<li style='margin-bottom: 8px;'>802.11AC&comma; 2 \u00d7 2&comma; antenas de alta ganancia<\/li>\n<li style='margin-bottom: 8px;'>Firewall NAT acelerado por hardware<\/li>\n<li style='margin-bottom: 8px;'>Gestionado por cnMaestro; Nube&comma; MSP&comma; local<\/li>\n<\/ul><\/div>\n<div style='flex: 1 1 300px; min-width: 280px;'>\n<h3 style='font-size: 22px; border-bottom: 2px solid currentColor; padding-bottom: 5px; margin-top: 0; margin-bottom: 15px; color: inherit; opacity: 0.8;'>Parte del tejido inal\u00e1mbrico de Cambium Networks<\/h3>\n<p style='font-size: 15px; color: inherit; margin-bottom: 15px;'> Los proveedores de servicios que aprovechan el poder de cnMaestro\u2122 para administrar una red de banda ancha podr\u00e1n integrar el r195P en la estructura inal\u00e1mbrica. A trav\u00e9s de la interfaz cnMaestro web-first&comma; el r195P presenta configuraci\u00f3n t\u00e1ctil cero&comma; alarmas con estado y KPI de tablero&comma; estado del dispositivo e informes de inventario. <\/p>\n<p style='font-size: 15px; color: inherit; margin-bottom: 15px;'> Como siempre&comma; la administraci\u00f3n de cnMaestro Essentials se ofrece sin cargo para la administraci\u00f3n de la nube o la administraci\u00f3n de la nube privada. <\/p>\n<\/p><\/div>\n<\/p><\/div>\n<p> <!-- Specifications Cards --> <\/p>\n<div style='display: flex; flex-wrap: wrap; gap: 20px; margin-bottom: 30px;'>\n<div style='flex: 1 1 250px; border: 1px solid rgba(150&comma; 150&comma; 150&comma; 0.4); border-radius: 8px; overflow: hidden; display: flex; flex-direction: column;'>\n<div style='padding: 15px; border-bottom: 1px solid rgba(150&comma; 150&comma; 150&comma; 0.2); font-weight: bold; font-size: 18px; color: inherit;'>Caracter\u00edsticas t\u00e9cnicas<\/div>\n<div style='padding: 15px; color: inherit;'>\n<ul style='padding-left: 20px; margin: 0; font-size: 14px; list-style-type: disc;'>\n<li style='margin-bottom: 8px;'>Desempe\u00f1o: 300 Mbps en 2.4 GHz&comma; 867 Mbps en 5 GHz<\/li>\n<li style='margin-bottom: 8px;'>Ganancia de antenas: Omnidireccionales de 5 dBi en ambas bandas<\/li>\n<li style='margin-bottom: 8px;'>Potencia de salida: 27 dBm en 2.4 GHz y 20 dBm en 5 GHz<\/li>\n<\/ul><\/div>\n<\/p><\/div>\n<div style='flex: 1 1 250px; border: 1px solid rgba(150&comma; 150&comma; 150&comma; 0.4); border-radius: 8px; overflow: hidden; display: flex; flex-direction: column;'>\n<div style='padding: 15px; border-bottom: 1px solid rgba(150&comma; 150&comma; 150&comma; 0.2); font-weight: bold; font-size: 18px; color: inherit;'>Puertos<\/div>\n<div style='padding: 15px; color: inherit;'>\n<ul style='padding-left: 20px; margin: 0; font-size: 14px; list-style-type: disc;'>\n<li style='margin-bottom: 8px;'>5x Gigabit Ethernet 10\/100\/1000<\/li>\n<li style='margin-bottom: 8px;'>1x USB 2.0<\/li>\n<li style='margin-bottom: 8px;'>1x Puerto WAN con salida PoE pasivo 30 Vcc<\/li>\n<li style='margin-bottom: 8px;'>1x alimentaci\u00f3n de entrada 5.5mm (12Vcs&comma; 3 A)<\/li>\n<\/ul><\/div>\n<\/p><\/div>\n<\/p><\/div>\n<p> <!-- Separator --> <\/p>\n<hr style='border: 0; border-top: 1px solid rgba(150&comma; 150&comma; 150&comma; 0.3); margin: 30px 0;'> <\/div>\n","protected":false},"excerpt":{"rendered":"<p>Router residencial cnPilot r195P de alta cobertura, doble banda, 2x puertos ATA, 1x puerto WAN con salida PoE para alimentar suscriptor Cambium<\/p>\n","protected":false},"featured_media":72235,"comment_status":"open","ping_status":"closed","template":"","meta":[],"product_brand":[],"product_cat":[2024],"product_tag":[1316,1479,2025],"class_list":{"0":"post-72236","1":"product","2":"type-product","3":"status-publish","4":"has-post-thumbnail","6":"product_cat-routers-inalambricos","7":"product_tag-cambium-networks","8":"product_tag-redes-wifi","9":"product_tag-routers-inalambricos","11":"first","12":"outofstock","13":"sale","14":"shipping-taxable","15":"purchasable","16":"product-type-simple"},"_links":{"self":[{"href":"https:\/\/soydeaqui.ddns.net\/pachuca\/index.php\/wp-json\/wp\/v2\/product\/72236","targetHints":{"allow":["GET"]}}],"collection":[{"href":"https:\/\/soydeaqui.ddns.net\/pachuca\/index.php\/wp-json\/wp\/v2\/product"}],"about":[{"href":"https:\/\/soydeaqui.ddns.net\/pachuca\/index.php\/wp-json\/wp\/v2\/types\/product"}],"replies":[{"embeddable":true,"href":"https:\/\/soydeaqui.ddns.net\/pachuca\/index.php\/wp-json\/wp\/v2\/comments?post=72236"}],"wp:featuredmedia":[{"embeddable":true,"href":"https:\/\/soydeaqui.ddns.net\/pachuca\/index.php\/wp-json\/wp\/v2\/media\/72235"}],"wp:attachment":[{"href":"https:\/\/soydeaqui.ddns.net\/pachuca\/index.php\/wp-json\/wp\/v2\/media?parent=72236"}],"wp:term":[{"taxonomy":"product_brand","embeddable":true,"href":"https:\/\/soydeaqui.ddns.net\/pachuca\/index.php\/wp-json\/wp\/v2\/product_brand?post=72236"},{"taxonomy":"product_cat","embeddable":true,"href":"https:\/\/soydeaqui.ddns.net\/pachuca\/index.php\/wp-json\/wp\/v2\/product_cat?post=72236"},{"taxonomy":"product_tag","embeddable":true,"href":"https:\/\/soydeaqui.ddns.net\/pachuca\/index.php\/wp-json\/wp\/v2\/product_tag?post=72236"}],"curies":[{"name":"wp","href":"https:\/\/api.w.org\/{rel}","templated":true}]}}