{"id":72145,"date":"2026-03-19T12:32:28","date_gmt":"2026-03-19T12:32:28","guid":{"rendered":"https:\/\/soydeaqui.ddns.net\/pachuca\/index.php\/producto\/switch-cnmatrix-ex1028-de-24-puertos-gigabit-ethernet-y-4-sfp-capa-2-gestion-en-la-nube\/"},"modified":"2026-03-19T12:32:39","modified_gmt":"2026-03-19T12:32:39","slug":"switch-cnmatrix-ex1028-de-24-puertos-gigabit-ethernet-y-4-sfp-capa-2-gestion-en-la-nube","status":"publish","type":"product","link":"https:\/\/soydeaqui.ddns.net\/pachuca\/index.php\/producto\/switch-cnmatrix-ex1028-de-24-puertos-gigabit-ethernet-y-4-sfp-capa-2-gestion-en-la-nube\/","title":{"rendered":"Switch cnMatrix EX1028  de 24 puertos Gigabit Ethernet y 4 SFP, Capa 2,  gesti\u00f3n en la nube"},"content":{"rendered":"<div style='width: 100%; max-width: 1200px; margin: 0 auto; font-family: sans-serif; line-height: 1.6; color: inherit; background-color: transparent;'>\n<div style='display: flex; flex-direction: column; align-items: center; text-align: center; margin-bottom: 30px;'>\n<h3 style='font-size: 22px; border-bottom: 2px solid currentColor; padding-bottom: 5px; margin-top: 0; color: inherit; opacity: 0.8;'>Mejore el rendimiento de la red y reduzca tiempo y costo de aprovisionamiento y administraci\u00f3n<\/h3>\n<\/p><\/div>\n<div style='display: flex; flex-wrap: wrap; gap: 30px; margin-bottom: 30px; justify-content: center;'> <img style='width: 100%; max-width: 400px; height: auto; border: 1px solid rgba(150&comma;150&comma;150&comma;0.3); border-radius: 8px;' src='https:\/\/ftp3.syscom.mx\/usuarios\/dquezada\/Cambium\/cnMatrix\/switches%20cnmatrix.JPG' alt=''> <\/p>\n<div style='flex: 1 1 300px; min-width: 280px; max-width: 500px;'>\n<p style='font-size: 15px; color: inherit; margin: 0 0 15px;'>Los equipos de TI&comma; MSP e ISP deben proporcionar r\u00e1pidamente una experiencia de red \u00f3ptima para usuarios y dispositivos. Los operadores de red buscan simplicidad&comma; flexibilidad y automatizaci\u00f3n para mejorar el rendimiento de la red&comma; proporcionar una red confiable y confiable&comma; y proporcionar una experiencia de toque cero al implementar nuevos servicios y \/ o cambios en la red. Las soluciones de red en la nube con Wi-Fi cnPilot \u2122&comma; conmutaci\u00f3n cnMatrix \u2122 y gesti\u00f3n de la nube cnMaestro \u2122 de Cambium Networks brindan una experiencia \u00f3ptima para el cliente al tiempo que mantienen una seguridad s\u00f3lida y reducen los costos.<\/p>\n<p style='font-size: 15px; color: inherit; margin: 0 0 15px;'>Los conmutadores cnMatrix simplifican la implementaci\u00f3n y operaci\u00f3n de la red. Cuando se implementan con puntos de acceso WLAN cnPilot y el sistema de administraci\u00f3n cnMaestro&comma; los operadores de red tienen una red unificada de alta calidad con cable&comma; inal\u00e1mbrica&comma; unificada y de alta calidad. CnMatrix de Cambium Networks mejora el rendimiento&comma; la seguridad y la satisfacci\u00f3n del usuario final al tiempo que reduce los costos.<\/p>\n<\/p><\/div>\n<\/p><\/div>\n<div style='display: grid; grid-template-columns: repeat(auto-fill&comma; minmax(300px&comma; 1fr)); gap: 20px; margin-bottom: 30px;'>\n<div style='border: 1px solid rgba(150&comma; 150&comma; 150&comma; 0.4); border-radius: 8px; overflow: hidden; display: flex; flex-direction: column;'>\n<div style='padding: 15px; border-bottom: 1px solid rgba(150&comma; 150&comma; 150&comma; 0.2); font-weight: bold; font-size: 18px; color: inherit;'>AUTOMATIZACI\u00d3N BASADA EN POL\u00cdTICAS<\/div>\n<div style='padding: 15px; color: inherit;'> <img style='width: 100%; height: auto; border: 1px solid rgba(150&comma;150&comma;150&comma;0.3); border-radius: 8px;' src='data:image\/png;base64&comma;iVBORw0KGgoAAAANSUhEUgAAACoAAAA4CAYAAACL3WrLAAACNUlEQVRoBe2ZO0sDQRSF80v8A9rYqYUINooWVmvAIk1ABCHGRkHQoEUiSEStfEB8EoiFiIiIloGICNoEC7WQiIqFIoIBi4yckVl2kzXcWfdhwlwYJoGTvd+end0kcwKsRipQI5xMgTp9pWrb0fePIptfP2XayApr6Bj3ZKAXeqK3VVU4mr95ZG3BWU\/grExo6o0xMJRXBWhXeIFDNvbEWOboguUu7zwZ6NXan+C9AVvurAkUYpwlIAtPr+Un5fp7wKE3GNZ2s6Z+JtDY0gEXYfarkqkTzhCe2DQhmEC1yDIXQWynbu9fWDSeYcPTaXZ1XbBzCL7M4ChYjOUoaHd4kZ8oGrVoCWMf8mvcE66Cfha\/dEg0wnh4fiMDCqHroGg0OLmtwwajq6K31OwJKIjSh+dsa\/+MlUolKUAh9gxUNLQ71xdo+8AcX2OhsRTb2Mv5MsSzHCzGMj2emvtm9JtB3Ll+zfgaNZYlaGcoyYamdnwZWuTnFxtMM5YJ9K\/fTMYD231dXzeTclRiHahLL2EWSaocJdkkIVKOSphFkipHSTZJiJSjEmaRpMpRkk0SIuWohFkkqXKUZJOESDkqYRZJShyV25CwEayrDQjSAiSIyGtU\/68nOCkkJkfFmN8A+29VUxERiFklZ+KM3ZwRiIl4s2ogBggR8+EDx9l8RdTkBqgA0csYb1aNGAGBwFTEfH5s4qI3KbQFLHLQ0XhGd9cLYACi528ZrGkj143L6tQxFahTTorjfAOxp66hWsdfuAAAAABJRU5ErkJggg==' alt=''> <\/p>\n<p style='font-size: 14px; color: inherit; margin-top: 15px; text-align: center;'>Capacidad para perfilar dispositivos y configurar autom\u00e1ticamente el switch proporcionando una experiencia de zero-touch incluso al implementar&comma; desconectar o mover dispositivos de red<\/p>\n<\/p><\/div>\n<\/p><\/div>\n<div style='border: 1px solid rgba(150&comma; 150&comma; 150&comma; 0.4); border-radius: 8px; overflow: hidden; display: flex; flex-direction: column;'>\n<div style='padding: 15px; border-bottom: 1px solid rgba(150&comma; 150&comma; 150&comma; 0.2); font-weight: bold; font-size: 18px; color: inherit;'>SEGMENTACI\u00d3N AUTOM\u00c1TICA DE DISPOSITIVOS<\/div>\n<div style='padding: 15px; color: inherit;'> <img style='width: 100%; height: auto; border: 1px solid rgba(150&comma;150&comma;150&comma;0.3); border-radius: 8px;' src='data:image\/png;base64&comma;iVBORw0KGgoAAAANSUhEUgAAADQAAAA2CAYAAACIsLrgAAACK0lEQVRoBe2aMUsDMRTH\/SR+AR1c3RwEBR2c6irYxUnRRVCw4mAna9FFEYqCSzsoVFDpIljoIihCBxF1ENRJEAfHJ\/\/THGlykeOaa0J9gcflzrvUvnsDnvu9e9+9Z2bCTDZCQzL6ehTuPX0dNm8+j4kydZ6y4Tm55n4x2A+nzt82E21e4k7u4PO3SOr0pV54+PJd4JtEmTpI8+0h7uTOXt2OBOY+jGbw7775GNvOXds\/07aMCldyv6fHEdzeSYnCNdW+SL0rOTaMHHj1e2wuLuSwusDjxbLU8Wx5zDzf7uS27uxEgmx9Wbr3d2MbuYe4k8P72hXZOG5tD2KijFdpv7y6DLKu5ADJerrw7fFJiCpUqfMYazJMI+SkjPOMQ5vkdbZJF3mj5IqKmyi35JqwsouO1nMeVm1izkY99\/v4Txg+H8RE2VsyTq5nXEtuQde2nlswhw8aWPLMq5tYtebBwDFjFN31aG\/V6uh44e0Smbes3CEV3b12W63y+q2Ru9EC\/7amAp5V3We89Ym88u6OWMNtnTxxhm+yTQOc9M6a7iVf\/ah0FFc06PZay\/cbTiv5ZUWVVkbvCAKOCWYtKs2M7n\/1D8mjz6+W11dW6LY6y59+Pho4f\/n2glO2GDj8m0V30t0sW7X2ltyqeaQuHtdzq1an45X3N5xW8svKqqwyekcQcEwwa1FpZnT\/6h+Sx59fLa+trNBtdZa\/\/DwaOH\/59oJTNhg46Y1XGxLraaL7mt0HFYi99W2RhtvN7R2Xlfy8ZaUyLz9ZbEgNnPTGaw2J9bTRfc32AwqkofW3SMPN1o7LSt69rFQW5CeLDamBk954tSGxni66r919SIE0tP4WabjZ1nFZyXuXl8qCvGQxLzVw0huvNiTW00f39XsOK5C61l8iDTfbOy8r+YV5yWJ+auCkN15tSKynj+7rdx1RII1H20UabnZ0XlHy8\/KSxfzUwElvvNqQWE8f3TceaxdpuNnZdVnJz89LFvNTAye98WpDYj19dN90vF2k4WZX1xUlPz8vWcxPDZz0xqsNifX00X3ziXaRhptdXVeU\/Py8ZDE\/NXDSG682JNbTR\/dtJ9pFGm52d11R8vPzksX81MBJb7zakFhPH923n2wXabjZ03VZyS\/I+5cZLzVw0huvNiTW00f3HSfPCdJws6f7spKfn5cs5qcGTnrj1YbEevrovvP0OUGaW3+LNNz8D7B6Z5H5V64AAAAASUVORK5CYII=' alt=''> <\/p>\n<p style='font-size: 14px; color: inherit; margin-top: 15px; text-align: center;'>Proporciona un entorno seguro para los recursos cr\u00edticos de la red al colocar autom\u00e1ticamente los dispositivos en el segmento de red apropiado seg\u00fan su perfil<\/p>\n<\/p><\/div>\n<\/p><\/div>\n<div style='border: 1px solid rgba(150&comma; 150&comma; 150&comma; 0.4); border-radius: 8px; overflow: hidden; display: flex; flex-direction: column;'>\n<div style='padding: 15px; border-bottom: 1px solid rgba(150&comma; 150&comma; 150&comma; 0.2); font-weight: bold; font-size: 18px; color: inherit;'>AUTO POLICY Wipe<\/div>\n<div style='padding: 15px; color: inherit;'> <img style='width: 100%; height: auto; border: 1px solid rgba(150&comma;150&comma;150&comma;0.3); border-radius: 8px;' src='data:image\/png;base64&comma;iVBORw0KGgoAAAANSUhEUgAAADcAAAAxCAYAAAB+gjFbAAADS0lEQVRoBe2av4pTQRTG90l8AX0BrSwCClqv9q61EhtBi1i5NopoowiaLTelhSvaubCNYppgYbRZWFMJEmSxGvkNfMv15sydG5JzSfAeGGbu\/Dvfd86ZmTCTjdCQjL4ehXtPX4fNm89jokydp2x4Tq65Xwz2w6nzt81Em5e4kzv4\/C2SOn2pFx6+fBf4JlGmDtJ8e4g7ubNXtiOBvQ+jGfy7bz7GtnNXH8y0LaPCldyv6XEEj3dSonBNtS9S70qODSMHXu0em4srOawu8HixLHU8Wx4zz7c7ua07O5EgW39Zuvd3Yxu5h7iTwzvaFdk4bm0PYqKMV2mzvLoMsu7kAMl6uvD18UmIKlSp81hrMkwj5KSM84xDm+R1tkkXeaPkioqbKLfkmrCyh47Wcx5WbWLOZj33+\/hPGH45jImyt2ScnM64ltyCrm09t6AJT4YTiisblt1uN3Q6nZQoOZkrLP8Lcv1+PyfK2L6MsDwajWLkuHmuJWf4rnU8wyrFKrewHI\/HMfFkMinqq13Gc4v+\/JpOp1FjMD1w0jtrupf2vK1aO0tu1TxSF0\/ruVqXWvXV9hz3i4O9T+HRq\/fh7f5oePf7Z24uXOcBn0dH7z8=' alt=''> <\/p>\n<p style='font-size: 14px; color: inherit; margin-top: 15px; text-align: center;'>Mejora la seguridad al eliminar autom\u00e1ticamente toda la configuraci\u00f3n din\u00e1mica asociada cuando un dispositivo se desconecta<\/p>\n<\/p><\/div>\n<\/p><\/div>\n<div style='border: 1px solid rgba(150&comma; 150&comma; 150&comma; 0.4); border-radius: 8px; overflow: hidden; display: flex; flex-direction: column;'>\n<div style='padding: 15px; border-bottom: 1px solid rgba(150&comma; 150&comma; 150&comma; 0.2); font-weight: bold; font-size: 18px; color: inherit;'>AWARE INAL\u00c1MBRICO<\/div>\n<div style='padding: 15px; color: inherit;'> <img style='width: 100%; height: auto; border: 1px solid rgba(150&comma;150&comma;150&comma;0.3); border-radius: 8px;' src='data:image\/png;base64&comma;iVBORw0KGgoAAAANSUhEUgAAADoAAAAuCAYAAAB5\/AqlAAADUUlEQVRoBe2YMWsVURCF80v8A\/oHtLKLoHW0N6kVbQQt0hkbJVgpgpIyKS0UtFOwEaxSiZWgnSAWlivfkxNmfXfmzl3cZMnbgWX37b137jlzZuYub61bEVtbEZ7dTPS0KT0rupKKPnz+pvv56\/cmuA\/FUk3dW\/f3uzMX73SXNndPnOj245cLLFv39pqxhESfHbxfOIYokTxpO\/z8rTt7eXuBCdIt5hL98OnLEcmNG09afI469\/W7wyNc+68+pvcqEqUez135G7nzV3cmU59iRXaRZWD8+v2HXof3IlE5whnpMkUjy8BHD8nYElGrZtZJZqOWOQT39s5BmEm2tDKqLhFVlyVakQMi2lIjLUSlVq3Tb97dS6u6RJSahGTU1dTk6YBjnK\/4XL++W8WB8mClVmvWI6qFLCY1SobKjHPRAbPGuihD\/vWTwcIaCVPD0iOqJoRSnim1s\/WLT3VwRf\/Ri7epTBAeUtQz4YkykLU9oqqNiITUzKij9NMae6f+amnPuNZ4c3Wugj2yIlEiWTI5JV1qJjXIDr6wZDQwfd1EAdV8BctrfOq+tTrtEVX0PKcCnwEoMpakwCtg7Fcz7ekFn\/XCHfkqEvUaUWZTNrMNy9tcgfD20jrtGdXgqSIaZdFoRKMuKCWkWKkMVFcA9JqM\/OjM\/q+pq8L3nArghWsPhMO9K+VoEvaMw4eOm0glORamUsCYI0wELbJejep48YjiSEpxoEeGUgIJCMiJIL8Zq6lpa92bq8bWdLxIhegbExUAunHzacRzMQY4zWeNLt55wK1TrY1KRakdNSt89hS1n13eBwEApapNSQuw9EyKcWUIst6mJM+eDfoExJlIeDXBHP3FQirWUtgDGL3Hp9I8UsoKE\/ljrKcoL5QuUfraebXaqAEojatX1OpYWLlXbImobQCRqjimprOpWANix\/EJ+Mi3xemVmfW5RJRBFXjmGLHOjvNZqmfUBFeRKJFUrUY1cpzE7F5kmjp4Rk2XKAPWWS2FLYixn203bsFVVFRgda6O1V21T\/Zuu3E2ZeU7JMrk\/wC65y41G+VX1QAAAABJRU5ErkJggg==' alt=''> <\/p>\n<p style='font-size: 14px; color: inherit; margin-top: 15px; text-align: center;'>Permite la automatizaci\u00f3n de pol\u00edticas&comma; la supervisi\u00f3n sencilla y la resoluci\u00f3n de problemas de la red unificada por cable \/ inal\u00e1mbrica<\/p>\n<\/p><\/div>\n<\/p><\/div>\n<div style='border: 1px solid rgba(150&comma; 150&comma; 150&comma; 0.4); border-radius: 8px; overflow: hidden; display: flex; flex-direction: column;'>\n<div style='padding: 15px; border-bottom: 1px solid rgba(150&comma; 150&comma; 150&comma; 0.2); font-weight: bold; font-size: 18px; color: inherit;'>SUPERVIVENCIA DEL SITIO<\/div>\n<div style='padding: 15px; color: inherit;'> <img style='width: 100%; height: auto; border: 1px solid rgba(150&comma;150&comma;150&comma;0.3); border-radius: 8px;' src='data:image\/png;base64&comma;iVBORw0KGgoAAAANSUhEUgAAAD0AAAA0CAYAAAA5bTAhAAACoElEQVRoBe2ZQUtbQRDH\/ST9Cr30UG+9FHoTK6Q3i6AnBUsLKm0PUlqSU6gIilIq5JgcehBJQLxIQQ9CCSgUxF4KXgSheEjpZeX\/cB\/j9M3uBl5e9m12YHnzkhOb\/c3MbvL2jamRlHERpHYFQtd39lXl1baxnZ1fDjwPhUKPv6ipB09WjK3ZPgkLOovmz01PPZtdSwNR2+5kmeX6WaGZ5jOnwNNLXxPw6Fabm+V+PzRoCvy62lTH3V9hQ3NgpNIEjaDYNkD0v6m1nKqi8ExnAdugbZsf7XehLhRaAnaBrixuGXnQD3gXKQzaBBwktA04OGgXYEB3f\/5OynOtcfBfhaJsS9PersCa8ur6Rqv3rqWB7hf4HiW7KQV0nsDg9x46b2DvoQcB7DW0Dfjox4XTX8m59w2Fsah4Wd42YADgAAGTd2kIEBXvoF2AKTQHonA6MNzGK2hX4GCg+wEOBnr2XSNZn3jWdRGpdKmvZONNeeMAb3V9l87ZqEtA1Emy8QaaTtZFl4Cor+QzVGisYxzJ2I5u8FvLd2AJyHtogCDqLg2QVEoPjc0LAchqX1rfk6AEB82BaEZ1NXCb0meaA0Xou3bM1oBzZ708MmV8EYO7d8w37xncZLMHBb3RntDj1e1YVrKmXK8+u8xlAYLHnm1U2sWvNg4Jgxim56tBe1eqoeOG6Wl5dX6LY6y49fjQbOX7694JQNBg7\/ZtGddDfLVq29JbdqHqmLx\/XcqtXpeOX9DaeV\/LLSKquM3hEEHBPMWlSaGd3\/6h+SR59fLa+vrNBtdZa\/\/DwaOH\/59oJTNhg46Y1XGxLraaL7mt0HFYi99W2RhtvNnZeV\/Ly8ZDE\/NXDSG682JNbTRPc1ew4qEAPtbbHhZmfnFSW\/YH6ymJ8aOOmNVxsS6+mi+7q9h40G3d59WckvzEsW81MDJ73xakNiPV10X7\/3iAKpb\/1ZpOFmV9cVJb8wL1nMTw2c9MarDYn1dNF947F2kYab3V1XlPz8vGQxPzVw0huvNiTW00f3TcfbRRpudnddUfLz85LF\/NLASW+82pBYTx\/dd5w6J0jDzZ7uy0p+fl6ymJ8aOOmNVxsS6+mj+5aT5wRpbP0l0nCzq+uykp+XlyzmpwZOeuPVhsR6+ui+9dQ5QZpbf4o03OzqvKzkn89LFvNSAye98WpDYj19dN926pwgza2\/RBpudnVeVvLz85LF\/NLASW+82pBYT58R989A+g34G65jKJ67AAAAAElFTkSuQmCC' alt=''> <\/p>\n<p style='font-size: 14px; color: inherit; margin-top: 15px; text-align: center;'>Operaci\u00f3n ininterrumpida incluso cuando se pierde la conectividad a la nube<\/p>\n<\/p><\/div>\n<\/p><\/div>\n<div style='border: 1px solid rgba(150&comma; 150&comma; 150&comma; 0.4); border-radius: 8px; overflow: hidden; display: flex; flex-direction: column;'>\n<div style='padding: 15px; border-bottom: 1px solid rgba(150&comma; 150&comma; 150&comma; 0.2); font-weight: bold; font-size: 18px; color: inherit;'>GESTI\u00d3N DE LA NUBE<\/div>\n<div style='padding: 15px; color: inherit;'> <img style='width: 100%; height: auto; border: 1px solid rgba(150&comma;150&comma;150&comma;0.3); border-radius: 8px;' src='data:image\/png;base64&comma;iVBORw0KGgoAAAANSUhEUgAAAD4AAAAuCAYAAABwF6rfAAAFNklEQVRoBe1a\/2uXRRz3L6l+isgw\/CWoH8QktFBikGlWRPgFwWiJ+kO6XMv8ysi5lsN0YbMmuUm6jcytnLMJc6ZsKRt+Sa0FrrVYbtPpVHjL69ZrnLfnnnvuns8Dszx4uG\/vu\/f7de\/Xve\/us02S\/2maFIp7YOim1Bw+LSs31wjKD1ryBn64pVOWfLBHHpn+\/thXUXP8QcMt3sDnvfe5ArxiU7VgEZ6dv1leXFz63wdeVOYrFq7Asv5HT3\/m4Hv6BqTpxDn5trFdGlo65VJ3X7BOb48DMGgOwEisZ0n3Q8fOyrzlO8e2lr7NZi7cJpUHW70XwBs4NIDez722ZUxZlnRftWW\/ArzUnCIp\/LRO6o+ekRMdl6XxeJcUf9Eo094sVv0LVuySP\/sGxmxyFYKAk95Z033J1z8qHcUVDbr9ruX9DaeV\/LKyKquM3hEEHBPMWlSaGd3\/6h+SR59fLa+trNBtdZY\/\/TwaOH\/59oJTNhg4\/JtFd9LdLFu19pbcqnmkLh7Xc6tWp+OV9zecVvLLyqqsMnpHEHBMNGtRaWZ0\/+ofkkedXy2vrayQbeosf\/55NHD+8u0Fp2wwcPw3i+6ku1m2au0tuVXzSF08rufWqk7HK+9vOK3kl5VXWmX0jiDgmGDWotLM6P5X\/5A89vxqeb2lRbfVWf7y62jg\/OXbC07ZYOCkN15tSKyni+5rdx9SIA2tv0Uabja3d1xW8vPzksX81MBJb7zakFhPF93X7T6oQBrb2nVbneWvP48Gzl++veCUDQaO+cyiO+lu1q1aO0tu1TxSF4\/ruVWrs+uF9zecVvLLyqqsMnpHEHBMNGtRaWZ0\/+ofksedXy2vr6zQbXWWv\/4yGjh\/+faCUzYYOP6bRXfS3SxbtfbW3Lp5pC4e13OrVqfjlf83nFbyy8oqrTJ6RxBwTDBrUWlmdP+rf0ge\/3y1vL6yQrfVWf7662jg\/OXbC07ZYOCkN15tSKyni+5rdx9SII2t7bqtzvK330YD5y\/fXnDKFgOHf7PoTrqbZavW3pJbNY\/UxeN6btXqdLzy\/obTSn5ZeaVVRu8IAo4JZi0qzYzuf\/UPyePPr5bXV1bottos\/\/jzaOD85dsLTtli4PBvFt1Jd7Ns1dpbcqvmkbp4XM+tWp2OV97fcFrJLyuvssroHUHAMcGsRaWZ0f2v\/iF57PnV8vrKCt1WZ\/nHn0cD5y\/fXnDKFgOHf7PoTrqbZavW3pJbNY\/UxeN6btXq7Hrh\/Q2nlfyyskqrjN4RBBwTzFpUmhnd\/+ofksedXy2vr6zQbXWWf\/51NDh\/OXbC07ZYOD4bxbdSXeTbNXaW3Kr5pG6eFzPrVqdXS+8v+G0kl9WVmmV0TuCgGOCWYtKM6P7X\/1D8tjzq+X1lRW6rc7yr7+NBs5fvr3glA0Gjv9m0Z10N8tWrb0lt2oeqYvH9dyq1dn1wvsbTiv5ZeWVVhm9Iwg4Jpi1qDQzuv\/VPySPPr9aXl9ZodvqLH\/7fTRw\/vLtBadsMHD8N4vupLtZtmrtLblV80hdPK7nVq3Orhfe33BayS8rr7TK6B1BwDHB\/wD9R95jY94hW5kAAAAASUVORK5CYII=' alt=''> <\/p>\n<p style='font-size: 14px; color: inherit; margin-top: 15px; text-align: center;'>La plataforma de gesti\u00f3n gratuita basada en la nube de cnMaestro proporciona una rica gesti\u00f3n del ciclo de vida&comma; configuraci\u00f3n y control&comma; y servicios de seguridad; que tambi\u00e9n puede estar disponible con opciones de implementaci\u00f3n en las instalaciones<\/p>\n<\/p><\/div>\n<\/p><\/div>\n<\/p><\/div>\n<hr style='border: 0; border-top: 1px solid rgba(150&comma; 150&comma; 150&comma; 0.3); margin: 30px 0;'>\n<div style='display: flex; flex-wrap: wrap; gap: 30px; margin-bottom: 30px;'>\n<div style='flex: 1 1 300px; min-width: 280px;'>\n<h3 style='font-size: 22px; border-bottom: 2px solid currentColor; padding-bottom: 5px; margin-top: 0; color: inherit; opacity: 0.8;'>Caracter\u00edsticas generales<\/h3>\n<ul style='padding-left: 20px; font-size: 15px; color: inherit;'>\n<li style='margin-bottom: 5px;'><strong>Rendimiento:<\/strong> 56 Gbps<\/li>\n<li style='margin-bottom: 5px;'><strong>Puertos Gigabit Ethernet 10\/100\/1000:<\/strong> 24<\/li>\n<li style='margin-bottom: 5px;'><strong>Puertos Uplink:<\/strong> 4 SFP<\/li>\n<li style='margin-bottom: 5px;'><strong>Almacenamiento Flash:<\/strong> 128 MB<\/li>\n<li style='margin-bottom: 5px;'><strong>Automatizaci\u00f3n basada en pol\u00edticas:<\/strong> S\u00ed<\/li>\n<li style='margin-bottom: 5px;'><strong>Calidad de servicio:<\/strong> Asignaci\u00f3n de ACL y marcado de ToS\/DSCP (COS) Asignaci\u00f3n de ACL a cola de prioridad<\/li>\n<li style='margin-bottom: 5px;'><strong>Seguridad:<\/strong> Autenticaci\u00f3n 802.1x&comma; DHCP Snooping&comma; Radius\/ Tacacs\/ Tacacs+<\/li>\n<li style='margin-bottom: 5px;'><strong>Administraci\u00f3n:<\/strong> cnMaestro (gesti\u00f3n en la nube)&comma; Cliente&comma; Servidor DHCP&comma; TFTP\/ SFTP&comma; gesti\u00f3n de almacenamiento de archivos USB<\/li>\n<li style='margin-bottom: 5px;'><strong>Gesti\u00f3n desde la nube cnMaestro:<\/strong> S\u00ed<\/li>\n<\/ul><\/div>\n<\/p><\/div>\n<div style='display: flex; flex-direction: column; align-items: center; text-align: center; margin-bottom: 30px;'>\n<p style='margin: 0 0 15px; font-size: 15px; color: inherit;'><strong>Incluye montaje para Rack de 19&#8242;.<\/strong><\/p>\n<p style='margin: 0 0 15px; font-size: 15px; color: inherit;'><strong>* Requiere cable de corriente modelo AC-CORD-1.8M<\/strong><\/p>\n<\/p><\/div>\n<div style='display: flex; flex-direction: column; align-items: center; text-align: center; margin-bottom: 30px;'>\n<p style='margin: 0 0 15px; font-size: 15px; color: inherit;'><strong>Tabla comparativa<\/strong><\/p>\n<p> <img style='width: 100%; max-width: 804px; height: auto; border: 1px solid rgba(150&comma;150&comma;150&comma;0.3); border-radius: 8px;' src='https:\/\/ftp3.syscom.mx\/usuarios\/dquezada\/Cambium\/cnMatrix\/ex1028.JPG' alt=''> <\/div>\n<\/p><\/div>\n","protected":false},"excerpt":{"rendered":"<p>Switch cnMatrix EX1028  de 24 puertos Gigabit Ethernet y 4 SFP, Capa 2,  gesti\u00f3n en la nube<\/p>\n","protected":false},"featured_media":72144,"comment_status":"open","ping_status":"closed","template":"","meta":[],"product_brand":[],"product_cat":[1970],"product_tag":[1316,664,1971],"class_list":{"0":"post-72145","1":"product","2":"type-product","3":"status-publish","4":"has-post-thumbnail","6":"product_cat-switches","7":"product_tag-cambium-networks","8":"product_tag-networking","9":"product_tag-switches","11":"first","12":"outofstock","13":"sale","14":"shipping-taxable","15":"purchasable","16":"product-type-simple"},"_links":{"self":[{"href":"https:\/\/soydeaqui.ddns.net\/pachuca\/index.php\/wp-json\/wp\/v2\/product\/72145","targetHints":{"allow":["GET"]}}],"collection":[{"href":"https:\/\/soydeaqui.ddns.net\/pachuca\/index.php\/wp-json\/wp\/v2\/product"}],"about":[{"href":"https:\/\/soydeaqui.ddns.net\/pachuca\/index.php\/wp-json\/wp\/v2\/types\/product"}],"replies":[{"embeddable":true,"href":"https:\/\/soydeaqui.ddns.net\/pachuca\/index.php\/wp-json\/wp\/v2\/comments?post=72145"}],"wp:featuredmedia":[{"embeddable":true,"href":"https:\/\/soydeaqui.ddns.net\/pachuca\/index.php\/wp-json\/wp\/v2\/media\/72144"}],"wp:attachment":[{"href":"https:\/\/soydeaqui.ddns.net\/pachuca\/index.php\/wp-json\/wp\/v2\/media?parent=72145"}],"wp:term":[{"taxonomy":"product_brand","embeddable":true,"href":"https:\/\/soydeaqui.ddns.net\/pachuca\/index.php\/wp-json\/wp\/v2\/product_brand?post=72145"},{"taxonomy":"product_cat","embeddable":true,"href":"https:\/\/soydeaqui.ddns.net\/pachuca\/index.php\/wp-json\/wp\/v2\/product_cat?post=72145"},{"taxonomy":"product_tag","embeddable":true,"href":"https:\/\/soydeaqui.ddns.net\/pachuca\/index.php\/wp-json\/wp\/v2\/product_tag?post=72145"}],"curies":[{"name":"wp","href":"https:\/\/api.w.org\/{rel}","templated":true}]}}