{"id":72105,"date":"2026-03-19T12:30:48","date_gmt":"2026-03-19T12:30:48","guid":{"rendered":"https:\/\/soydeaqui.ddns.net\/pachuca\/index.php\/producto\/antena-direccional-de-alta-resistencia-ganancia-30-dbi-4-9-6-4-ghz-plato-hondo-para-mayor-inmunidad-al-ruido-conectores-n-hembra-montaje-incluido\/"},"modified":"2026-03-19T12:31:01","modified_gmt":"2026-03-19T12:31:01","slug":"antena-direccional-de-alta-resistencia-ganancia-30-dbi-4-9-6-4-ghz-plato-hondo-para-mayor-inmunidad-al-ruido-conectores-n-hembra-montaje-incluido","status":"publish","type":"product","link":"https:\/\/soydeaqui.ddns.net\/pachuca\/index.php\/producto\/antena-direccional-de-alta-resistencia-ganancia-30-dbi-4-9-6-4-ghz-plato-hondo-para-mayor-inmunidad-al-ruido-conectores-n-hembra-montaje-incluido\/","title":{"rendered":"Antena direccional de alta resistencia, Ganancia 30 dBi, (4.9 -6.4 GHz), Plato hondo para mayor inmunidad al ruido, Conectores N-Hembra, Montaje incluido."},"content":{"rendered":"<div style='width: 100%; max-width: 1200px; margin: 0 auto; font-family: sans-serif; line-height: 1.6; color: inherit; background-color: transparent;'>\n<div style='display: flex; flex-wrap: wrap; gap: 30px; margin-bottom: 30px;'>\n<div style='flex: 1 1 300px; min-width: 280px;'>\n<h3 style='font-size: 22px; border-bottom: 2px solid currentColor; padding-bottom: 5px; margin-top: 0; color: inherit; opacity: 0.8;'>Especificaciones T\u00e9cnicas<\/h3>\n<ul style='padding-left: 20px; font-size: 15px; color: inherit;'>\n<li style='margin-bottom: 5px;'>Frecuencia: <strong>4.9 &#8211; 6.4 GHz<\/strong><\/li>\n<li style='margin-bottom: 5px;'>Polarizaci\u00f3n: <strong>Vertical y Horizontal<\/strong><\/li>\n<li style='margin-bottom: 5px;'>Front-to-back: <strong>> 40 dB<\/strong><\/li>\n<li style='margin-bottom: 5px;'>Aislamiento: <strong>> 35 dB<\/strong><\/li>\n<li style='margin-bottom: 5px;'>Potencia m\u00e1xima por puerto: <strong>50 W<\/strong><\/li>\n<li style='margin-bottom: 5px;'>Impedancia: <strong>50 \u03a9<\/strong><\/li>\n<\/ul><\/div>\n<div style='flex: 1 1 300px; min-width: 280px;'>\n<h3 style='font-size: 22px; border-bottom: 2px solid currentColor; padding-bottom: 5px; margin-top: 0; color: inherit; opacity: 0.8;'>Especificaciones Mec\u00e1nicas<\/h3>\n<ul style='padding-left: 20px; font-size: 15px; color: inherit;'>\n<li style='margin-bottom: 5px;'>Dimensiones: <strong>0.6m (2 ft)<\/strong><\/li>\n<li style='margin-bottom: 5px;'>Peso: <strong>8 kg<\/strong><\/li>\n<li style='margin-bottom: 5px;'>Conector: <strong>N-Hembra<\/strong><\/li>\n<li style='margin-bottom: 5px;'>Temperatura operacional: <strong>-55 a +70 \u00b0C<\/strong><\/li>\n<li style='margin-bottom: 5px;'>Supervivencia al viento: <strong>200 km\/h<\/strong><\/li>\n<li style='margin-bottom: 5px;'>Dimensiones: <strong>70 x 70 x 35<\/strong><\/li>\n<\/ul><\/div>\n<\/p><\/div>\n<div style='margin-bottom: 30px; text-align: center;'>\n<p style='font-weight: bold; margin-bottom: 15px;'><strong>No incluye jumpers<\/strong><\/p>\n<\/p><\/div>\n<div style='margin-bottom: 30px; text-align: center;'>\n<h2 style='font-size: 24px; margin: 0 0 20px 0; color: inherit;'>El dise\u00f1o perfecto de un plato&comma; para reducir la interferencia en los ambientes m\u00e1s hostiles.<\/h2>\n<\/p><\/div>\n<div style='margin-bottom: 30px;'>\n<div style='margin-bottom: 25px;'>\n<div style='display: flex; flex-direction: column; align-items: center; text-align: center; margin-bottom: 15px;'>\n<div style='width: 100%; max-width: 800px;'>\n<div style='padding: 15px; background-color: rgba(150&comma;150&comma;150&comma;0.05); border-left: 4px solid rgba(150&comma;150&comma;150&comma;0.3); margin-bottom: 20px;'>\n<p style='margin: 0; font-size: 15px; color: inherit;'>Antena direccional para enlaces punto a punto de 30 dBi para distancias desde hasta 30 km&comma; en frecuencia de 4.9 hasta 6.4 GHz<\/p>\n<\/p><\/div>\n<\/p><\/div>\n<\/p><\/div>\n<div style='width: 100%; max-width: 800px; margin: 0 auto;'> <img style='width: 100%; height: auto; border: 1px solid rgba(150&comma;150&comma;150&comma;0.3); border-radius: 8px;' src='https:\/\/ftp3.syscom.mx\/usuarios\/ftp\/web_img\/single_pages\/tx-pro\/antenas-edificio.jpg' alt=''> <\/div>\n<\/p><\/div>\n<hr style='border: 0; border-top: 1px solid rgba(150&comma; 150&comma; 150&comma; 0.3); margin: 30px 0;'>\n<div style='display: flex; flex-wrap: wrap; gap: 30px; margin-bottom: 20px;'>\n<div style='flex: 1 1 400px; min-width: 300px;'>\n<div style='width: 100%; max-width: 800px; margin: 0 auto 20px auto;'> <img style='width: 100%; height: auto; border: 1px solid rgba(150&comma;150&comma;150&comma;0.3); border-radius: 8px;' src='https:\/\/ftp3.syscom.mx\/usuarios\/ftp\/web_img\/single_pages\/tx-pro\/antenas-audio.png' alt=''> <\/div>\n<div style='padding: 15px; background-color: rgba(150&comma;150&comma;150&comma;0.05); border-left: 4px solid rgba(150&comma;150&comma;150&comma;0.3); margin-top: 15px;'>\n<p style='margin: 0; font-size: 15px; color: inherit;'>Su par\u00e1bola profunda la hace altamente eficiente en zonas con alta saturaci\u00f3n de ruido&comma; ya que el d\u00edpolo no queda expuesto fuera de la par\u00e1bola&comma; lo cual le da mayor protecci\u00f3n contra la interferencia<\/p>\n<\/p><\/div>\n<\/p><\/div>\n<div style='flex: 1 1 400px; min-width: 300px;'>\n<div style='width: 100%; max-width: 800px; margin: 0 auto 20px auto;'> <img style='width: 100%; height: auto; border: 1px solid rgba(150&comma;150&comma;150&comma;0.3); border-radius: 8px;' src='https:\/\/ftp3.syscom.mx\/usuarios\/ftp\/web_img\/single_pages\/tx-pro\/40db.png' alt=''> <\/div>\n<div style='padding: 15px; background-color: rgba(150&comma;150&comma;150&comma;0.05); border-left: 4px solid rgba(150&comma;150&comma;150&comma;0.3); margin-top: 15px;'>\n<p style='margin: 0; font-size: 15px; color: inherit;'>Front to back altamente eficiente de 40 dB para evitar l\u00f3bulos traceros dentro del enlace<\/p>\n<\/p><\/div>\n<\/p><\/div>\n<\/p><\/div>\n<hr style='border: 0; border-top: 1px solid rgba(150&comma; 150&comma; 150&comma; 0.3); margin: 30px 0;'>\n<div style='margin-bottom: 30px;'>\n<div style='text-align: center; margin-bottom: 20px;'>\n<h3 style='font-size: 20px; margin: 0 0 15px 0; color: inherit;'><strong>Compatible con cualquier radio del mercado<\/strong><\/h3>\n<\/p><\/div>\n<div style='display: flex; flex-wrap: wrap; justify-content: center; gap: 20px;'>\n<div style='flex: 1 1 200px; max-width: 250px; text-align: center;'> <img style='max-height: 85px; padding: 8px; width: auto; height: auto; border: 1px solid rgba(150&comma;150&comma;150&comma;0.3); border-radius: 8px;' src='https:\/\/ftp3.syscom.mx\/usuarios\/fotos\/logotipos\/mimosa_networks.png' alt='Mimosa Networks'> <\/div>\n<div style='flex: 1 1 200px; max-width: 250px; text-align: center;'> <img style='max-height: 75px; padding: 8px; width: auto; height: auto; border: 1px solid rgba(150&comma;150&comma;150&comma;0.3); border-radius: 8px;' src='https:\/\/ftp3.syscom.mx\/usuarios\/fotos\/logotipos\/ubiquiti_networks.png' alt='Ubiquiti Networks'> <\/div>\n<div style='flex: 1 1 200px; max-width: 250px; text-align: center;'> <img style='max-height: 85px; padding: 8px; width: auto; height: auto; border: 1px solid rgba(150&comma;150&comma;150&comma;0.3); border-radius: 8px;' src='https:\/\/ftp3.syscom.mx\/usuarios\/fotos\/logotipos\/cambium_networks.png' alt='Cambium Networks'> <\/div>\n<\/p><\/div>\n<\/p><\/div>\n<\/p><\/div>\n<\/p><\/div>\n","protected":false},"excerpt":{"rendered":"<p>Antena direccional de alta resistencia, Ganancia 30 dBi, (4.9 -6.4 GHz), Plato hondo para mayor inmunidad al ruido, Conectores N-Hembra, Montaje incluido.<\/p>\n","protected":false},"featured_media":72104,"comment_status":"open","ping_status":"closed","template":"","meta":[],"product_brand":[],"product_cat":[1990],"product_tag":[1992,1991,560],"class_list":{"0":"post-72105","1":"product","2":"type-product","3":"status-publish","4":"has-post-thumbnail","6":"product_cat-bandas-5-ghz-2-4-ghz","7":"product_tag-bandas-5-ghz-2-4-ghz","8":"product_tag-enlaces-de-backhaul","9":"product_tag-txpro","11":"first","12":"outofstock","13":"sale","14":"shipping-taxable","15":"purchasable","16":"product-type-simple"},"_links":{"self":[{"href":"https:\/\/soydeaqui.ddns.net\/pachuca\/index.php\/wp-json\/wp\/v2\/product\/72105","targetHints":{"allow":["GET"]}}],"collection":[{"href":"https:\/\/soydeaqui.ddns.net\/pachuca\/index.php\/wp-json\/wp\/v2\/product"}],"about":[{"href":"https:\/\/soydeaqui.ddns.net\/pachuca\/index.php\/wp-json\/wp\/v2\/types\/product"}],"replies":[{"embeddable":true,"href":"https:\/\/soydeaqui.ddns.net\/pachuca\/index.php\/wp-json\/wp\/v2\/comments?post=72105"}],"wp:featuredmedia":[{"embeddable":true,"href":"https:\/\/soydeaqui.ddns.net\/pachuca\/index.php\/wp-json\/wp\/v2\/media\/72104"}],"wp:attachment":[{"href":"https:\/\/soydeaqui.ddns.net\/pachuca\/index.php\/wp-json\/wp\/v2\/media?parent=72105"}],"wp:term":[{"taxonomy":"product_brand","embeddable":true,"href":"https:\/\/soydeaqui.ddns.net\/pachuca\/index.php\/wp-json\/wp\/v2\/product_brand?post=72105"},{"taxonomy":"product_cat","embeddable":true,"href":"https:\/\/soydeaqui.ddns.net\/pachuca\/index.php\/wp-json\/wp\/v2\/product_cat?post=72105"},{"taxonomy":"product_tag","embeddable":true,"href":"https:\/\/soydeaqui.ddns.net\/pachuca\/index.php\/wp-json\/wp\/v2\/product_tag?post=72105"}],"curies":[{"name":"wp","href":"https:\/\/api.w.org\/{rel}","templated":true}]}}