{"id":71993,"date":"2026-03-19T12:26:30","date_gmt":"2026-03-19T12:26:30","guid":{"rendered":"https:\/\/soydeaqui.ddns.net\/pachuca\/index.php\/producto\/netpower-16p-switch-administrable-sistema-operativo-dual-16-puertos-c-poe-2-puertos-10g-sfp-para-exterior\/"},"modified":"2026-03-19T12:26:36","modified_gmt":"2026-03-19T12:26:36","slug":"netpower-16p-switch-administrable-sistema-operativo-dual-16-puertos-c-poe-2-puertos-10g-sfp-para-exterior","status":"publish","type":"product","link":"https:\/\/soydeaqui.ddns.net\/pachuca\/index.php\/producto\/netpower-16p-switch-administrable-sistema-operativo-dual-16-puertos-c-poe-2-puertos-10g-sfp-para-exterior\/","title":{"rendered":"(netPower 16P) Switch administrable Sistema Operativo Dual, 16 puertos c\/PoE, 2 puertos 10G SFP+ para Exterior"},"content":{"rendered":"<div style='width: 100%; max-width: 1200px; margin: 0 auto; font-family: sans-serif; line-height: 1.6; color: inherit; background-color: transparent;'> <!-- Descripci\u00f3n principal --> <\/p>\n<div style='margin-bottom: 30px;'>\n<p style='margin: 0 0 15px 0; font-size: 15px; color: inherit;'>Alimentar un mont\u00f3n de puntos de acceso o c\u00e1maras IP y algunos enlaces ascendentes en una torre nunca ha sido tan f\u00e1cil. netPower 16P tiene 16 puertos Gigabit Ethernet con salida PoE y dos puertos SFP+ para enlaces ascendentes de fibra 10G.<\/p>\n<p style='margin: 0 0 15px 0; font-size: 15px; color: inherit;'>Su robusta y compacta carcasa exterior permite que el interruptor se monte en todo tipo de entornos&comma; desde \u00e1ticos y ejes h\u00famedos hasta torres&comma; m\u00e1stiles y postes con abrazaderas de manguera.<\/p>\n<p style='margin: 0 0 15px 0; font-size: 15px; color: inherit;'>netPower 16P tiene un rendimiento sin bloqueo de 36 Gbps&comma; una capacidad de conmutaci\u00f3n de 72 Gbps y una velocidad de reenv\u00edo de 53&comma;6 Mpps.<\/p>\n<p style='margin: 0 0 15px 0; font-size: 15px; color: inherit;'>El dispositivo en s\u00ed no tiene convertidor de voltaje incorporado. Necesita una fuente de alimentaci\u00f3n de 24V para tener salida de punto de alimentaci\u00f3n de 24V y\/o fuente de alimentaci\u00f3n de 48V para salida de punto de alimentaci\u00f3n de 48V (IEEE 802.3 at\/af).<\/p>\n<p style='margin: 0 0 15px 0; font-size: 15px; color: inherit;'><em>La fuente de alimentaci\u00f3n NO est\u00e1 incluida en el producto. Le invitamos a usar su opci\u00f3n de energ\u00eda preferida&comma; como bater\u00eda&comma; etc. Compatible tambi\u00e9n con fuentes de alimentaci\u00f3n MikroTik 24HPOW&comma; 48POW y 48V2A96W<\/em><\/p>\n<p style='margin: 0 0 15px 0; font-size: 15px; color: inherit;'><em>El dispositivo tiene un sistema operativo preinstalado y con licencia. No es necesaria ninguna compra por separado y el producto est\u00e1 listo para usar. El dispositivo incluye actualizaciones de software gratuitas durante la vida del producto o un m\u00ednimo de 5 a\u00f1os a partir de la fecha de compra.<\/em><\/p>\n<\/p><\/div>\n<p> <!-- Secci\u00f3n de especificaciones --> <\/p>\n<div style='display: flex; flex-wrap: wrap; gap: 30px; margin-bottom: 30px;'>\n<div style='flex: 1 1 300px; min-width: 280px;'>\n<h3 style='font-size: 22px; border-bottom: 2px solid currentColor; padding-bottom: 5px; margin-top: 0; color: inherit; opacity: 0.8;'>Especificaciones<\/h3>\n<ul style='padding-left: 20px; font-size: 15px; color: inherit;'>\n<li style='margin-bottom: 5px;'><strong>C\u00f3digo del producto:<\/strong> CRS318-16P-2S+OUT<\/li>\n<li style='margin-bottom: 5px;'><strong>Arquitectura:<\/strong> ARM 32 bits<\/li>\n<li style='margin-bottom: 5px;'><strong>CPU:<\/strong> 98DX226S<\/li>\n<li style='margin-bottom: 5px;'><strong>Recuento de n\u00facleos de CPU:<\/strong> 1<\/li>\n<li style='margin-bottom: 5px;'><strong>Frecuencia nominal de la CPU:<\/strong> 800 MHz<\/li>\n<li style='margin-bottom: 5px;'><strong>Dimensiones:<\/strong> 303 x 212 x 78 mm<\/li>\n<li style='margin-bottom: 5px;'><strong>Licencia de RouterOS:<\/strong> 5<\/li>\n<li style='margin-bottom: 5px;'><strong>Sistema operativo:<\/strong> RouterOS\/SwitchOS<\/li>\n<li style='margin-bottom: 5px;'><strong>Tama\u00f1o de la RAM:<\/strong> 256 MB<\/li>\n<li style='margin-bottom: 5px;'><strong>Tama\u00f1o del almacenamiento:<\/strong> 16 MB<\/li>\n<li style='margin-bottom: 5px;'><strong>Tipo de almacenamiento:<\/strong> FLASH<\/li>\n<li style='margin-bottom: 5px;'><strong>MTBF:<\/strong> Aproximadamente 200&#8217;000 horas a 25\u00b0C<\/li>\n<li style='margin-bottom: 5px;'><strong>Temperatura ambiente probada:<\/strong> -40 \u00b0C a 70 \u00b0C<\/li>\n<\/ul><\/div>\n<div style='flex: 1 1 300px; min-width: 280px;'>\n<h3 style='font-size: 22px; border-bottom: 2px solid currentColor; padding-bottom: 5px; margin-top: 0; color: inherit; opacity: 0.8;'>Alimentaci\u00f3n<\/h3>\n<ul style='padding-left: 20px; font-size: 15px; color: inherit;'>\n<li style='margin-bottom: 5px;'><strong>N\u00famero de entradas de CC:<\/strong> 2 (jack de CC)<\/li>\n<li style='margin-bottom: 5px;'><strong>Voltaje de entrada del conector de CC:<\/strong> 18-30 V \/ 48-57 V<\/li>\n<li style='margin-bottom: 5px;'><strong>Consumo m\u00e1ximo de energ\u00eda:<\/strong> 316 W<\/li>\n<li style='margin-bottom: 5px;'><strong>Consumo m\u00e1ximo de energ\u00eda sin accesorios:<\/strong> 16 W<\/li>\n<li style='margin-bottom: 5px;'><strong>Recuento de ventiladores:<\/strong> Pasivo<\/li>\n<\/ul>\n<h3 style='font-size: 22px; border-bottom: 2px solid currentColor; padding-bottom: 5px; margin-top: 25px; color: inherit; opacity: 0.8;'>PoE-out<\/h3>\n<ul style='padding-left: 20px; font-size: 15px; color: inherit;'>\n<li style='margin-bottom: 5px;'><strong>Puertos de salida PoE:<\/strong> \u00c9ter1-\u00c9ter16<\/li>\n<li style='margin-bottom: 5px;'><strong>PoE out:<\/strong> 802.3af\/at<\/li>\n<li style='margin-bottom: 5px;'><strong>Salida m\u00e1xima por puerto (entrada < 30 V):<\/strong> 1.1 A<\/li>\n<li style='margin-bottom: 5px;'><strong>Salida m\u00e1xima por puerto (entrada > 30 V):<\/strong> 0.6 A<\/li>\n<li style='margin-bottom: 5px;'><strong>Total m\u00e1ximo (A):<\/strong> 2.8A (18V-30V) y 1.4A (48V-57V) x2 A<\/li>\n<\/ul><\/div>\n<div style='flex: 1 1 300px; min-width: 280px;'>\n<h3 style='font-size: 22px; border-bottom: 2px solid currentColor; padding-bottom: 5px; margin-top: 0; color: inherit; opacity: 0.8;'>Ethernet<\/h3>\n<ul style='padding-left: 20px; font-size: 15px; color: inherit;'>\n<li style='margin-bottom: 5px;'><strong>Puertos Ethernet 10\/100\/1000:<\/strong> 16<\/li>\n<li style='margin-bottom: 5px;'><strong>N\u00famero de puertos Ethernet 1G con salida PoE:<\/strong> 16<\/li>\n<\/ul>\n<h3 style='font-size: 22px; border-bottom: 2px solid currentColor; padding-bottom: 5px; margin-top: 25px; color: inherit; opacity: 0.8;'>Fibra<\/h3>\n<ul style='padding-left: 20px; font-size: 15px; color: inherit;'>\n<li style='margin-bottom: 5px;'><strong>Puertos SFP+:<\/strong> 2<\/li>\n<\/ul>\n<h3 style='font-size: 22px; border-bottom: 2px solid currentColor; padding-bottom: 5px; margin-top: 25px; color: inherit; opacity: 0.8;'>Otro<\/h3>\n<ul style='padding-left: 20px; font-size: 15px; color: inherit;'>\n<li style='margin-bottom: 5px;'><strong>Monitor de temperatura de la CPU:<\/strong> S\u00ed<\/li>\n<li style='margin-bottom: 5px;'><strong>Monitor de voltaje:<\/strong> S\u00ed<\/li>\n<\/ul>\n<h3 style='font-size: 22px; border-bottom: 2px solid currentColor; padding-bottom: 5px; margin-top: 25px; color: inherit; opacity: 0.8;'>Certificaci\u00f3n y aprobaciones<\/h3>\n<ul style='padding-left: 20px; font-size: 15px; color: inherit;'>\n<li style='margin-bottom: 5px;'><strong>Certificaci\u00f3n:<\/strong> CE&comma; EAC&comma; ROHS<\/li>\n<\/ul><\/div>\n<\/p><\/div>\n<p> <!-- Secci\u00f3n de piezas incluidas --> <\/p>\n<div style='margin-bottom: 30px;'>\n<h3 style='font-size: 22px; border-bottom: 2px solid currentColor; padding-bottom: 5px; margin-top: 0; color: inherit; opacity: 0.8;'>Piezas incluidas<\/h3>\n<div style='display: flex; flex-wrap: wrap; gap: 20px; margin-top: 15px;'>\n<div style='flex: 1 1 200px; min-width: 150px;'> <img style='width: 100%; height: auto; border: 1px solid rgba(150&comma;150&comma;150&comma;0.3); border-radius: 8px;' src='https:\/\/i.mt.lv\/cdn\/rb_images\/part1031582186492s.jpg' alt='Abrazadera de manguera 2'> <\/p>\n<p style='text-align: center; margin-top: 8px; font-size: 14px; color: inherit;'>Abrazadera de manguera 2<\/p>\n<\/p><\/div>\n<div style='flex: 1 1 200px; min-width: 150px;'> <img style='width: 100%; height: auto; border: 1px solid rgba(150&comma;150&comma;150&comma;0.3); border-radius: 8px;' src='https:\/\/i.mt.lv\/cdn\/rb_images\/part1051582186544s.jpg' alt='Juego de fijaci\u00f3n K-66'> <\/p>\n<p style='text-align: center; margin-top: 8px; font-size: 14px; color: inherit;'>Juego de fijaci\u00f3n K-66<\/p>\n<\/p><\/div>\n<div style='flex: 1 1 200px; min-width: 150px;'> <img style='width: 100%; height: auto; border: 1px solid rgba(150&comma;150&comma;150&comma;0.3); border-radius: 8px;' src='https:\/\/i.mt.lv\/cdn\/rb_images\/part1131594641035s.jpg' alt='Adaptador de CC a bloque de terminales x2'> <\/p>\n<p style='text-align: center; margin-top: 8px; font-size: 14px; color: inherit;'>Adaptador de CC a bloque de terminales x2<\/p>\n<\/p><\/div>\n<\/p><\/div>\n<\/p><\/div>\n<p> <!-- Separador --> <\/p>\n<hr style='border: 0; border-top: 1px solid rgba(150&comma; 150&comma; 150&comma; 0.3); margin: 30px 0;'> <\/div>\n","protected":false},"excerpt":{"rendered":"<p>(netPower 16P) Switch administrable Sistema Operativo Dual, 16 puertos c\/PoE, 2 puertos 10G SFP+ para Exterior<\/p>\n","protected":false},"featured_media":71992,"comment_status":"open","ping_status":"closed","template":"","meta":[],"product_brand":[],"product_cat":[1970],"product_tag":[643,664,1971],"class_list":{"0":"post-71993","1":"product","2":"type-product","3":"status-publish","4":"has-post-thumbnail","6":"product_cat-switches","7":"product_tag-mikrotik","8":"product_tag-networking","9":"product_tag-switches","11":"first","12":"instock","13":"sale","14":"shipping-taxable","15":"purchasable","16":"product-type-simple"},"_links":{"self":[{"href":"https:\/\/soydeaqui.ddns.net\/pachuca\/index.php\/wp-json\/wp\/v2\/product\/71993","targetHints":{"allow":["GET"]}}],"collection":[{"href":"https:\/\/soydeaqui.ddns.net\/pachuca\/index.php\/wp-json\/wp\/v2\/product"}],"about":[{"href":"https:\/\/soydeaqui.ddns.net\/pachuca\/index.php\/wp-json\/wp\/v2\/types\/product"}],"replies":[{"embeddable":true,"href":"https:\/\/soydeaqui.ddns.net\/pachuca\/index.php\/wp-json\/wp\/v2\/comments?post=71993"}],"wp:featuredmedia":[{"embeddable":true,"href":"https:\/\/soydeaqui.ddns.net\/pachuca\/index.php\/wp-json\/wp\/v2\/media\/71992"}],"wp:attachment":[{"href":"https:\/\/soydeaqui.ddns.net\/pachuca\/index.php\/wp-json\/wp\/v2\/media?parent=71993"}],"wp:term":[{"taxonomy":"product_brand","embeddable":true,"href":"https:\/\/soydeaqui.ddns.net\/pachuca\/index.php\/wp-json\/wp\/v2\/product_brand?post=71993"},{"taxonomy":"product_cat","embeddable":true,"href":"https:\/\/soydeaqui.ddns.net\/pachuca\/index.php\/wp-json\/wp\/v2\/product_cat?post=71993"},{"taxonomy":"product_tag","embeddable":true,"href":"https:\/\/soydeaqui.ddns.net\/pachuca\/index.php\/wp-json\/wp\/v2\/product_tag?post=71993"}],"curies":[{"name":"wp","href":"https:\/\/api.w.org\/{rel}","templated":true}]}}