{"id":71795,"date":"2026-03-19T12:18:54","date_gmt":"2026-03-19T12:18:54","guid":{"rendered":"https:\/\/soydeaqui.ddns.net\/pachuca\/index.php\/producto\/gateway-para-voceo-ip-sip-entrada-de-audio-3-5mm-salida-de-amplificador-integrado-de-hasta-30w-puerto-usb-reproduccion-de-mp3\/"},"modified":"2026-03-19T12:19:00","modified_gmt":"2026-03-19T12:19:00","slug":"gateway-para-voceo-ip-sip-entrada-de-audio-3-5mm-salida-de-amplificador-integrado-de-hasta-30w-puerto-usb-reproduccion-de-mp3","status":"publish","type":"product","link":"https:\/\/soydeaqui.ddns.net\/pachuca\/index.php\/producto\/gateway-para-voceo-ip-sip-entrada-de-audio-3-5mm-salida-de-amplificador-integrado-de-hasta-30w-puerto-usb-reproduccion-de-mp3\/","title":{"rendered":"Gateway para Voceo IP\/SIP,  Entrada de audio (3.5mm), salida de amplificador integrado de hasta 30W, puerto USB (reproducci\u00f3n de MP3),"},"content":{"rendered":"<div style='width: 100%; max-width: 1200px; margin: 0 auto; font-family: sans-serif; line-height: 1.6; color: inherit; background-color: transparent;'> <!-- Encabezado rojo con t\u00edtulo --> <\/p>\n<div style='background-color: #cb3234; color: white; text-align: center; padding: 30px 15px;'>\n<h1 style='margin: 0; font-size: 32px; color: inherit;'>Sistema de Anuncios P\u00fablicos Fanvil PA3<\/h1>\n<p style='margin: 0; font-size: 18px; color: inherit;'>2 l\u00edneas SIP | Transmisi\u00f3n MP3 | PoE | Intercomunicaci\u00f3n IP<\/p>\n<\/p><\/div>\n<p> <!-- Contenedor principal --> <\/p>\n<div style='max-width: 1100px; margin: auto; padding: 20px; font-family: Arial&comma; sans-serif; color: inherit; background-color: transparent;'> <!-- Descripci\u00f3n general --> <\/p>\n<section>\n<p style='font-size: 18pt; text-align: justify; color: inherit;'>Fanvil PA3 es un dispositivo de sistema de anuncios p\u00fablicos SIP para aplicaciones industriales. La transmisi\u00f3n del flujo de medios adopta los protocolos est\u00e1ndar IP\/RTP\/RTSP. Tiene varias funciones e interfaces&comma; como intercomunicaci\u00f3n&comma; transmisi\u00f3n y grabaci\u00f3n&comma; para adaptar diferentes entornos de aplicaci\u00f3n.<\/p>\n<\/section>\n<p> <!-- Caracter\u00edsticas --> <\/p>\n<div style='display: flex; flex-wrap: wrap; gap: 30px; margin-top: 40px;'> <!-- Caracter\u00edsticas principales --> <\/p>\n<div style='flex: 1 1 30%; border-left: 5px solid #cb3234; border-radius: 5px; padding: 15px; box-shadow: 2px 2px 10px rgba(216&comma; 216&comma; 216&comma; 0.5); background: rgba(255&comma; 255&comma; 255&comma; 0.9);'>\n<h3 style='color: #cb3234; font-size: 18px; margin-top: 0; margin-bottom: 15px;'>Caracter\u00edsticas principales:<\/h3>\n<ul style='padding-left: 20px; font-size: 14px; line-height: 1.4; color: inherit;'>\n<li style='margin-bottom: 8px;'>2 l\u00edneas SIP<\/li>\n<li style='margin-bottom: 8px;'>Marcaci\u00f3n r\u00e1pida<\/li>\n<li style='margin-bottom: 8px;'>Integraci\u00f3n con c\u00e1maras IP (videoportero)<\/li>\n<li style='margin-bottom: 8px;'>Anuncio oral de direcci\u00f3n IP (ingl\u00e9s)<\/li>\n<li style='margin-bottom: 8px;'>Transmisi\u00f3n de archivos MP3<\/li>\n<li style='margin-bottom: 8px;'>Puertos DSS programables<\/li>\n<li style='margin-bottom: 8px;'>Soporte para altavoz activo mono<\/li>\n<li style='margin-bottom: 8px;'>Entrada de l\u00ednea de audio<\/li>\n<li style='margin-bottom: 8px;'>Soporta tarjeta TF y USB<\/li>\n<li style='margin-bottom: 8px;'>Alimentaci\u00f3n PoE<\/li>\n<li style='margin-bottom: 8px;'>Soporta c\u00f3dec Opus<\/li>\n<li style='margin-bottom: 8px;'>Compatible con Grandstream UCM62XX\/63XX&comma; Asterisk&comma; 3CX&comma; Avaya&comma; etc.<\/li>\n<li style='margin-bottom: 8px;'><strong>Garant\u00eda:<\/strong> 2 a\u00f1os<\/li>\n<\/ul><\/div>\n<p> <!-- Caracter\u00edsticas f\u00edsicas y el\u00e9ctricas --> <\/p>\n<div style='flex: 1 1 30%; border-left: 5px solid #cb3234; border-radius: 5px; padding: 15px; box-shadow: 2px 2px 10px rgba(216&comma; 216&comma; 216&comma; 0.5); background: rgba(255&comma; 255&comma; 255&comma; 0.9);'>\n<h3 style='color: #cb3234; font-size: 18px; margin-top: 0; margin-bottom: 15px;'>Caracter\u00edsticas F\u00edsicas y El\u00e9ctricas:<\/h3>\n<ul style='padding-left: 20px; font-size: 14px; line-height: 1.4; color: inherit;'>\n<li style='margin-bottom: 8px;'>Soporta PoE 802.3af<\/li>\n<li style='margin-bottom: 8px;'>2 teclas de control de volumen + reset<\/li>\n<li style='margin-bottom: 8px;'>Puerto DC para alimentaci\u00f3n<\/li>\n<li style='margin-bottom: 8px;'>Puerto RJ45 para red<\/li>\n<li style='margin-bottom: 8px;'>Puerto audio 3.5mm<\/li>\n<li style='margin-bottom: 8px;'>Salida para altavoz activo<\/li>\n<li style='margin-bottom: 8px;'>Entrada para micr\u00f3fono (-38dB&comma; 2.2k\u03a9)<\/li>\n<li style='margin-bottom: 8px;'>Salida altavoz pasivo (4\u03a9&comma; 10W-30W)<\/li>\n<li style='margin-bottom: 8px;'>2 puertos para botones DSS<\/li>\n<li style='margin-bottom: 8px;'>Ranura para tarjeta TF<\/li>\n<li style='margin-bottom: 8px;'>Puerto USB 2.0<\/li>\n<li style='margin-bottom: 8px;'>Alimentaci\u00f3n: 12V-24V\/2A DC<\/li>\n<li style='margin-bottom: 8px;'>Instalaci\u00f3n: escritorio\/pared<\/li>\n<li style='margin-bottom: 8px;'>Dimensiones: 125\u00d784.2\u00d731 mm<\/li>\n<\/ul><\/div>\n<p> <!-- Caracter\u00edsticas de red --> <\/p>\n<div style='flex: 1 1 30%; border-left: 5px solid #cb3234; border-radius: 5px; padding: 15px; box-shadow: 2px 2px 10px rgba(216&comma; 216&comma; 216&comma; 0.5); background: rgba(255&comma; 255&comma; 255&comma; 0.9);'>\n<h3 style='color: #cb3234; font-size: 18px; margin-top: 0; margin-bottom: 15px;'>Caracter\u00edsticas de Red:<\/h3>\n<ul style='padding-left: 20px; font-size: 14px; line-height: 1.4; color: inherit;'>\n<li style='margin-bottom: 8px;'>Puerto red 10\/100 Mbps<\/li>\n<li style='margin-bottom: 8px;'>VPN: L2TP\/OpenVPN<\/li>\n<li style='margin-bottom: 8px;'>VLAN<\/li>\n<li style='margin-bottom: 8px;'>LLDP<\/li>\n<li style='margin-bottom: 8px;'>Soporte IPv4\/IPv6<\/li>\n<li style='margin-bottom: 8px;'>SIP 2.0 sobre UDP\/TCP\/TLS<\/li>\n<li style='margin-bottom: 8px;'>PPPoE<\/li>\n<\/ul><\/div>\n<\/p><\/div>\n<p> <!-- Funcionalidades avanzadas --> <\/p>\n<section style='margin-top: 40px;'>\n<h2 style='color: #cb3234; font-size: 24px; text-align: center; margin-bottom: 20px;'>Funcionalidades Avanzadas<\/h2>\n<div style='display: flex; flex-wrap: wrap; gap: 30px; margin-top: 20px; align-items: center;'>\n<div style='flex: 1 1 50%;'>\n<h3 style='color: inherit; font-size: 20px; margin-top: 0;'>Equipo multifuncional<\/h3>\n<p style='font-size: 16px; line-height: 1.5; color: inherit;'>Puede funcionar como intercomunicador IP o amplificador de audio seg\u00fan los requerimientos del sistema.<\/p>\n<p> <img style='width: 100%; max-width: 900px; height: auto; border: 1px solid rgba(150&comma;150&comma;150&comma;0.3); border-radius: 8px; margin-top: 15px;' src='https:\/\/ftp3.syscom.mx\/usuarios\/fotos\/PA3F\/193649-captura_de_pantalla_2021-02-05_a_la(s)_11.47.37.png' alt='Interfaz multifuncional PA3' \/> <\/div>\n<div style='flex: 1 1 50%;'>\n<h3 style='color: inherit; font-size: 20px; margin-top: 0;'>Reproducci\u00f3n de audio<\/h3>\n<p style='font-size: 16px; line-height: 1.5; color: inherit;'>Capacidad para reproducir archivos MP3 tanto desde almacenamiento local (tarjeta TF\/USB) como en l\u00ednea.<\/p>\n<p> <img style='width: 100%; max-width: 900px; height: auto; border: 1px solid rgba(150&comma;150&comma;150&comma;0.3); border-radius: 8px; margin-top: 15px;' src='https:\/\/ftp3.syscom.mx\/usuarios\/fotos\/PA3F\/193649-captura_de_pantalla_2021-02-05_a_la(s)_11.50.18.png' alt='Reproductor MP3 PA3' \/> <\/div>\n<\/p><\/div>\n<\/section><\/div>\n<\/p><\/div>\n","protected":false},"excerpt":{"rendered":"<p>Gateway para Voceo IP\/SIP,  Entrada de audio (3.5mm), salida de amplificador integrado de hasta 30W, puerto USB (reproducci\u00f3n de MP3),<\/p>\n","protected":false},"featured_media":71794,"comment_status":"open","ping_status":"closed","template":"","meta":[],"product_brand":[],"product_cat":[907],"product_tag":[859,908,557],"class_list":{"0":"post-71795","1":"product","2":"type-product","3":"status-publish","4":"has-post-thumbnail","6":"product_cat-interfones","7":"product_tag-fanvil","8":"product_tag-interfones","9":"product_tag-videoporteros-e-interfonos","11":"first","12":"instock","13":"sale","14":"shipping-taxable","15":"purchasable","16":"product-type-simple"},"_links":{"self":[{"href":"https:\/\/soydeaqui.ddns.net\/pachuca\/index.php\/wp-json\/wp\/v2\/product\/71795","targetHints":{"allow":["GET"]}}],"collection":[{"href":"https:\/\/soydeaqui.ddns.net\/pachuca\/index.php\/wp-json\/wp\/v2\/product"}],"about":[{"href":"https:\/\/soydeaqui.ddns.net\/pachuca\/index.php\/wp-json\/wp\/v2\/types\/product"}],"replies":[{"embeddable":true,"href":"https:\/\/soydeaqui.ddns.net\/pachuca\/index.php\/wp-json\/wp\/v2\/comments?post=71795"}],"wp:featuredmedia":[{"embeddable":true,"href":"https:\/\/soydeaqui.ddns.net\/pachuca\/index.php\/wp-json\/wp\/v2\/media\/71794"}],"wp:attachment":[{"href":"https:\/\/soydeaqui.ddns.net\/pachuca\/index.php\/wp-json\/wp\/v2\/media?parent=71795"}],"wp:term":[{"taxonomy":"product_brand","embeddable":true,"href":"https:\/\/soydeaqui.ddns.net\/pachuca\/index.php\/wp-json\/wp\/v2\/product_brand?post=71795"},{"taxonomy":"product_cat","embeddable":true,"href":"https:\/\/soydeaqui.ddns.net\/pachuca\/index.php\/wp-json\/wp\/v2\/product_cat?post=71795"},{"taxonomy":"product_tag","embeddable":true,"href":"https:\/\/soydeaqui.ddns.net\/pachuca\/index.php\/wp-json\/wp\/v2\/product_tag?post=71795"}],"curies":[{"name":"wp","href":"https:\/\/api.w.org\/{rel}","templated":true}]}}