{"id":71717,"date":"2026-03-19T12:15:52","date_gmt":"2026-03-19T12:15:52","guid":{"rendered":"https:\/\/soydeaqui.ddns.net\/pachuca\/index.php\/producto\/switch-poe-industrial-no-administrable-puertos-1-2-poe-802-3-af-at-y-poe-24-vcc-pasivo-30w-puertos-3-4-poe-802-3-af-at-bt-hasta-60w-puertos-5-8-poe-802-3-af-at-hasta-30w-los-8-puertos-son-giga\/"},"modified":"2026-03-19T12:16:06","modified_gmt":"2026-03-19T12:16:06","slug":"switch-poe-industrial-no-administrable-puertos-1-2-poe-802-3-af-at-y-poe-24-vcc-pasivo-30w-puertos-3-4-poe-802-3-af-at-bt-hasta-60w-puertos-5-8-poe-802-3-af-at-hasta-30w-los-8-puertos-son-giga","status":"publish","type":"product","link":"https:\/\/soydeaqui.ddns.net\/pachuca\/index.php\/producto\/switch-poe-industrial-no-administrable-puertos-1-2-poe-802-3-af-at-y-poe-24-vcc-pasivo-30w-puertos-3-4-poe-802-3-af-at-bt-hasta-60w-puertos-5-8-poe-802-3-af-at-hasta-30w-los-8-puertos-son-giga\/","title":{"rendered":"Switch PoE Industrial No administrable \/ Puertos 1-2 PoE 802.3 af\/at y PoE 24 Vcc Pasivo 30W \/ Puertos 3-4 PoE 802.3 af\/at\/bt Hasta 60W \/ Puertos 5-8 PoE 802.3 af\/at Hasta 30W \/ Los 8 puertos son Gigabit + 2 SFP combo \/ Presupuesto 300W"},"content":{"rendered":"<div style='width: 100%; max-width: 1200px; margin: 0 auto; font-family: sans-serif; line-height: 1.6; color: inherit; background-color: transparent;'> <!-- Imagen principal --> <\/p>\n<div style='width: 100%; margin: 30px 0;'> <img style='width: 100%; height: auto; border: 1px solid rgba(150&comma;150&comma;150&comma;0.3); border-radius: 8px;' src='https:\/\/ftp3.syscom.mx\/usuarios\/fotos\/WIPS310GFIV2\/193442-20220711160530_75248_copia.jpg' alt=''> <\/div>\n<p> <!-- Secci\u00f3n de largo alcance --> <\/p>\n<div style='display: flex; flex-direction: column; align-items: center; text-align: center; margin: 30px 0;'>\n<h2 style='font-size: 24px; margin: 0 0 15px 0; color: inherit;'>Switch PoE de largo alcance hasta 250 m<\/h2>\n<p style='font-size: 18px; color: inherit; opacity: 0.8; max-width: 800px; margin: 0 auto 15px auto;'> PoE de largo alcance con tecnolog\u00eda de extensi\u00f3n de red de patente exclusiva&comma; utiliza el par trenzado existente com\u00fan&comma; puede soportar la transmisi\u00f3n de datos de hasta 250 metros&comma; rompe el l\u00edmite de transmisi\u00f3n de cien metros. <strong style='color: inherit;'>Reduciendo su velocidad a 10 Mbps y un PoE m\u00e1ximo de 7 W.<\/strong> <\/p>\n<div style='width: 100%; max-width: 800px; margin: 15px auto;'> <img style='width: 100%; height: auto; border: 1px solid rgba(150&comma;150&comma;150&comma;0.3); border-radius: 8px;' src='https:\/\/ftp3.syscom.mx\/usuarios\/fotos\/WIPS205\/170793-20220413175658_31816.jpeg' alt=''> <\/div>\n<\/p><\/div>\n<p> <!-- Secci\u00f3n VLAN --> <\/p>\n<div style='display: flex; flex-direction: column; align-items: center; text-align: center; margin: 30px 0;'>\n<h2 style='font-size: 24px; margin: 0 0 15px 0; color: inherit;'>Port VLAN<\/h2>\n<p style='font-size: 18px; color: inherit; opacity: 0.8; max-width: 800px; margin: 0 auto 15px auto;'> Ayuda a prevenir tormentas de broadcast <\/p>\n<div style='width: 100%; max-width: 800px; margin: 15px auto;'> <img style='width: 100%; height: auto; border: 1px solid rgba(150&comma;150&comma;150&comma;0.3); border-radius: 8px;' src='https:\/\/ftp3.syscom.mx\/usuarios\/fotos\/WIPS526G\/170795-20220413175101_30780.jpeg' alt=''> <\/div>\n<\/p><\/div>\n<p> <!-- Secci\u00f3n Smart PoE Watchdog --> <\/p>\n<div style='display: flex; flex-direction: column; align-items: center; text-align: center; margin: 30px 0;'>\n<h2 style='font-size: 24px; margin: 0 0 15px 0; color: inherit;'>Funci\u00f3n Smart PoE Watchdog en un Switch no Administrable<\/h2>\n<p style='font-size: 18px; color: inherit; opacity: 0.8; max-width: 800px; margin: 0 auto 15px auto;'> Plug and play&comma; sin configuraci\u00f3n. Detecta autom\u00e1ticamente y reinicia la c\u00e1mara IP&comma; esto si se pierde conectividad con la c\u00e1mara. <\/p>\n<div style='width: 100%; max-width: 800px; margin: 15px auto;'> <img style='width: 100%; height: auto; border: 1px solid rgba(150&comma;150&comma;150&comma;0.3); border-radius: 8px;' src='https:\/\/ftp3.syscom.mx\/usuarios\/fotos\/WIPS205\/170793-20220413175705_29308_copia.jpg' alt=''> <\/div>\n<\/p><\/div>\n<p> <!-- Separador --> <\/p>\n<hr style='border: 0; border-top: 1px solid rgba(150&comma; 150&comma; 150&comma; 0.3); margin: 30px 0;'> <!-- Especificaciones --> <\/p>\n<div style='margin: 30px 0;'>\n<h3 style='font-size: 22px; border-bottom: 2px solid currentColor; padding-bottom: 5px; margin-top: 0; color: inherit; opacity: 0.8;'>Especificaciones<\/h3>\n<div style='display: flex; flex-wrap: wrap; gap: 20px; margin-top: 15px;'>\n<div style='flex: 1 1 250px; border: 1px solid rgba(150&comma; 150&comma; 150&comma; 0.4); border-radius: 8px; overflow: hidden; display: flex; flex-direction: column; min-width: 200px;'>\n<div style='padding: 15px; border-bottom: 1px solid rgba(150&comma; 150&comma; 150&comma; 0.2); font-weight: bold; font-size: 18px; color: inherit;'>Caracter\u00edsticas F\u00edsicas<\/div>\n<div style='padding: 15px; color: inherit;'>\n<ul style='padding-left: 20px; margin: 0; font-size: 14px; list-style-type: disc;'>\n<li style='margin-bottom: 5px;'><strong style='color: inherit;'>Dimensiones:<\/strong> 200 x 140 x 50 mm<\/li>\n<li style='margin-bottom: 5px;'><strong style='color: inherit;'>Montaje:<\/strong> Pared \/ Riel DIN<\/li>\n<li style='margin-bottom: 5px;'><strong style='color: inherit;'>Nivel de protecci\u00f3n:<\/strong> Lightning protection 6KV&comma; 6KV ESD Contact discharge<\/li>\n<li style='margin-bottom: 5px;'><strong style='color: inherit;'>Temperatura de operaci\u00f3n:<\/strong> -40 to 80\u00b0 C<\/li>\n<\/ul><\/div>\n<\/p><\/div>\n<div style='flex: 1 1 250px; border: 1px solid rgba(150&comma; 150&comma; 150&comma; 0.4); border-radius: 8px; overflow: hidden; display: flex; flex-direction: column; min-width: 200px;'>\n<div style='padding: 15px; border-bottom: 1px solid rgba(150&comma; 150&comma; 150&comma; 0.2); font-weight: bold; font-size: 18px; color: inherit;'>Interfaces<\/div>\n<div style='padding: 15px; color: inherit;'>\n<ul style='padding-left: 20px; margin: 0; font-size: 14px; list-style-type: disc;'>\n<li style='margin-bottom: 5px;'><strong style='color: inherit;'>Interfaces de Red:<\/strong> (8) 10\/100\/1000 Mbps&comma; (2) SFP Gigabit Combo&comma; (2) Uplink Gigabit Combo<\/li>\n<li style='margin-bottom: 5px;'><strong style='color: inherit;'>Bandwidth:<\/strong> 20 Gbps<\/li>\n<li style='margin-bottom: 5px;'><strong style='color: inherit;'>Packet Forwarding Rate:<\/strong> 14.88 Mpps<\/li>\n<li style='margin-bottom: 5px;'><strong style='color: inherit;'>Mac Address Table:<\/strong> 2K<\/li>\n<\/ul><\/div>\n<\/p><\/div>\n<div style='flex: 1 1 250px; border: 1px solid rgba(150&comma; 150&comma; 150&comma; 0.4); border-radius: 8px; overflow: hidden; display: flex; flex-direction: column; min-width: 200px;'>\n<div style='padding: 15px; border-bottom: 1px solid rgba(150&comma; 150&comma; 150&comma; 0.2); font-weight: bold; font-size: 18px; color: inherit;'>Alimentaci\u00f3n<\/div>\n<div style='padding: 15px; color: inherit;'>\n<ul style='padding-left: 20px; margin: 0; font-size: 14px; list-style-type: disc;'>\n<li style='margin-bottom: 5px;'><strong style='color: inherit;'>Alimentaci\u00f3n:<\/strong> Con PoE: V1 (principal): 37-57 Vcc&comma; V2 (respaldo): 37:57 Vcc<br \/>Sin PoE: V1 (principal): 12-36 Vcc&comma; V2 (respaldo): 12-36 Vcc<\/li>\n<li style='margin-bottom: 5px;'><strong style='color: inherit;'>Consumo propio:<\/strong> 30W<\/li>\n<\/ul><\/div>\n<\/p><\/div>\n<div style='flex: 1 1 250px; border: 1px solid rgba(150&comma; 150&comma; 150&comma; 0.4); border-radius: 8px; overflow: hidden; display: flex; flex-direction: column; min-width: 200px;'>\n<div style='padding: 15px; border-bottom: 1px solid rgba(150&comma; 150&comma; 150&comma; 0.2); font-weight: bold; font-size: 18px; color: inherit;'>PoE<\/div>\n<div style='padding: 15px; color: inherit;'>\n<ul style='padding-left: 20px; margin: 0; font-size: 14px; list-style-type: disc;'>\n<li style='margin-bottom: 5px;'><strong style='color: inherit;'>Tipo de PoE:<\/strong> 802.3 af\/at: End-span&comma; 24V pasivo: Mid-span&comma; 802.3 af\/at\/bt: Mid-span y End-span<\/li>\n<li style='margin-bottom: 5px;'><strong style='color: inherit;'>Puertos PoE(RJ45):<\/strong> Puertos: 1-2 PoE 24V pasivo \/ 802.3 af\/at 30W<br \/>Puertos: 3-4 PoE 802.3 af\/at\/bt 60W<br \/>Puertos: 5-8 PoE 802.3 af\/at 30W<br \/>Presupuesto de PoE: 300W<\/li>\n<\/ul><\/div>\n<\/p><\/div>\n<div style='flex: 1 1 250px; border: 1px solid rgba(150&comma; 150&comma; 150&comma; 0.4); border-radius: 8px; overflow: hidden; display: flex; flex-direction: column; min-width: 200px;'>\n<div style='padding: 15px; border-bottom: 1px solid rgba(150&comma; 150&comma; 150&comma; 0.2); font-weight: bold; font-size: 18px; color: inherit;'>Caracter\u00edsticas Avanzadas<\/div>\n<div style='padding: 15px; color: inherit;'>\n<ul style='padding-left: 20px; margin: 0; font-size: 14px; list-style-type: disc;'>\n<li style='margin-bottom: 5px;'><strong style='color: inherit;'>M\u00e9todo de Transmisi\u00f3n:<\/strong> Store-And-Forward<\/li>\n<li style='margin-bottom: 5px;'><strong style='color: inherit;'>Funciones Avanzadas:<\/strong> Priority Function&comma; Mac Address Auto-Learning&comma; IEEE802.3x flow control for Full-duplex mode&comma; Backpressure for Half-duplex mode&comma; Support VLAN<\/li>\n<\/ul><\/div>\n<\/p><\/div>\n<div style='flex: 1 1 250px; border: 1px solid rgba(150&comma; 150&comma; 150&comma; 0.4); border-radius: 8px; overflow: hidden; display: flex; flex-direction: column; min-width: 200px;'>\n<div style='padding: 15px; border-bottom: 1px solid rgba(150&comma; 150&comma; 150&comma; 0.2); font-weight: bold; font-size: 18px; color: inherit;'>Otros<\/div>\n<div style='padding: 15px; color: inherit;'>\n<ul style='padding-left: 20px; margin: 0; font-size: 14px; list-style-type: disc;'>\n<li style='margin-bottom: 5px;'><strong style='color: inherit;'>Certificaciones:<\/strong> CE&comma; FCC<\/li>\n<li style='margin-bottom: 5px;'><strong style='color: inherit;'>Contenido del Paquete:<\/strong> Switch PoE&comma; Kit de Montaje en Rack&comma; Gu\u00eda de Usuario\/Garant\u00eda<\/li>\n<\/ul><\/div>\n<\/p><\/div>\n<\/p><\/div>\n<\/p><\/div>\n<\/p><\/div>\n","protected":false},"excerpt":{"rendered":"<p>Switch PoE Industrial No administrable \/ Puertos 1-2 PoE 802.3 af\/at y PoE 24 Vcc Pasivo 30W \/ Puertos 3-4 PoE 802.3 af\/at\/bt Hasta 60W \/ Puertos 5-8 PoE 802.3 af\/at Hasta 30W \/ Los 8 puertos son Gigabit + 2 SFP combo \/ Presupuesto 300W<\/p>\n","protected":false},"featured_media":71716,"comment_status":"open","ping_status":"closed","template":"","meta":[],"product_brand":[],"product_cat":[1986],"product_tag":[664,1987,1262],"class_list":{"0":"post-71717","1":"product","2":"type-product","3":"status-publish","4":"has-post-thumbnail","6":"product_cat-switches-poe","7":"product_tag-networking","8":"product_tag-switches-poe","9":"product_tag-wi-tek","11":"first","12":"outofstock","13":"sale","14":"shipping-taxable","15":"purchasable","16":"product-type-simple"},"_links":{"self":[{"href":"https:\/\/soydeaqui.ddns.net\/pachuca\/index.php\/wp-json\/wp\/v2\/product\/71717","targetHints":{"allow":["GET"]}}],"collection":[{"href":"https:\/\/soydeaqui.ddns.net\/pachuca\/index.php\/wp-json\/wp\/v2\/product"}],"about":[{"href":"https:\/\/soydeaqui.ddns.net\/pachuca\/index.php\/wp-json\/wp\/v2\/types\/product"}],"replies":[{"embeddable":true,"href":"https:\/\/soydeaqui.ddns.net\/pachuca\/index.php\/wp-json\/wp\/v2\/comments?post=71717"}],"wp:featuredmedia":[{"embeddable":true,"href":"https:\/\/soydeaqui.ddns.net\/pachuca\/index.php\/wp-json\/wp\/v2\/media\/71716"}],"wp:attachment":[{"href":"https:\/\/soydeaqui.ddns.net\/pachuca\/index.php\/wp-json\/wp\/v2\/media?parent=71717"}],"wp:term":[{"taxonomy":"product_brand","embeddable":true,"href":"https:\/\/soydeaqui.ddns.net\/pachuca\/index.php\/wp-json\/wp\/v2\/product_brand?post=71717"},{"taxonomy":"product_cat","embeddable":true,"href":"https:\/\/soydeaqui.ddns.net\/pachuca\/index.php\/wp-json\/wp\/v2\/product_cat?post=71717"},{"taxonomy":"product_tag","embeddable":true,"href":"https:\/\/soydeaqui.ddns.net\/pachuca\/index.php\/wp-json\/wp\/v2\/product_tag?post=71717"}],"curies":[{"name":"wp","href":"https:\/\/api.w.org\/{rel}","templated":true}]}}