{"id":71715,"date":"2026-03-19T12:15:49","date_gmt":"2026-03-19T12:15:49","guid":{"rendered":"https:\/\/soydeaqui.ddns.net\/pachuca\/index.php\/producto\/transceptor-minigbic-xsfp-1g-10g-25g-lc-duplex-para-fibra-mono-modo-10-kms\/"},"modified":"2026-03-19T12:15:50","modified_gmt":"2026-03-19T12:15:50","slug":"transceptor-minigbic-xsfp-1g-10g-25g-lc-duplex-para-fibra-mono-modo-10-kms","status":"publish","type":"product","link":"https:\/\/soydeaqui.ddns.net\/pachuca\/index.php\/producto\/transceptor-minigbic-xsfp-1g-10g-25g-lc-duplex-para-fibra-mono-modo-10-kms\/","title":{"rendered":"Transceptor MiniGbic XSFP+ 1G\/10G\/25G LC Duplex para fibra Mono Modo 10 Kms"},"content":{"rendered":"<div style='width: 100%; max-width: 1200px; margin: 0 auto; font-family: sans-serif; line-height: 1.6; color: inherit; background-color: transparent;'>\n<div style='display: flex; flex-direction: column; gap: 30px;'>\n<div> <img style='width: 100%; height: auto; border: 1px solid rgba(150&comma;150&comma;150&comma;0.3); border-radius: 8px;' src='https:\/\/ftp3.syscom.mx\/usuarios\/fotos\/XS+31LC10D\/193383-banner_xs+31lc10d.png' alt=''> <\/div>\n<div>\n<p style='font-size: 15px; margin: 0 0 15px; color: inherit;'>Esta unidad es una actualizaci\u00f3n directa de nuestro m\u00f3dulo 10G SFP+ de 10 km anterior: m\u00e1s funcionalidad por el mismo precio. Hemos a\u00f1adido soporte 25G SFP28&comma; para que pueda usar un m\u00f3dulo en todas sus configuraciones. Perfecto para el router de conectividad CCR2004-1G-12S+2XS y cualquier otro dispositivo multipuerto.<\/p>\n<\/p><\/div>\n<div style='display: flex; flex-wrap: wrap; gap: 20px;'>\n<div style='flex: 1 1 250px; border: 1px solid rgba(150&comma; 150&comma; 150&comma; 0.4); border-radius: 8px; overflow: hidden; display: flex; flex-direction: column;'>\n<div style='padding: 15px; border-bottom: 1px solid rgba(150&comma; 150&comma; 150&comma; 0.2); font-weight: bold; font-size: 18px; color: inherit;'>Especificaciones del producto<\/div>\n<div style='padding: 15px; color: inherit;'>\n<ul style='padding-left: 20px; margin: 0; font-size: 14px; list-style-type: disc;'>\n<li style='margin-bottom: 5px;'><strong>C\u00f3digo del producto:<\/strong> XS+31LC10D<\/li>\n<li style='margin-bottom: 5px;'><strong>Conector:<\/strong> Dual LC UPC<\/li>\n<li style='margin-bottom: 5px;'><strong>Velocidad de datos:<\/strong> 1G \/ 10G \/ 25G<\/li>\n<li style='margin-bottom: 5px;'><strong>Distancia:<\/strong> 10 km<\/li>\n<li style='margin-bottom: 5px;'><strong>Formato:<\/strong> SFP \/ SFP+ \/ SFP28<\/li>\n<li style='margin-bottom: 5px;'><strong>MTBF:<\/strong> Aproximadamente 200&#8217;000 horas a 25\u00b0C<\/li>\n<li style='margin-bottom: 5px;'><strong>Modo:<\/strong> Individual<\/li>\n<li style='margin-bottom: 5px;'><strong>Longitud de onda:<\/strong> 1310 nm<\/li>\n<\/ul><\/div>\n<\/p><\/div>\n<\/p><\/div>\n<\/p><\/div>\n<\/p><\/div>\n","protected":false},"excerpt":{"rendered":"<p>Transceptor MiniGbic XSFP+ 1G\/10G\/25G LC Duplex para fibra Mono Modo 10 Kms<\/p>\n","protected":false},"featured_media":71714,"comment_status":"open","ping_status":"closed","template":"","meta":[],"product_brand":[],"product_cat":[663],"product_tag":[643,664,665],"class_list":{"0":"post-71715","1":"product","2":"type-product","3":"status-publish","4":"has-post-thumbnail","6":"product_cat-transceptores-de-fibra","7":"product_tag-mikrotik","8":"product_tag-networking","9":"product_tag-transceptores-de-fibra","11":"first","12":"instock","13":"sale","14":"shipping-taxable","15":"purchasable","16":"product-type-simple"},"_links":{"self":[{"href":"https:\/\/soydeaqui.ddns.net\/pachuca\/index.php\/wp-json\/wp\/v2\/product\/71715","targetHints":{"allow":["GET"]}}],"collection":[{"href":"https:\/\/soydeaqui.ddns.net\/pachuca\/index.php\/wp-json\/wp\/v2\/product"}],"about":[{"href":"https:\/\/soydeaqui.ddns.net\/pachuca\/index.php\/wp-json\/wp\/v2\/types\/product"}],"replies":[{"embeddable":true,"href":"https:\/\/soydeaqui.ddns.net\/pachuca\/index.php\/wp-json\/wp\/v2\/comments?post=71715"}],"wp:featuredmedia":[{"embeddable":true,"href":"https:\/\/soydeaqui.ddns.net\/pachuca\/index.php\/wp-json\/wp\/v2\/media\/71714"}],"wp:attachment":[{"href":"https:\/\/soydeaqui.ddns.net\/pachuca\/index.php\/wp-json\/wp\/v2\/media?parent=71715"}],"wp:term":[{"taxonomy":"product_brand","embeddable":true,"href":"https:\/\/soydeaqui.ddns.net\/pachuca\/index.php\/wp-json\/wp\/v2\/product_brand?post=71715"},{"taxonomy":"product_cat","embeddable":true,"href":"https:\/\/soydeaqui.ddns.net\/pachuca\/index.php\/wp-json\/wp\/v2\/product_cat?post=71715"},{"taxonomy":"product_tag","embeddable":true,"href":"https:\/\/soydeaqui.ddns.net\/pachuca\/index.php\/wp-json\/wp\/v2\/product_tag?post=71715"}],"curies":[{"name":"wp","href":"https:\/\/api.w.org\/{rel}","templated":true}]}}