{"id":71683,"date":"2026-03-19T12:14:35","date_gmt":"2026-03-19T12:14:35","guid":{"rendered":"https:\/\/soydeaqui.ddns.net\/pachuca\/index.php\/producto\/router-industrial-lte-4-5g-cat-6-doble-modem-y-doble-sim-gnss-carcasa-industrial\/"},"modified":"2026-03-19T12:14:46","modified_gmt":"2026-03-19T12:14:46","slug":"router-industrial-lte-4-5g-cat-6-doble-modem-y-doble-sim-gnss-carcasa-industrial","status":"publish","type":"product","link":"https:\/\/soydeaqui.ddns.net\/pachuca\/index.php\/producto\/router-industrial-lte-4-5g-cat-6-doble-modem-y-doble-sim-gnss-carcasa-industrial\/","title":{"rendered":"Router Industrial LTE (4.5G) cat 6, Doble Modem y doble SIM, GNSS, carcasa industrial"},"content":{"rendered":"<div style='width: 100%; max-width: 1200px; margin: 0 auto; font-family: sans-serif; line-height: 1.6; color: inherit; background-color: transparent;'>\n<div style='width: 100%;'> <img style='width: 100%; height: auto; border: 1px solid rgba(150&comma;150&comma;150&comma;0.3); border-radius: 8px;' src='https:\/\/ftp3.syscom.mx\/usuarios\/fotos\/RUTX12\/193044-banner_rutx12.png' alt='Banner RUTX12'> <\/div>\n<div style='width: 100%; padding: 0 20px;'>\n<h3 style='font-size: 24px; text-align: center; color: inherit; margin: 20px 0; padding-bottom: 5px; border-bottom: 2px solid currentColor; opacity: 0.8;'>Router Industrial Doble LTE Cat 6<\/h3>\n<p style='font-size: 15px; color: inherit; margin: 10px 0 20px 0; text-align: justify; line-height: 1.6;'>RUTX12 es el router Dual LTE Cat 6 m\u00e1s potente de nuestra cartera.<\/p>\n<p style='font-size: 15px; color: inherit; margin: 10px 0 20px 0; text-align: justify; line-height: 1.6;'>Dos m\u00f3dems LTE Cat 6 operativos simult\u00e1neamente proporcionan velocidades de hasta 600 Mbps con funci\u00f3n de balanceo de carga.<\/p>\n<p style='font-size: 15px; color: inherit; margin: 10px 0 20px 0; text-align: justify; line-height: 1.6;'>5 puertos Gigabit Ethernet&comma; Wave-2 802.11ac Dual-Band Wi-Fi&comma; Bluetooth LE e interfaces USB y doble SIM hacen que este dispositivo sea irremplazable en aplicaciones donde perder la conexi\u00f3n no es una opci\u00f3n.<\/p>\n<p style='font-size: 15px; color: inherit; margin: 10px 0 20px 0; text-align: justify; line-height: 1.6;'>Repleto de caracter\u00edsticas de seguridad avanzadas como VPN&comma; IPsec&comma; PPTP&comma; L2TP&comma; Stunnel y seguimiento GNSS.<\/p>\n<\/p><\/div>\n<h2 style='font-size: 22px; color: inherit; margin: 30px 0 15px 0; border-bottom: 2px solid currentColor; padding-bottom: 5px; opacity: 0.8;'>Caracter\u00edsticas<\/h2>\n<div style='display: flex; flex-wrap: wrap; gap: 30px; margin-bottom: 30px;'>\n<div style='flex: 1 1 300px; min-width: 280px;'>\n<div style='border: 1px solid rgba(150&comma;150&comma;150&comma;0.4); border-radius: 8px; overflow: hidden;'>\n<div style='padding: 15px; background: rgba(53&comma;152&comma;219&comma;0.1); border-bottom: 1px solid rgba(150&comma;150&comma;150&comma;0.2); color: inherit; font-weight: bold; font-size: 18px;'>Generales<\/div>\n<ul style='padding: 15px 25px; margin: 0; font-size: 14px; color: inherit; list-style-type: disc;'>\n<li style='margin-bottom: 8px;'>Administraci\u00f3n Remota por RMS.<\/li>\n<li style='margin-bottom: 8px;'>Construcci\u00f3n robusta en carcasa de aluminio con opci\u00f3n de montaje en riel DIN.<\/li>\n<li style='margin-bottom: 8px;'>Gran rango de operaci\u00f3n en ambientes extremos.<\/li>\n<li style='margin-bottom: 8px;'>Tama\u00f1o compacto.<\/li>\n<li style='margin-bottom: 8px;'>Alimentaci\u00f3n PoE Pasivo.<\/li>\n<\/ul><\/div>\n<\/p><\/div>\n<div style='flex: 1 1 300px; min-width: 280px;'>\n<div style='border: 1px solid rgba(150&comma;150&comma;150&comma;0.4); border-radius: 8px; overflow: hidden;'>\n<div style='padding: 15px; background: rgba(53&comma;152&comma;219&comma;0.1); border-bottom: 1px solid rgba(150&comma;150&comma;150&comma;0.2); color: inherit; font-weight: bold; font-size: 18px;'>Conectividad<\/div>\n<ul style='padding: 15px 25px; margin: 0; font-size: 14px; color: inherit; list-style-type: disc;'>\n<li style='margin-bottom: 8px;'>4G (LTE) Dual &#8211; Cat 6 hasta 600 Mbps&comma; con balanceo LTE<\/li>\n<li style='margin-bottom: 8px;'>1 Puerto WAN&comma; 10\/100\/1000 Mbps (se puede configurar como LAN)<\/li>\n<li style='margin-bottom: 8px;'>4 Puertos LAN&comma; 10\/100\/1000 Mbps<\/li>\n<li style='margin-bottom: 8px;'>WiFi Wave2 802.11 b\/g\/n\/ac&comma; Dual Band MU-MIMO<\/li>\n<li style='margin-bottom: 8px;'>Access Point (AP) &#8211; Station (STA)&comma; 2 RP-SMA<\/li>\n<li style='margin-bottom: 8px;'>Conexion por VPN (RMS)<\/li>\n<li style='margin-bottom: 8px;'>B2&comma; B4&comma; B5&comma; B7&comma; B12&comma; B13&comma; B25&comma; B26&comma; B29&comma; B30&comma; B66<\/li>\n<\/ul><\/div>\n<\/p><\/div>\n<div style='flex: 1 1 300px; min-width: 280px;'>\n<div style='border: 1px solid rgba(150&comma;150&comma;150&comma;0.4); border-radius: 8px; overflow: hidden;'>\n<div style='padding: 15px; background: rgba(53&comma;152&comma;219&comma;0.1); border-bottom: 1px solid rgba(150&comma;150&comma;150&comma;0.2); color: inherit; font-weight: bold; font-size: 18px;'>Hardware<\/div>\n<ul style='padding: 15px 25px; margin: 0; font-size: 14px; color: inherit; list-style-type: disc;'>\n<li style='margin-bottom: 8px;'>CPU: Quad-core ARM Cortex A7&comma; 717 MHz<\/li>\n<li style='margin-bottom: 8px;'>RAM: 256 MB&comma; DDR3<\/li>\n<\/ul><\/div>\n<\/p><\/div>\n<div style='flex: 1 1 300px; min-width: 280px;'>\n<div style='border: 1px solid rgba(150&comma;150&comma;150&comma;0.4); border-radius: 8px; overflow: hidden;'>\n<div style='padding: 15px; background: rgba(53&comma;152&comma;219&comma;0.1); border-bottom: 1px solid rgba(150&comma;150&comma;150&comma;0.2); color: inherit; font-weight: bold; font-size: 18px;'>El\u00e9ctricas y F\u00edsicas<\/div>\n<ul style='padding: 15px 25px; margin: 0; font-size: 14px; color: inherit; list-style-type: disc;'>\n<li style='margin-bottom: 8px;'>Alimentaci\u00f3n: 9 &#8211; 50 Vcc&comma; PoE pasivo puerto LAN1<\/li>\n<li style='margin-bottom: 8px;'>Consumo: 22 W<\/li>\n<li style='margin-bottom: 8px;'>Peso: 540 g<\/li>\n<li style='margin-bottom: 8px;'>Dimensiones: 132&#215;44.2&#215;95.1 mm (An x Al x Pr)<\/li>\n<li style='margin-bottom: 8px;'>Temperatura de Operaci\u00f3n: -40 a 75\u00ba C<\/li>\n<\/ul><\/div>\n<\/p><\/div>\n<\/p><\/div>\n<h2 style='font-size: 22px; color: inherit; margin: 30px 0 15px 0; border-bottom: 2px solid currentColor; padding-bottom: 5px; opacity: 0.8;'>Remote Management System RMS<\/h2>\n<div style='display: flex; flex-wrap: wrap; gap: 30px; margin-bottom: 30px;'>\n<div style='flex: 1 1 400px; min-width: 300px;'>\n<div style='position: relative; padding-bottom: 56.25%; height: 0; overflow: hidden; margin-bottom: 30px;'>   <\/div>\n<\/p><\/div>\n<div style='flex: 1 1 400px; min-width: 300px;'>\n<div style='position: relative; padding-bottom: 56.25%; height: 0; overflow: hidden; margin-bottom: 30px;'>   <\/div>\n<\/p><\/div>\n<\/p><\/div>\n<\/p><\/div>\n","protected":false},"excerpt":{"rendered":"<p>Router Industrial LTE (4.5G) cat 6, Doble Modem y doble SIM, GNSS, carcasa industrial<\/p>\n","protected":false},"featured_media":71682,"comment_status":"open","ping_status":"closed","template":"","meta":[],"product_brand":[],"product_cat":[1984],"product_tag":[1985,664,1430],"class_list":{"0":"post-71683","1":"product","2":"type-product","3":"status-publish","4":"has-post-thumbnail","6":"product_cat-industrial","7":"product_tag-industrial","8":"product_tag-networking","9":"product_tag-teltonika","11":"first","12":"instock","13":"sale","14":"shipping-taxable","15":"purchasable","16":"product-type-simple"},"_links":{"self":[{"href":"https:\/\/soydeaqui.ddns.net\/pachuca\/index.php\/wp-json\/wp\/v2\/product\/71683","targetHints":{"allow":["GET"]}}],"collection":[{"href":"https:\/\/soydeaqui.ddns.net\/pachuca\/index.php\/wp-json\/wp\/v2\/product"}],"about":[{"href":"https:\/\/soydeaqui.ddns.net\/pachuca\/index.php\/wp-json\/wp\/v2\/types\/product"}],"replies":[{"embeddable":true,"href":"https:\/\/soydeaqui.ddns.net\/pachuca\/index.php\/wp-json\/wp\/v2\/comments?post=71683"}],"wp:featuredmedia":[{"embeddable":true,"href":"https:\/\/soydeaqui.ddns.net\/pachuca\/index.php\/wp-json\/wp\/v2\/media\/71682"}],"wp:attachment":[{"href":"https:\/\/soydeaqui.ddns.net\/pachuca\/index.php\/wp-json\/wp\/v2\/media?parent=71683"}],"wp:term":[{"taxonomy":"product_brand","embeddable":true,"href":"https:\/\/soydeaqui.ddns.net\/pachuca\/index.php\/wp-json\/wp\/v2\/product_brand?post=71683"},{"taxonomy":"product_cat","embeddable":true,"href":"https:\/\/soydeaqui.ddns.net\/pachuca\/index.php\/wp-json\/wp\/v2\/product_cat?post=71683"},{"taxonomy":"product_tag","embeddable":true,"href":"https:\/\/soydeaqui.ddns.net\/pachuca\/index.php\/wp-json\/wp\/v2\/product_tag?post=71683"}],"curies":[{"name":"wp","href":"https:\/\/api.w.org\/{rel}","templated":true}]}}