{"id":71526,"date":"2026-03-19T12:08:34","date_gmt":"2026-03-19T12:08:34","guid":{"rendered":"https:\/\/soydeaqui.ddns.net\/pachuca\/index.php\/producto\/introduccion-a-radioenlaces-partes-que-lo-integranfuncion-general-y-marcas-para-poder-realizar-una-comparativa\/"},"modified":"2026-03-19T12:08:35","modified_gmt":"2026-03-19T12:08:35","slug":"introduccion-a-radioenlaces-partes-que-lo-integranfuncion-general-y-marcas-para-poder-realizar-una-comparativa","status":"publish","type":"product","link":"https:\/\/soydeaqui.ddns.net\/pachuca\/index.php\/producto\/introduccion-a-radioenlaces-partes-que-lo-integranfuncion-general-y-marcas-para-poder-realizar-una-comparativa\/","title":{"rendered":"Introducci\u00f3n a radioenlaces, partes que lo integran,funci\u00f3n general y marcas para poder realizar una comparativa."},"content":{"rendered":"<div style='width: 100%; max-width: 1200px; margin: 0 auto; font-family: sans-serif; line-height: 1.6; color: inherit; background-color: transparent;'>\n<div style='display: flex; flex-wrap: wrap; gap: 30px; margin-bottom: 30px;'>\n<div style='flex: 1 1 300px; min-width: 280px;'>\n<h3 style='font-size: 22px; border-bottom: 2px solid currentColor; padding-bottom: 5px; margin-top: 0; color: inherit; opacity: 0.8;'>Descripci\u00f3n<\/h3>\n<p style='font-size: 15px; color: inherit; margin-bottom: 15px;'>El prop\u00f3sito de este curso es comprender en t\u00e9rminos generales de que implica cuando se habla de un Radioenlace&comma; las partes que lo integran&comma; la funci\u00f3n general de cada una de dichas partes e identificar los modelo en diferentes marcas para poder realizar una comparativa.<\/p>\n<\/p><\/div>\n<\/p><\/div>\n<div style='display: flex; flex-wrap: wrap; gap: 30px; margin-bottom: 30px;'>\n<div style='flex: 1 1 300px; min-width: 280px;'>\n<h3 style='font-size: 22px; border-bottom: 2px solid currentColor; padding-bottom: 5px; margin-top: 0; color: inherit; opacity: 0.8;'>Objetivo<\/h3>\n<p style='font-size: 15px; color: inherit; margin-bottom: 15px;'>Adquirir conocimiento inicial para sentar la base en temas de radioenlaces y emprender el camino a los siguientes niveles m\u00e1s avanzados.<\/p>\n<\/p><\/div>\n<\/p><\/div>\n<div style='display: flex; flex-wrap: wrap; gap: 30px; margin-bottom: 30px;'>\n<div style='flex: 1 1 300px; min-width: 280px;'>\n<h3 style='font-size: 22px; border-bottom: 2px solid currentColor; padding-bottom: 5px; margin-top: 0; color: inherit; opacity: 0.8;'>A qui\u00e9n est\u00e1 dirigido<\/h3>\n<p style='font-size: 15px; color: inherit; margin-bottom: 15px;'>P\u00fablico en general con conocimiento b\u00e1sico de redes.<\/p>\n<\/p><\/div>\n<\/p><\/div>\n<div style='display: flex; flex-wrap: wrap; gap: 20px; margin-bottom: 30px;'>\n<div style='flex: 1 1 250px; border: 1px solid rgba(150&comma; 150&comma; 150&comma; 0.4); border-radius: 8px; overflow: hidden; display: flex; flex-direction: column;'>\n<div style='padding: 15px; border-bottom: 1px solid rgba(150&comma; 150&comma; 150&comma; 0.2); font-weight: bold; font-size: 18px; color: inherit;'>1. Conceptos<\/div>\n<div style='padding: 15px; color: inherit;'>\n<ul style='padding-left: 20px; margin: 0; font-size: 14px; list-style-type: disc;'>\n<li style='margin-bottom: 5px;'><strong>Que es un Radioenlace<\/strong><\/li>\n<li style='margin-bottom: 5px;'>Tipos de Radioenlaces<\/li>\n<li style='margin-bottom: 5px;'>Tipo de transmisi\u00f3n<\/li>\n<li style='margin-bottom: 5px;'><strong>Para que se utilizan los radioenlaces<\/strong><\/li>\n<li style='margin-bottom: 5px;'>Servicios<\/li>\n<li style='margin-bottom: 5px;'>Zonas<\/li>\n<li style='margin-bottom: 5px;'>Tipo de proyectos<\/li>\n<\/ul><\/div>\n<\/p><\/div>\n<div style='flex: 1 1 250px; border: 1px solid rgba(150&comma; 150&comma; 150&comma; 0.4); border-radius: 8px; overflow: hidden; display: flex; flex-direction: column;'>\n<div style='padding: 15px; border-bottom: 1px solid rgba(150&comma; 150&comma; 150&comma; 0.2); font-weight: bold; font-size: 18px; color: inherit;'>2. Elementos<\/div>\n<div style='padding: 15px; color: inherit;'>\n<ul style='padding-left: 20px; margin: 0; font-size: 14px; list-style-type: disc;'>\n<li style='margin-bottom: 5px;'><strong>Componentes que integran un radioenlace<\/strong><\/li>\n<li style='margin-bottom: 5px;'>Radio<\/li>\n<li style='margin-bottom: 5px;'>Antena<\/li>\n<li style='margin-bottom: 5px;'>Cableado<\/li>\n<li style='margin-bottom: 5px;'>Energ\u00eda<\/li>\n<li style='margin-bottom: 5px;'><strong>Funci\u00f3n general de los componentes en un radioenlace<\/strong><\/li>\n<li style='margin-bottom: 5px;'>Escenarios donde se puede implementar<\/li>\n<\/ul><\/div>\n<\/p><\/div>\n<div style='flex: 1 1 250px; border: 1px solid rgba(150&comma; 150&comma; 150&comma; 0.4); border-radius: 8px; overflow: hidden; display: flex; flex-direction: column;'>\n<div style='padding: 15px; border-bottom: 1px solid rgba(150&comma; 150&comma; 150&comma; 0.2); font-weight: bold; font-size: 18px; color: inherit;'>3. Ejemplos<\/div>\n<div style='padding: 15px; color: inherit;'>\n<ul style='padding-left: 20px; margin: 0; font-size: 14px; list-style-type: disc;'>\n<li style='margin-bottom: 5px;'><strong>Tipos de radioenlaces (comparativas)<\/strong><\/li>\n<li style='margin-bottom: 5px;'>Radios<\/li>\n<li style='margin-bottom: 5px;'>Antenas<\/li>\n<li style='margin-bottom: 5px;'>Cableado (conexiones)<\/li>\n<li style='margin-bottom: 5px;'>Energ\u00eda (Opciones para energizar)<\/li>\n<li style='margin-bottom: 5px;'><strong>Marcas y modelos<\/strong><\/li>\n<li style='margin-bottom: 5px;'>Estaciones base<\/li>\n<li style='margin-bottom: 5px;'>Suscriptores<\/li>\n<li style='margin-bottom: 5px;'>Antenas direccionales<\/li>\n<li style='margin-bottom: 5px;'>Antenas sectoriales<\/li>\n<\/ul><\/div>\n<\/p><\/div>\n<div style='flex: 1 1 250px; border: 1px solid rgba(150&comma; 150&comma; 150&comma; 0.4); border-radius: 8px; overflow: hidden; display: flex; flex-direction: column;'>\n<div style='padding: 15px; border-bottom: 1px solid rgba(150&comma; 150&comma; 150&comma; 0.2); font-weight: bold; font-size: 18px; color: inherit;'>4. Estructura<\/div>\n<div style='padding: 15px; color: inherit;'>\n<ul style='padding-left: 20px; margin: 0; font-size: 14px; list-style-type: disc;'>\n<li style='margin-bottom: 5px;'><strong>Diagrama<\/strong><\/li>\n<li style='margin-bottom: 5px;'>Diagrama base con inyectores<\/li>\n<li style='margin-bottom: 5px;'>Diagrama Completo Principal con protectores<\/li>\n<li style='margin-bottom: 5px;'>Diagrama enlace completo PtP y dispositivos en la red ambos extremos<\/li>\n<li style='margin-bottom: 5px;'><strong>Conexiones<\/strong><\/li>\n<li style='margin-bottom: 5px;'>Unboxing<\/li>\n<li style='margin-bottom: 5px;'>Armado de equipos<\/li>\n<li style='margin-bottom: 5px;'>Montaje<\/li>\n<\/ul><\/div>\n<\/p><\/div>\n<div style='flex: 1 1 250px; border: 1px solid rgba(150&comma; 150&comma; 150&comma; 0.4); border-radius: 8px; overflow: hidden; display: flex; flex-direction: column;'>\n<div style='padding: 15px; border-bottom: 1px solid rgba(150&comma; 150&comma; 150&comma; 0.2); font-weight: bold; font-size: 18px; color: inherit;'>5. Ejercicio<\/div>\n<div style='padding: 15px; color: inherit;'>\n<ul style='padding-left: 20px; margin: 0; font-size: 14px; list-style-type: disc;'>\n<li style='margin-bottom: 5px;'><strong>Caso Pr\u00e1ctico<\/strong><\/li>\n<\/ul><\/div>\n<\/p><\/div>\n<div style='flex: 1 1 250px; border: 1px solid rgba(150&comma; 150&comma; 150&comma; 0.4); border-radius: 8px; overflow: hidden; display: flex; flex-direction: column;'>\n<div style='padding: 15px; border-bottom: 1px solid rgba(150&comma; 150&comma; 150&comma; 0.2); font-weight: bold; font-size: 18px; color: inherit;'>6. Teor\u00eda RF<\/div>\n<div style='padding: 15px; color: inherit;'>\n<ul style='padding-left: 20px; margin: 0; font-size: 14px; list-style-type: disc;'>\n<li style='margin-bottom: 5px;'><strong>Conceptos y propiedades<\/strong><\/li>\n<li style='margin-bottom: 5px;'>Frecuencias<\/li>\n<li style='margin-bottom: 5px;'>Longitud de onda<\/li>\n<li style='margin-bottom: 5px;'>Espectro electromagn\u00e9tico<\/li>\n<li style='margin-bottom: 5px;'>Anchos de canal<\/li>\n<li style='margin-bottom: 5px;'>Superposici\u00f3n de canales<\/li>\n<li style='margin-bottom: 5px;'>OFDM<\/li>\n<li style='margin-bottom: 5px;'>Separaci\u00f3n de canales<\/li>\n<li style='margin-bottom: 5px;'>Reutilizaci\u00f3n de frecuencias<\/li>\n<li style='margin-bottom: 5px;'>L\u00ednea de vista y zona de fresnel<\/li>\n<\/ul><\/div>\n<\/p><\/div>\n<div style='flex: 1 1 250px; border: 1px solid rgba(150&comma; 150&comma; 150&comma; 0.4); border-radius: 8px; overflow: hidden; display: flex; flex-direction: column;'>\n<div style='padding: 15px; border-bottom: 1px solid rgba(150&comma; 150&comma; 150&comma; 0.2); font-weight: bold; font-size: 18px; color: inherit;'>7. Examen<\/div>\n<div style='padding: 15px; color: inherit;'>\n<p style='margin: 0; font-size: 14px; color: inherit;'>Evaluaci\u00f3n final del curso<\/p>\n<\/p><\/div>\n<\/p><\/div>\n<\/p><\/div>\n<\/p><\/div>\n","protected":false},"excerpt":{"rendered":"<p>Introducci\u00f3n a radioenlaces, partes que lo integran,funci\u00f3n general y marcas para poder realizar una comparativa.<\/p>\n","protected":false},"featured_media":32,"comment_status":"open","ping_status":"closed","template":"","meta":[],"product_brand":[],"product_cat":[1998],"product_tag":[1999,1980,63],"class_list":{"0":"post-71526","1":"product","2":"type-product","3":"status-publish","4":"has-post-thumbnail","6":"product_cat-5-y-6-ghz","7":"product_tag-5-y-6-ghz","8":"product_tag-enlaces-ptp-y-ptmp","9":"product_tag-syscom","11":"first","12":"outofstock","13":"sale","14":"shipping-taxable","15":"purchasable","16":"product-type-simple"},"_links":{"self":[{"href":"https:\/\/soydeaqui.ddns.net\/pachuca\/index.php\/wp-json\/wp\/v2\/product\/71526","targetHints":{"allow":["GET"]}}],"collection":[{"href":"https:\/\/soydeaqui.ddns.net\/pachuca\/index.php\/wp-json\/wp\/v2\/product"}],"about":[{"href":"https:\/\/soydeaqui.ddns.net\/pachuca\/index.php\/wp-json\/wp\/v2\/types\/product"}],"replies":[{"embeddable":true,"href":"https:\/\/soydeaqui.ddns.net\/pachuca\/index.php\/wp-json\/wp\/v2\/comments?post=71526"}],"wp:featuredmedia":[{"embeddable":true,"href":"https:\/\/soydeaqui.ddns.net\/pachuca\/index.php\/wp-json\/wp\/v2\/media\/32"}],"wp:attachment":[{"href":"https:\/\/soydeaqui.ddns.net\/pachuca\/index.php\/wp-json\/wp\/v2\/media?parent=71526"}],"wp:term":[{"taxonomy":"product_brand","embeddable":true,"href":"https:\/\/soydeaqui.ddns.net\/pachuca\/index.php\/wp-json\/wp\/v2\/product_brand?post=71526"},{"taxonomy":"product_cat","embeddable":true,"href":"https:\/\/soydeaqui.ddns.net\/pachuca\/index.php\/wp-json\/wp\/v2\/product_cat?post=71526"},{"taxonomy":"product_tag","embeddable":true,"href":"https:\/\/soydeaqui.ddns.net\/pachuca\/index.php\/wp-json\/wp\/v2\/product_tag?post=71526"}],"curies":[{"name":"wp","href":"https:\/\/api.w.org\/{rel}","templated":true}]}}