{"id":71480,"date":"2026-03-19T12:06:47","date_gmt":"2026-03-19T12:06:47","guid":{"rendered":"https:\/\/soydeaqui.ddns.net\/pachuca\/index.php\/producto\/switch-administrable-l3-16-puertos-100-1000x-sfp-8-puertos-gigabit-tp-sfp-4-puertos-10g-sfp-stackable\/"},"modified":"2026-03-19T12:06:48","modified_gmt":"2026-03-19T12:06:48","slug":"switch-administrable-l3-16-puertos-100-1000x-sfp-8-puertos-gigabit-tp-sfp-4-puertos-10g-sfp-stackable","status":"publish","type":"product","link":"https:\/\/soydeaqui.ddns.net\/pachuca\/index.php\/producto\/switch-administrable-l3-16-puertos-100-1000x-sfp-8-puertos-gigabit-tp-sfp-4-puertos-10g-sfp-stackable\/","title":{"rendered":"Switch Administrable L3 16-Puertos 100\/1000X SFP, 8-Puertos Gigabit TP\/SFP, 4-Puertos 10G SFP+ Stackable"},"content":{"rendered":"<div style='width: 100%; max-width: 1200px; margin: 0 auto; font-family: sans-serif; line-height: 1.6; color: inherit; background-color: transparent;'>\n<div style='display: flex; flex-wrap: wrap; gap: 30px; margin-bottom: 30px;'>\n<div style='flex: 1 1 300px; min-width: 280px;'>\n<h3 style='font-size: 22px; border-bottom: 2px solid currentColor; padding-bottom: 5px; margin-top: 0; color: inherit; opacity: 0.8;'>Potente soluci\u00f3n de enrutamiento de capa 3 para todas las redes de largo alcance<\/h3>\n<p style='font-size: 15px; color: inherit; margin-top: 15px; margin-bottom: 15px;'>PLANET SGS-6341-16S8C4XR es un conmutador Gigabit administrado apilable de capa 3 que proporciona un rendimiento de alta densidad&comma; enrutamiento est\u00e1tico de capa 3&comma; RIP (protocolo de informaci\u00f3n de enrutamiento) y OSPF (abrir primero la ruta m\u00e1s corta) con enlace ascendente de 10 Gbps y m\u00faltiples interfaces de fibra SFP entregadas en un estuche resistente y resistente. El administrador puede elegir de manera flexible el transceptor SFP\/SFP+ adecuado de acuerdo con la distancia de transmisi\u00f3n o la velocidad de transmisi\u00f3n requerida para extender la red 10G de manera eficiente. Con un tejido de conmutaci\u00f3n de 128 Gbps&comma; el SGS-6341-16S8C4XR puede manejar cantidades extremadamente grandes de datos en una topolog\u00eda segura que se vincula a backbone o servidores de alta capacidad para ISP y VoIP empresarial&comma; transmisi\u00f3n de video y aplicaciones de multidifusi\u00f3n.<\/p>\n<\/p><\/div>\n<\/p><\/div>\n<div style='display: flex; flex-wrap: wrap; gap: 30px; margin-bottom: 30px;'>\n<div style='flex: 1 1 300px; min-width: 280px;'>\n<h3 style='font-size: 22px; border-bottom: 2px solid currentColor; padding-bottom: 5px; margin-top: 0; color: inherit; opacity: 0.8;'>Capacidad Ethernet de alto rendimiento a 10 Gbps<\/h3>\n<p style='font-size: 15px; color: inherit; margin-top: 15px; margin-bottom: 15px;'>Las cuatro ranuras SFP+ integradas en la serie SGS-6341 admiten velocidad dual&comma; 10GBASE-SR\/LR o 1000BASE-SX\/LX. Con interfaces de enlace ascendente de 10 Gbps&comma; la serie SGS-6341 cuenta con una arquitectura de conmutador de alto rendimiento que es capaz de proporcionar una estructura de conmutador sin bloqueo y un rendimiento de velocidad de cable de hasta 128 Gbps&comma; lo que simplifica enormemente las tareas de actualizar la LAN para satisfacer las crecientes demandas de ancho de banda.<\/p>\n<\/p><\/div>\n<\/p><\/div>\n<div style='display: flex; flex-wrap: wrap; gap: 30px; margin-bottom: 30px;'>\n<div style='flex: 1 1 300px; min-width: 280px;'>\n<h3 style='font-size: 22px; border-bottom: 2px solid currentColor; padding-bottom: 5px; margin-top: 0; color: inherit; opacity: 0.8;'>Energ\u00eda redundante de CA y CC para garantizar un funcionamiento continuo<\/h3>\n<p style='font-size: 15px; color: inherit; margin-top: 15px; margin-bottom: 15px;'>El SGS-6341-16S8C4XR est\u00e1 equipado con una unidad de fuente de alimentaci\u00f3n de CA de 100 ~ 240V y una unidad de fuente de alimentaci\u00f3n adicional de 36-75V CC para fuente de alimentaci\u00f3n redundante. Tambi\u00e9n se proporciona un sistema de alimentaci\u00f3n redundante para mejorar la fiabilidad con la unidad de fuente de alimentaci\u00f3n de CA o CC. El sistema de energ\u00eda redundante est\u00e1 espec\u00edficamente dise\u00f1ado para manejar las demandas de las instalaciones de alta tecnolog\u00eda que requieren la m\u00e1s alta integridad de energ\u00eda.<\/p>\n<\/p><\/div>\n<\/p><\/div>\n<div style='display: flex; flex-wrap: wrap; gap: 30px; margin-bottom: 30px;'>\n<div style='flex: 1 1 300px; min-width: 280px;'>\n<h3 style='font-size: 22px; border-bottom: 2px solid currentColor; padding-bottom: 5px; margin-top: 0; color: inherit; opacity: 0.8;'>Gesti\u00f3n de apilamiento de IP<\/h3>\n<p style='font-size: 15px; color: inherit; margin-top: 15px; margin-bottom: 15px;'>La serie SGS-6341 admite la funci\u00f3n de apilamiento de IP que ayuda a los administradores de red a configurar f\u00e1cilmente hasta 24 conmutadores en la misma serie a trav\u00e9s de una sola direcci\u00f3n IP en lugar de conectar y configurar cada unidad una por una. La tecnolog\u00eda IP Stacking agrupa la serie de conmutadores PLANET SGS-6341 para permitir la administraci\u00f3n centralizada a trav\u00e9s de una sola unidad&comma; independientemente de la ubicaci\u00f3n f\u00edsica o el tipo de conmutador&comma; siempre que est\u00e9n conectados a la misma red local.<\/p>\n<\/p><\/div>\n<\/p><\/div>\n<div style='display: flex; flex-wrap: wrap; gap: 30px; margin-bottom: 30px;'>\n<div style='flex: 1 1 300px; min-width: 280px;'>\n<h3 style='font-size: 22px; border-bottom: 2px solid currentColor; padding-bottom: 5px; margin-top: 0; color: inherit; opacity: 0.8;'>Apilamiento de hardware de alta confiabilidad<\/h3>\n<p style='font-size: 15px; color: inherit; margin-top: 15px; margin-bottom: 15px;'>Dos de los puertos 10G SFP+ se utilizan para conectar varias series SGS-6341 y construir una instalaci\u00f3n pr\u00e1cticamente l\u00f3gica. La serie SGS-6341 ofrece a las empresas&comma; proveedores de servicios y telecomunicaciones un control flexible sobre la densidad de puertos&comma; enlaces ascendentes y el rendimiento de la pila de conmutadores. La serie SGS-6341 se puede conectar como un anillo para la redundancia y asegura que se mantenga la integridad de los datos incluso si falla un interruptor en la pila. Incluso puede intercambiar conmutadores en caliente sin interrumpir la red&comma; lo que simplifica enormemente las tareas de actualizar la LAN para satisfacer las crecientes demandas de ancho de banda.<\/p>\n<\/p><\/div>\n<\/p><\/div>\n<div style='display: flex; flex-wrap: wrap; gap: 30px; margin-bottom: 30px;'>\n<div style='flex: 1 1 300px; min-width: 280px;'>\n<h3 style='font-size: 22px; border-bottom: 2px solid currentColor; padding-bottom: 5px; margin-top: 0; color: inherit; opacity: 0.8;'>Soporte de enrutamiento de capa 3<\/h3>\n<p style='font-size: 15px; color: inherit; margin-top: 15px; margin-bottom: 15px;'>La serie SGS-6341 permite al administrador aumentar convenientemente la eficiencia de la red configurando el enrutamiento est\u00e1tico de capa 3 manualmente&comma; y las configuraciones RIP u OSPF autom\u00e1ticamente. El RIP puede emplear el conteo de saltos como una m\u00e9trica de enrutamiento y evitar bucles de enrutamiento mediante la implementaci\u00f3n de un l\u00edmite en el n\u00famero de saltos permitidos en una ruta desde el origen hasta el destino. El OSPF es un protocolo de enrutamiento din\u00e1mico interior para un sistema aut\u00f3nomo basado en el estado del enlace. El protocolo crea una base de datos para el estado del enlace mediante el intercambio de estados de enlace entre los conmutadores Layer3&comma; y luego utiliza el algoritmo Primero la ruta m\u00e1s corta para generar una tabla de ruta basada en esa base de datos.<\/p>\n<\/p><\/div>\n<\/p><\/div>\n<div style='display: flex; flex-wrap: wrap; gap: 30px; margin-bottom: 30px;'>\n<div style='flex: 1 1 300px; min-width: 280px;'>\n<h3 style='font-size: 22px; border-bottom: 2px solid currentColor; padding-bottom: 5px; margin-top: 0; color: inherit; opacity: 0.8;'>Soporte completo de IPv6<\/h3>\n<p style='font-size: 15px; color: inherit; margin-top: 15px; margin-bottom: 15px;'>La serie SGS-6341 proporciona administraci\u00f3n IPv6 y caracter\u00edsticas seguras a nivel empresarial&comma; como SSH&comma; ACL&comma; WRR y autenticaci\u00f3n RADIUS. Por lo tanto&comma; ayuda a las empresas a entrar en la era de IPv6 con la inversi\u00f3n m\u00e1s baja. Adem\u00e1s&comma; no necesita reemplazar las instalaciones de red cuando se construye la red de borde FTTx IPv6.<\/p>\n<\/p><\/div>\n<\/p><\/div>\n<div style='display: flex; flex-wrap: wrap; gap: 30px; margin-bottom: 30px;'>\n<div style='flex: 1 1 300px; min-width: 280px;'>\n<h3 style='font-size: 22px; border-bottom: 2px solid currentColor; padding-bottom: 5px; margin-top: 0; color: inherit; opacity: 0.8;'>Caracter\u00edsticas robustas de la capa 2<\/h3>\n<p style='font-size: 15px; color: inherit; margin-top: 15px; margin-bottom: 15px;'>La serie SGS-6341 se puede programar para funciones b\u00e1sicas de administraci\u00f3n de conmutadores&comma; como la configuraci\u00f3n de la velocidad del puerto&comma; la agregaci\u00f3n de puertos&comma; la VLAN&comma; el Protocolo de \u00e1rbol de expansi\u00f3n m\u00faltiple&comma; WRR&comma; el control de ancho de banda y la inspecci\u00f3n IGMP. Este conmutador proporciona funciones de protocolo VLAN con etiqueta 802.1Q&comma; Q-in-Q&comma; VLAN de voz y GVRP. Al admitir la agregaci\u00f3n de puertos&comma; la serie SGS-6341 permite la operaci\u00f3n de una troncal de alta velocidad combinada con m\u00faltiples puertos. Permite hasta 128 grupos para trunking con un m\u00e1ximo de 8 puertos para cada grupo.<\/p>\n<\/p><\/div>\n<\/p><\/div>\n<div style='display: flex; flex-wrap: wrap; gap: 30px; margin-bottom: 30px;'>\n<div style='flex: 1 1 300px; min-width: 280px;'>\n<h3 style='font-size: 22px; border-bottom: 2px solid currentColor; padding-bottom: 5px; margin-top: 0; color: inherit; opacity: 0.8;'>Excelente control de tr\u00e1fico de capa 2 a capa 4<\/h3>\n<p style='font-size: 15px; color: inherit; margin-top: 15px; margin-bottom: 15px;'>La serie SGS-6341 est\u00e1 cargada de potentes funciones de gesti\u00f3n de tr\u00e1fico y WRR para mejorar los servicios ofrecidos por las telecomunicaciones. Las funcionalidades de WRR incluyen clasificadores de tr\u00e1fico de Capa 4 de velocidad de cable y limitaci\u00f3n de ancho de banda que son particularmente \u00fatiles para aplicaciones de unidades de m\u00faltiples inquilinos&comma; unidades de negocios m\u00faltiples&comma; Telco o servicios de red. Tambi\u00e9n permite a las empresas aprovechar al m\u00e1ximo los recursos limitados de la red y garantiza lo mejor en VoIP y transmisi\u00f3n de videoconferencia.<\/p>\n<\/p><\/div>\n<\/p><\/div>\n<div style='display: flex; flex-wrap: wrap; gap: 30px; margin-bottom: 30px;'>\n<div style='flex: 1 1 300px; min-width: 280px;'>\n<h3 style='font-size: 22px; border-bottom: 2px solid currentColor; padding-bottom: 5px; margin-top: 0; color: inherit; opacity: 0.8;'>Potente seguridad<\/h3>\n<p style='font-size: 15px; color: inherit; margin-top: 15px; margin-bottom: 15px;'>La serie SGS-6341 es compatible con las pol\u00edticas de ACL de manera integral. El tr\u00e1fico se puede clasificar por direcciones IP de origen\/destino&comma; direcciones MAC de origen\/destino&comma; protocolos IP&comma; TCP\/UDP&comma; precedencia IP&comma; rangos de tiempo y ToS. Adem\u00e1s&comma; se pueden llevar a cabo diversas pol\u00edticas para reenviar el tr\u00e1fico. La serie SGS-6341 tambi\u00e9n proporciona autenticaci\u00f3n de acceso basada en puerto IEEE 802.1x&comma; que se puede implementar con RADIUS&comma; para garantizar la seguridad a nivel de puerto y bloquear usuarios ilegales.<\/p>\n<\/p><\/div>\n<\/p><\/div>\n<div style='display: flex; flex-wrap: wrap; gap: 30px; margin-bottom: 30px;'>\n<div style='flex: 1 1 300px; min-width: 280px;'>\n<h3 style='font-size: 22px; border-bottom: 2px solid currentColor; padding-bottom: 5px; margin-top: 0; color: inherit; opacity: 0.8;'>Gesti\u00f3n eficiente y segura<\/h3>\n<p style='font-size: 15px; color: inherit; margin-top: 15px; margin-bottom: 15px;'>Para una administraci\u00f3n eficiente&comma; la serie SGS-6341 Managed Gigabit Switch est\u00e1 equipada con una consola&comma; interfaces de administraci\u00f3n web y SNMP. Con su interfaz de gesti\u00f3n basada en web incorporada&comma; la serie SGS-6341 ofrece una instalaci\u00f3n de gesti\u00f3n y configuraci\u00f3n f\u00e1cil de usar&comma; independiente de la plataforma. La serie SGS-6341 admite el protocolo simple de administraci\u00f3n de red est\u00e1ndar (SNMP) y se puede administrar a trav\u00e9s de cualquier software de administraci\u00f3n est\u00e1ndar. Para reducir el tiempo de aprendizaje del producto&comma; la serie SGS-6341 ofrece comandos similares a los de Cisco a trav\u00e9s de Telnet o el puerto de consola y el cliente no necesita aprender nuevos comandos de estos conmutadores. Adem\u00e1s&comma; la serie SGS-6341 ofrece una gesti\u00f3n remota segura al admitir la conexi\u00f3n SSH que cifra el contenido del paquete en cada sesi\u00f3n.<\/p>\n<\/p><\/div>\n<\/p><\/div>\n<div style='display: flex; flex-wrap: wrap; gap: 30px; margin-bottom: 30px;'>\n<div style='flex: 1 1 300px; min-width: 280px;'>\n<h3 style='font-size: 22px; border-bottom: 2px solid currentColor; padding-bottom: 5px; margin-top: 0; color: inherit; opacity: 0.8;'>Mecanismo de diagn\u00f3stico inteligente de SFP<\/h3>\n<p style='font-size: 15px; color: inherit; margin-top: 15px; margin-bottom: 15px;'>El SGS-6341-16S8C4XR admite la funci\u00f3n SFP-DDM (Monitor de diagn\u00f3stico digital) que ayuda enormemente al administrador de la red a monitorear f\u00e1cilmente los par\u00e1metros en tiempo real de los transceptores SFP y SFP+&comma; como la potencia de salida \u00f3ptica&comma; la potencia de entrada \u00f3ptica&comma; la temperatura&comma; la corriente de polarizaci\u00f3n del l\u00e1ser y voltaje de alimentaci\u00f3n del transceptor.<\/p>\n<\/p><\/div>\n<\/p><\/div>\n<div style='display: flex; flex-wrap: wrap; gap: 30px; margin-bottom: 30px;'>\n<div style='flex: 1 1 300px; min-width: 280px;'> <img style='width: 100%; height: auto; border: 1px solid rgba(150&comma;150&comma;150&comma;0.3); border-radius: 8px;' src='https:\/\/www.planet.com.tw\/storage\/products\/49260\/edm_SGS-6341-16S8C4XR.jpg' alt=''> <\/div>\n<\/p><\/div>\n<div style='display: flex; flex-wrap: wrap; gap: 30px; margin-bottom: 30px;'>\n<div style='flex: 1 1 300px; min-width: 280px;'> <img style='width: 100%; height: auto; border: 1px solid rgba(150&comma;150&comma;150&comma;0.3); border-radius: 8px;' src='https:\/\/www.planet.com.tw\/storage\/products\/49260\/SGS-6341-16S8C4XRv2_Front-Panel-Introducton1.png' alt=''> <\/div>\n<\/p><\/div>\n<div style='display: flex; flex-wrap: wrap; gap: 30px; margin-bottom: 30px;'>\n<div style='flex: 1 1 300px; min-width: 280px;'> <img style='width: 100%; height: auto; border: 1px solid rgba(150&comma;150&comma;150&comma;0.3); border-radius: 8px;' src='https:\/\/www.planet.com.tw\/storage\/products\/49260\/SGS-6341-24xxx-Series-1_L.png' alt=''> <\/div>\n<\/p><\/div>\n<div style='display: flex; flex-wrap: wrap; gap: 30px; margin-bottom: 30px;'>\n<div style='flex: 1 1 300px; min-width: 280px;'> <img style='width: 100%; height: auto; border: 1px solid rgba(150&comma;150&comma;150&comma;0.3); border-radius: 8px;' src='https:\/\/www.planet.com.tw\/storage\/products\/49260\/GS-4210-24P4C-1_L.gif' alt=''> <\/div>\n<\/p><\/div>\n<div style='display: flex; flex-wrap: wrap; gap: 30px; margin-bottom: 30px;'>\n<div style='flex: 1 1 300px; min-width: 280px;'> <img style='width: 100%; height: auto; border: 1px solid rgba(150&comma;150&comma;150&comma;0.3); border-radius: 8px;' src='https:\/\/www.planet.com.tw\/storage\/products\/49260\/SGS-6341-24xxx-Series-2_L.png' alt=''> <\/div>\n<\/p><\/div>\n<\/p><\/div>\n","protected":false},"excerpt":{"rendered":"<p>Switch Administrable L3 16-Puertos 100\/1000X SFP, 8-Puertos Gigabit TP\/SFP, 4-Puertos 10G SFP+ Stackable<\/p>\n","protected":false},"featured_media":71479,"comment_status":"open","ping_status":"closed","template":"","meta":[],"product_brand":[],"product_cat":[1970],"product_tag":[664,2033,1971],"class_list":{"0":"post-71480","1":"product","2":"type-product","3":"status-publish","4":"has-post-thumbnail","6":"product_cat-switches","7":"product_tag-networking","8":"product_tag-planet","9":"product_tag-switches","11":"first","12":"instock","13":"sale","14":"shipping-taxable","15":"purchasable","16":"product-type-simple"},"_links":{"self":[{"href":"https:\/\/soydeaqui.ddns.net\/pachuca\/index.php\/wp-json\/wp\/v2\/product\/71480","targetHints":{"allow":["GET"]}}],"collection":[{"href":"https:\/\/soydeaqui.ddns.net\/pachuca\/index.php\/wp-json\/wp\/v2\/product"}],"about":[{"href":"https:\/\/soydeaqui.ddns.net\/pachuca\/index.php\/wp-json\/wp\/v2\/types\/product"}],"replies":[{"embeddable":true,"href":"https:\/\/soydeaqui.ddns.net\/pachuca\/index.php\/wp-json\/wp\/v2\/comments?post=71480"}],"wp:featuredmedia":[{"embeddable":true,"href":"https:\/\/soydeaqui.ddns.net\/pachuca\/index.php\/wp-json\/wp\/v2\/media\/71479"}],"wp:attachment":[{"href":"https:\/\/soydeaqui.ddns.net\/pachuca\/index.php\/wp-json\/wp\/v2\/media?parent=71480"}],"wp:term":[{"taxonomy":"product_brand","embeddable":true,"href":"https:\/\/soydeaqui.ddns.net\/pachuca\/index.php\/wp-json\/wp\/v2\/product_brand?post=71480"},{"taxonomy":"product_cat","embeddable":true,"href":"https:\/\/soydeaqui.ddns.net\/pachuca\/index.php\/wp-json\/wp\/v2\/product_cat?post=71480"},{"taxonomy":"product_tag","embeddable":true,"href":"https:\/\/soydeaqui.ddns.net\/pachuca\/index.php\/wp-json\/wp\/v2\/product_tag?post=71480"}],"curies":[{"name":"wp","href":"https:\/\/api.w.org\/{rel}","templated":true}]}}