{"id":71386,"date":"2026-03-19T12:03:14","date_gmt":"2026-03-19T12:03:14","guid":{"rendered":"https:\/\/soydeaqui.ddns.net\/pachuca\/index.php\/producto\/generador-a-gasolina-planta-de-emergencia-3kw-7hp-110vca-encendido-de-jalon-jaula-con-ruedas-para-facil-traslado\/"},"modified":"2026-03-19T12:03:20","modified_gmt":"2026-03-19T12:03:20","slug":"generador-a-gasolina-planta-de-emergencia-3kw-7hp-110vca-encendido-de-jalon-jaula-con-ruedas-para-facil-traslado","status":"publish","type":"product","link":"https:\/\/soydeaqui.ddns.net\/pachuca\/index.php\/producto\/generador-a-gasolina-planta-de-emergencia-3kw-7hp-110vca-encendido-de-jalon-jaula-con-ruedas-para-facil-traslado\/","title":{"rendered":"Generador a Gasolina \/ Planta de Emergencia 3kW (7HP), 110Vca, Encendido de Jal\u00f3n, Jaula con Ruedas para F\u00e1cil Traslado"},"content":{"rendered":"<div style='width: 100%; max-width: 1200px; margin: 0 auto; font-family: sans-serif; line-height: 1.6; color: inherit;'>\n<h2 style='font-size: 24px; margin-top: 0; margin-bottom: 15px; color: inherit;'><strong>Generador a Gasolina \/ Planta de Emergencia <\/strong><strong>de 3&comma;000 W de Potencia Nominal&comma; Encendido de Jalon<\/strong><\/h2>\n<div style='margin: 30px 0; text-align: center;'>\n<h3 style='font-size: 20px; margin: 0; color: inherit;'><strong>\u00bfComo Funciona?<\/strong><\/h3>\n<p style='font-size: 14px; margin-top: 15px; color: inherit;'>Los generadores a gasolina EPGEN3000 son una solucion confiable y eficiente para tus necesidades de energ\u00eda port\u00e1til. Estos generadores est\u00e1n dise\u00f1ados para proporcionar energ\u00eda estable en diversas aplicaciones&comma; desde uso dom\u00e9stico hasta trabajos en construcci\u00f3n&comma; eventos al aire libre y emergencias.<\/p>\n<\/p><\/div>\n<div style='display: grid; grid-template-columns: repeat(auto-fill&comma; minmax(280px&comma; 1fr)); gap: 30px; margin-bottom: 30px;'>\n<div style='border-left: 5px solid #F1C40F; border-radius: 5px; padding: 15px; background: rgba(241&comma; 196&comma; 15&comma; 0.05);'>\n<h3 style='font-size: 18px; margin-top: 0; margin-bottom: 15px; color: inherit;'><strong>Caracter\u00edsticas generales:<\/strong><\/h3>\n<ul style='padding-left: 20px; font-size: 14px; color: inherit;'>\n<li style='margin-bottom: 8px;'>Funcionamiento continuo por 10 h.<\/li>\n<li style='margin-bottom: 8px;'>Estructura de 25 mm de di\u00e1metro que sostiene el generador.<\/li>\n<li style='margin-bottom: 8px;'>Salida de tensi\u00f3n estable.<\/li>\n<li style='margin-bottom: 8px;'>Se detiene autom\u00e1ticamente al detectar bajos niveles de aceite.<\/li>\n<li style='margin-bottom: 8px;'>Nivel de ruido: 96 dB(A).<\/li>\n<li style='margin-bottom: 8px;'>Arranque de jal\u00f3n (Retroeso)<\/li>\n<li style='margin-bottom: 8px;'>Tipo de Motor: OHV 4 Tiempos&comma; Refrigerado por Aire&comma; Monocil\u00edndrico<\/li>\n<li style='margin-bottom: 8px;'>Motor: HL210<\/li>\n<li style='margin-bottom: 8px;'>Desplazamiento: 208cc&comma; 7HP a 3&comma;600 rpm<\/li>\n<\/ul><\/div>\n<div style='border-left: 5px solid #F1C40F; border-radius: 5px; padding: 15px; background: rgba(241&comma; 196&comma; 15&comma; 0.05);'>\n<h3 style='font-size: 18px; margin-top: 0; margin-bottom: 15px; color: inherit;'><strong>Caracter\u00edsticas F\u00edsicas y El\u00e9ctricas:<\/strong><\/h3>\n<ul style='padding-left: 20px; font-size: 14px; color: inherit;'>\n<li style='margin-bottom: 8px;'>Potencia nominal: 3 kW.<\/li>\n<li style='margin-bottom: 8px;'>Potencia m\u00e1xima de salida: 3.3 kW.<\/li>\n<li style='margin-bottom: 8px;'>Freciuencia: 60 Hz<\/li>\n<li style='margin-bottom: 8px;'>Voltaje de salida: 120 (monof\u00e1sico).<\/li>\n<li style='margin-bottom: 8px;'>Factor de potencia: 1.0<\/li>\n<li style='margin-bottom: 8px;'>Peso: 44\u00b11 kg.<\/li>\n<li style='margin-bottom: 8px;'>Dimensiones: 587 x 430 x 470 mm.<\/li>\n<\/ul><\/div>\n<div style='border-left: 5px solid #F1C40F; border-radius: 5px; padding: 15px; background: rgba(241&comma; 196&comma; 15&comma; 0.05);'>\n<h3 style='font-size: 18px; margin-top: 0; margin-bottom: 15px; color: inherit;'><strong>Aceite<\/strong><\/h3>\n<ul style='padding-left: 20px; font-size: 14px; color: inherit;'>\n<li style='margin-bottom: 8px;'>Tipo: SAE 5W\/30.<\/li>\n<li style='margin-bottom: 8px;'>Volumen: 0.6 L. <\/li>\n<\/ul>\n<h3 style='font-size: 18px; margin-top: 15px; margin-bottom: 15px; color: inherit;'><strong>Combustible<\/strong><\/h3>\n<ul style='padding-left: 20px; font-size: 14px; color: inherit;'>\n<li style='margin-bottom: 8px;'>Tipo: Gasolina sin plomo.<\/li>\n<li style='margin-bottom: 8px;'>Capacidad del tanque: 15 L. <\/li>\n<\/ul><\/div>\n<\/p><\/div>\n<hr style='border: 0; border-top: 1px solid rgba(150&comma; 150&comma; 150&comma; 0.3); margin: 30px 0;'>\n<div style='margin-bottom: 30px;'>\n<h3 style='font-size: 18px; margin-top: 0; margin-bottom: 15px; color: inherit;'><strong>IMPORTANTE:<\/strong><\/h3>\n<p style='margin-top: 15px; margin-bottom: 15px; color: inherit;'><strong>EL EQUIPO NO INCLUYE ACEITE NI COMBUSTIBLE&comma; LEA EL MANUAL ANTES DE UTILIZAR<\/strong><\/p>\n<h3 style='font-size: 18px; margin-top: 25px; margin-bottom: 15px; color: inherit;'><strong>Aplicaciones:<\/strong><\/h3>\n<ul style='padding-left: 20px; font-size: 14px; color: inherit;'>\n<li style='margin-bottom: 8px;'>Uso Dom\u00e9stico: Proporciona energ\u00eda de respaldo durante cortes de energ\u00eda.<\/li>\n<li style='margin-bottom: 8px;'>Construcci\u00f3n: Alimenta herramientas el\u00e9ctricas y equipos en sitios de trabajo.<\/li>\n<li style='margin-bottom: 8px;'>Eventos al Aire Libre: Suministra electricidad para conciertos&comma; ferias y otras actividades recreativas.<\/li>\n<li style='margin-bottom: 8px;'>Emergencias: Mantiene dispositivos esenciales en funcionamiento durante desastres naturales.<\/li>\n<li style='margin-bottom: 8px;'>Camping y Actividades Recreativas: Proporciona una fuente de energ\u00eda confiable para viajes y actividades al aire libre.<\/li>\n<\/ul>\n<h3 style='font-size: 18px; margin-top: 25px; margin-bottom: 15px; color: inherit;'><strong>Pasos Para encendido de equipo:<\/strong><\/h3>\n<ul style='padding-left: 20px; font-size: 14px; color: inherit;'>\n<li style='margin-bottom: 8px;'>Colocar gasolina al equipo en el dep\u00f3sito superior<\/li>\n<li style='margin-bottom: 8px;'>Colocar aceite SAE 5W30 en el dep\u00f3sito de aceite localizado en la parte inferior del equipo (.6 L).<\/li>\n<li style='margin-bottom: 8px;'>Colocar la llave de paso de gasolina en ON.<\/li>\n<li style='margin-bottom: 8px;'>Colocar el ahogador (Choke) en posici\u00f3n &#8216;Choke&#8217;.<\/li>\n<li style='margin-bottom: 8px;'>Cambiar el switch de encendido a ON.<\/li>\n<li style='margin-bottom: 8px;'>Tire fuertemente del jal\u00f3n hasta que el equipo permanezca encendido.<\/li>\n<li style='margin-bottom: 8px;'>Ya que el equipo arranque cambie el ahogador a posici\u00f3n &#8216;RUN&#8217;.<\/li>\n<\/ul><\/div>\n<div style='display: flex; flex-wrap: wrap; gap: 30px; align-items: stretch;'>\n<div style='flex: 1 1 300px; min-width: 280px; display: flex; flex-direction: column; justify-content: center;'> <img style='width: 100%; height: auto; border: 1px solid rgba(150&comma;150&comma;150&comma;0.3); border-radius: 8px;' src='https:\/\/ftp3.syscom.mx\/usuarios\/mtopete\/Generadores\/EPGEN3000\/EPGEN3000-aplicacion.jpg' alt='Aplicaci\u00f3n del generador EPGEN3000'> <\/div>\n<\/p><\/div>\n<hr style='border: 0; border-top: 1px solid rgba(150&comma; 150&comma; 150&comma; 0.3); margin: 30px 0;'>\n<div style='text-align: center; font-size: 13px; color: inherit;'>\n<p style='margin: 5px 0;'><strong>NOTAS:<\/strong><\/p>\n<p style='margin: 5px 0;'>&#8211; Las im\u00e1genes pueden variar ligeramente al producto fisico.<\/p>\n<p style='margin: 5px 0;'>&#8211; No incluye aceite&comma; ni combustible.<\/p>\n<p style='margin: 5px 0;'>&#8211; Es necesario leer el manual de operaci\u00f3n antes de encender el equipo.<\/p>\n<p style='margin: 5px 0; color: #c0392b;'>&#8211; Se requiere verificar niveles de aceite para su \u00f3ptima operaci\u00f3n.<\/p>\n<p style='margin: 5px 0;'>&#8211; El equipo no cuenta con transfer&comma; por lo que no enciende autom\u00e1ticamente por fallos de CFE.<\/p>\n<p style='margin: 5px 0;'>&#8211; Cualquier tipo de flete debe ir sin gasolina&comma; el equipo no incluye aceite ni gasolina a momento de su venta.<\/p>\n<\/p><\/div>\n<\/p><\/div>\n","protected":false},"excerpt":{"rendered":"<p>Generador a Gasolina \/ Planta de Emergencia 3kW (7HP), 110Vca, Encendido de Jal\u00f3n, Jaula con Ruedas para F\u00e1cil Traslado<\/p>\n","protected":false},"featured_media":71385,"comment_status":"open","ping_status":"closed","template":"","meta":[],"product_brand":[],"product_cat":[1275],"product_tag":[454,1276,1062],"class_list":{"0":"post-71386","1":"product","2":"type-product","3":"status-publish","4":"has-post-thumbnail","6":"product_cat-plantas-de-energia","7":"product_tag-epcom-powerline","8":"product_tag-plantas-de-energia","9":"product_tag-ups-respaldo","11":"first","12":"instock","13":"sale","14":"shipping-taxable","15":"purchasable","16":"product-type-simple"},"_links":{"self":[{"href":"https:\/\/soydeaqui.ddns.net\/pachuca\/index.php\/wp-json\/wp\/v2\/product\/71386","targetHints":{"allow":["GET"]}}],"collection":[{"href":"https:\/\/soydeaqui.ddns.net\/pachuca\/index.php\/wp-json\/wp\/v2\/product"}],"about":[{"href":"https:\/\/soydeaqui.ddns.net\/pachuca\/index.php\/wp-json\/wp\/v2\/types\/product"}],"replies":[{"embeddable":true,"href":"https:\/\/soydeaqui.ddns.net\/pachuca\/index.php\/wp-json\/wp\/v2\/comments?post=71386"}],"wp:featuredmedia":[{"embeddable":true,"href":"https:\/\/soydeaqui.ddns.net\/pachuca\/index.php\/wp-json\/wp\/v2\/media\/71385"}],"wp:attachment":[{"href":"https:\/\/soydeaqui.ddns.net\/pachuca\/index.php\/wp-json\/wp\/v2\/media?parent=71386"}],"wp:term":[{"taxonomy":"product_brand","embeddable":true,"href":"https:\/\/soydeaqui.ddns.net\/pachuca\/index.php\/wp-json\/wp\/v2\/product_brand?post=71386"},{"taxonomy":"product_cat","embeddable":true,"href":"https:\/\/soydeaqui.ddns.net\/pachuca\/index.php\/wp-json\/wp\/v2\/product_cat?post=71386"},{"taxonomy":"product_tag","embeddable":true,"href":"https:\/\/soydeaqui.ddns.net\/pachuca\/index.php\/wp-json\/wp\/v2\/product_tag?post=71386"}],"curies":[{"name":"wp","href":"https:\/\/api.w.org\/{rel}","templated":true}]}}