{"id":71210,"date":"2026-03-19T11:56:32","date_gmt":"2026-03-19T11:56:32","guid":{"rendered":"https:\/\/soydeaqui.ddns.net\/pachuca\/index.php\/producto\/switch-poe-administrable-en-nube-capa-2-de-8-puertos-poe-de-2-5-gbps-hasta-240-w-4-puertos-de-sfp\/"},"modified":"2026-03-19T11:56:43","modified_gmt":"2026-03-19T11:56:43","slug":"switch-poe-administrable-en-nube-capa-2-de-8-puertos-poe-de-2-5-gbps-hasta-240-w-4-puertos-de-sfp","status":"publish","type":"product","link":"https:\/\/soydeaqui.ddns.net\/pachuca\/index.php\/producto\/switch-poe-administrable-en-nube-capa-2-de-8-puertos-poe-de-2-5-gbps-hasta-240-w-4-puertos-de-sfp\/","title":{"rendered":"Switch PoE ++ Administrable en Nube Capa 2  de 8 puertos PoE  de 2.5 Gbps, Hasta 240 W, 4 puertos de SFP"},"content":{"rendered":"<div style='width: 100%; max-width: 1200px; margin: 0 auto; font-family: sans-serif; line-height: 1.6; color: inherit; background-color: transparent;'>\n<div style='display: flex; flex-wrap: wrap; gap: 30px; margin-bottom: 30px; align-items: center; justify-content: center;'> <img style='width: 100%; max-width: 350px; height: auto; border: 1px solid rgba(150&comma;150&comma;150&comma;0.3); border-radius: 8px;' src='https:\/\/www.engeniustech.com\/wp-content\/uploads\/2020\/02\/ECS2512FP-front-angled.jpg' alt='Switch EnGenius ECS2512FP'> <img style='width: 100%; max-width: 250px; height: auto; border: 1px solid rgba(150&comma;150&comma;150&comma;0.3); border-radius: 8px;' src='https:\/\/ftp3.syscom.mx\/usuarios\/alevario\/cloud-logo%20%281%29.png' alt='Cloud Logo'> <\/p>\n<div style='flex: 1 1 auto; min-width: 200px; display: flex; flex-direction: column; align-items: center; gap: 15px;'> <a style='font-size: 16px; color: #3598db; text-decoration: none;' href='https:\/\/cloud.engenius.ai\/demo'>Inicie Demo Cloud<\/a> <a style='font-size: 16px; color: #005cb9; text-decoration: none;' href='https:\/\/cloud.engenius.ai\/'><span style='color: #f1c40f;'>Registro Cloud<\/span><\/a> <\/div>\n<\/p><\/div>\n<div style='margin-bottom: 30px;'>\n<p style='font-size: 14pt; margin: 0 0 15px 0; color: inherit;'> El switch EnGenius Cloud <strong>ECS2512FP<\/strong> cuenta con 8 puertos de 2.5G por puerto&comma; cuenta con PoE ++ 802.3af \/ at \/ bt&comma; es capa 2+ con 240W y 4 puertos 10G SFP+ de enlace ascendente. El switch optimiza la eficiencia de la red asegurando el m\u00e1ximo rendimiento para las grandes empresas. Seleccione las opciones de administraci\u00f3n en la nube o localmente seg\u00fan la arquitectura de red. <\/p>\n<\/p><\/div>\n<hr style='border: 0; border-top: 1px solid rgba(150&comma;150&comma;150&comma;0.3); margin: 30px 0;'>\n<div style='margin-bottom: 30px;'>\n<h3 style='font-size: 22px; border-bottom: 2px solid currentColor; padding-bottom: 5px; margin-top: 0; margin-bottom: 15px; color: inherit; opacity: 0.8;'>Caracter\u00edsticas principales<\/h3>\n<ul style='padding-left: 20px; font-size: 14pt; color: inherit;'>\n<li style='margin-bottom: 8px;'><span style='font-family: arial&comma; helvetica&comma; sans-serif;'>Conmutaci\u00f3n de capa 2+ con todas las funciones<\/span><\/li>\n<li style='margin-bottom: 8px;'><span style='font-family: arial&comma; helvetica&comma; sans-serif;'>8 puertos 10\/100\/1000\/2500 Base-T GbE para servir a dispositivos de gran ancho de banda<\/span><\/li>\n<li style='margin-bottom: 8px;'><span style='font-family: arial&comma; helvetica&comma; sans-serif;'>802.3af \/ at \/ bt PoE ++ en todos los puertos con un m\u00e1ximo de 240W<\/span><\/li>\n<li style='margin-bottom: 8px;'><span style='font-family: arial&comma; helvetica&comma; sans-serif;'>Capacidad de conmutaci\u00f3n de 120 Gbps para un rendimiento mejorado<\/span><\/li>\n<li style='margin-bottom: 8px;'><span style='font-family: arial&comma; helvetica&comma; sans-serif;'>4 puertos de enlace ascendente 10G SFP + (fibra) de doble velocidad<\/span><\/li>\n<\/ul><\/div>\n<\/p><\/div>\n","protected":false},"excerpt":{"rendered":"<p>Switch PoE ++ Administrable en Nube Capa 2  de 8 puertos PoE  de 2.5 Gbps, Hasta 240 W, 4 puertos de SFP<\/p>\n","protected":false},"featured_media":71209,"comment_status":"open","ping_status":"closed","template":"","meta":[],"product_brand":[],"product_cat":[1986],"product_tag":[738,664,1987],"class_list":{"0":"post-71210","1":"product","2":"type-product","3":"status-publish","4":"has-post-thumbnail","6":"product_cat-switches-poe","7":"product_tag-engenius","8":"product_tag-networking","9":"product_tag-switches-poe","11":"first","12":"instock","13":"sale","14":"shipping-taxable","15":"purchasable","16":"product-type-simple"},"_links":{"self":[{"href":"https:\/\/soydeaqui.ddns.net\/pachuca\/index.php\/wp-json\/wp\/v2\/product\/71210","targetHints":{"allow":["GET"]}}],"collection":[{"href":"https:\/\/soydeaqui.ddns.net\/pachuca\/index.php\/wp-json\/wp\/v2\/product"}],"about":[{"href":"https:\/\/soydeaqui.ddns.net\/pachuca\/index.php\/wp-json\/wp\/v2\/types\/product"}],"replies":[{"embeddable":true,"href":"https:\/\/soydeaqui.ddns.net\/pachuca\/index.php\/wp-json\/wp\/v2\/comments?post=71210"}],"wp:featuredmedia":[{"embeddable":true,"href":"https:\/\/soydeaqui.ddns.net\/pachuca\/index.php\/wp-json\/wp\/v2\/media\/71209"}],"wp:attachment":[{"href":"https:\/\/soydeaqui.ddns.net\/pachuca\/index.php\/wp-json\/wp\/v2\/media?parent=71210"}],"wp:term":[{"taxonomy":"product_brand","embeddable":true,"href":"https:\/\/soydeaqui.ddns.net\/pachuca\/index.php\/wp-json\/wp\/v2\/product_brand?post=71210"},{"taxonomy":"product_cat","embeddable":true,"href":"https:\/\/soydeaqui.ddns.net\/pachuca\/index.php\/wp-json\/wp\/v2\/product_cat?post=71210"},{"taxonomy":"product_tag","embeddable":true,"href":"https:\/\/soydeaqui.ddns.net\/pachuca\/index.php\/wp-json\/wp\/v2\/product_tag?post=71210"}],"curies":[{"name":"wp","href":"https:\/\/api.w.org\/{rel}","templated":true}]}}