{"id":70878,"date":"2026-03-19T11:44:05","date_gmt":"2026-03-19T11:44:05","guid":{"rendered":"https:\/\/soydeaqui.ddns.net\/pachuca\/index.php\/producto\/videoportero-ip-ip65-ik08-con-llamada-y-apertura-desde-app-hik-connect-soporta-2-departamentos-poe-estandar-interfaz-web-para-configuracion-2-puertas\/"},"modified":"2026-03-19T11:44:19","modified_gmt":"2026-03-19T11:44:19","slug":"videoportero-ip-ip65-ik08-con-llamada-y-apertura-desde-app-hik-connect-soporta-2-departamentos-poe-estandar-interfaz-web-para-configuracion-2-puertas","status":"publish","type":"product","link":"https:\/\/soydeaqui.ddns.net\/pachuca\/index.php\/producto\/videoportero-ip-ip65-ik08-con-llamada-y-apertura-desde-app-hik-connect-soporta-2-departamentos-poe-estandar-interfaz-web-para-configuracion-2-puertas\/","title":{"rendered":"Videoportero IP (IP65 + IK08) con Llamada y apertura desde APP Hik-Connect \/ Soporta 2 Departamentos \/ PoE Estandar  \/ Interfaz WEB para configuraci\u00f3n \/ 2 puertas"},"content":{"rendered":"<div style='width: 100%; max-width: 1200px; margin: 0 auto; font-family: sans-serif; line-height: 1.6; color: inherit; background-color: transparent;'> <!-- Banner principal --> <\/p>\n<div style='margin-bottom: 30px;'> <a href='http:\/\/soporte.syscom.mx\/control-de-acceso#hikvision' target='_blank' rel='noopener'> <img style='width: 100%; height: auto; border: 1px solid rgba(150&comma;150&comma;150&comma;0.3); border-radius: 8px;' src='https:\/\/ftp3.syscom.mx\/usuarios\/ftp\/web_img\/web_banners\/videoporteros.jpg' alt='Banner Hikvision'> <\/a> <\/div>\n<p> <!-- Videos de YouTube --> <\/p>\n<div style='display: flex; flex-wrap: wrap; gap: 20px; margin-bottom: 30px;'>\n<div style='flex: 1 1 300px; min-width: 280px;'>\n<div style='position: relative; padding-bottom: 56.25%; height: 0; overflow: hidden;'>   <\/div>\n<\/p><\/div>\n<div style='flex: 1 1 300px; min-width: 280px;'>\n<div style='position: relative; padding-bottom: 56.25%; height: 0; overflow: hidden;'>   <\/div>\n<\/p><\/div>\n<div style='flex: 1 1 300px; min-width: 280px;'>\n<div style='position: relative; padding-bottom: 56.25%; height: 0; overflow: hidden;'>   <\/div>\n<\/p><\/div>\n<\/p><\/div>\n<p> <!-- Secci\u00f3n de caracter\u00edsticas --> <\/p>\n<div style='display: flex; flex-wrap: wrap; gap: 30px; margin-bottom: 30px;'>\n<div style='flex: 1 1 300px; min-width: 280px;'>\n<div style='border-left: 5px solid #ff0d21; border-radius: 5px; padding: 15px; box-shadow: 2px 2px 10px rgba(216&comma;216&comma;216&comma;0.4);'>\n<h3 style='font-size: 18px; margin-top: 0; margin-bottom: 15px; color: inherit; opacity: 0.9;'>Caracter\u00edsticas de Frente de Calle DS-KV8213WME1(B)<\/h3>\n<ul style='padding-left: 20px; font-size: 14px; color: inherit; margin: 0;'>\n<li style='margin-bottom: 8px;'>Funci\u00f3n de TV Portero<\/li>\n<li style='margin-bottom: 8px;'>Apertura remota desde App Hik-Connect (P2P)<\/li>\n<li style='margin-bottom: 8px;'>C\u00e1mara de 1080p con IR&comma; H.264&comma; \u00c1ngulo 129\u00b0<\/li>\n<li style='margin-bottom: 8px;'>Funci\u00f3n de control de acceso<\/li>\n<li style='margin-bottom: 8px;'>IR 3m<\/li>\n<li style='margin-bottom: 8px;'>Micr\u00f3fono y Altavoz integrados<\/li>\n<li style='margin-bottom: 8px;'>Audio de dos v\u00edas<\/li>\n<li style='margin-bottom: 8px;'>WDR<\/li>\n<li style='margin-bottom: 8px;'>Protocolo: TCP\/IP 10\/100 mbps&comma; RTSP&comma; Self-Adaptive Ethernet<\/li>\n<li style='margin-bottom: 8px;'>Entrada de alarma: 4 in<\/li>\n<li style='margin-bottom: 8px;'>RS485 x 1<\/li>\n<li style='margin-bottom: 8px;'>Soporta hasta <strong style='color: inherit;'>10&comma;000 Tarjetas Mifare<\/strong> (13.56MHz)<\/li>\n<li style='margin-bottom: 8px;'>\n<p style='margin: 0; font-size: 14px; color: inherit;'>Tarjetas recomendadas: <strong style='color: inherit;'>ACCESSCARM1K&comma; ACCESSCARDM4K&comma; ACCESKFBM1K&comma; ACCESSWB65M1K&comma; ACCESSWB74M1K<\/strong>. <strong style='color: inherit;'><a href='https:\/\/www.syscom.mx\/principal\/promociones\/tarjetas_mifare-7359.html?ordenar=Relevancia&#038;pag=1' style='color: #005cb9; text-decoration: none;' target='_blank'>Ver aqu\u00ed<\/a><\/strong><\/p>\n<\/li>\n<li style='margin-bottom: 8px;'>Salida Relevador x 2 (puede abrir 2 puertas)<\/li>\n<li style='margin-bottom: 8px;'>Slot para memoria SD no funcional por el momento<\/li>\n<\/ul><\/div>\n<\/p><\/div>\n<div style='flex: 1 1 300px; min-width: 280px;'>\n<div style='border-left: 5px solid #ff0d21; border-radius: 5px; padding: 15px; box-shadow: 2px 2px 10px rgba(216&comma;216&comma;216&comma;0.4);'>\n<h3 style='font-size: 18px; margin-top: 0; margin-bottom: 15px; color: inherit; opacity: 0.9;'>Caracter\u00edsticas F\u00edsicas y El\u00e9ctricas<\/h3>\n<ul style='padding-left: 20px; font-size: 14px; color: inherit; margin: 0;'>\n<li style='margin-bottom: 8px;'>Voltaje de operaci\u00f3n: 12 Vcc&comma; PoE Est\u00e1ndar IEEE802.3af &#8211; (Fuente no incluida)<\/li>\n<li style='margin-bottom: 8px;'>Consumo: 10W<\/li>\n<li style='margin-bottom: 8px;'>Nivel de protecci\u00f3n: IP65 (Exterior protegido) &#038; IK08<\/li>\n<li style='margin-bottom: 8px;'>Temperatura de operaci\u00f3n: -40 \u00b0C a +53 \u00b0C (-40 \u00b0F a 127.4 \u00b0F)<\/li>\n<li style='margin-bottom: 8px;'>Dimensiones 174 (alto) \u00d7 83.66 (ancho) \u00d7 18 (largo) mm<\/li>\n<\/ul>\n<div style='margin-top: 20px; padding: 15px; background-color: rgba(231&comma;76&comma;60&comma;0.1); border-left: 4px solid #e74c3c;'>\n<p style='margin: 0 0 10px; font-size: 14px; color: #e74c3c;'><strong style='color: #e74c3c;'>NOTA IMPORTANTE:<\/strong> El firmware de este modelo NO es compatible con el firmware de los modelos que NO tienen letra B<\/p>\n<p style='margin: 0 0 10px; font-size: 14px; color: #e74c3c;'><strong style='color: #e74c3c;'>Ejemplo:<\/strong><\/p>\n<ul style='padding-left: 20px; margin: 0; font-size: 14px; color: inherit;'>\n<li style='margin-bottom: 5px;'><span style='color: #005cb9; font-weight: 600;'>DS-KV8113-WME1<\/span><\/li>\n<li style='margin-bottom: 5px;'><span style='color: #005cb9; font-weight: 600;'>DS-KV8213-WME1<\/span><\/li>\n<li style='margin-bottom: 5px;'><span style='color: #005cb9; font-weight: 600;'>DS-KV8413-WME1<\/span><\/li>\n<li style='margin-bottom: 5px;'><span style='color: #005cb9; font-weight: 600;'>DS-KV6113-WPE1<\/span><\/li>\n<\/ul>\n<p style='margin-top: 15px; font-size: 14px; color: inherit;'><em>*En caso de falla de conexi\u00f3n con plataforma P2P puede ser a raz\u00f3n externa al equipo&comma; como restricciones de red propias o del ISP.<\/em><\/p>\n<\/p><\/div>\n<\/p><\/div>\n<\/p><\/div>\n<div style='flex: 1 1 300px; min-width: 280px;'>\n<div style='border-left: 5px solid #ff0d21; border-radius: 5px; padding: 15px; box-shadow: 2px 2px 10px rgba(216&comma;216&comma;216&comma;0.4);'>\n<h3 style='font-size: 18px; margin-top: 0; margin-bottom: 15px; color: inherit; opacity: 0.9;'>Caracter\u00edsticas Destacadas<\/h3>\n<ul style='padding-left: 20px; font-size: 14px; color: inherit; margin: 0;'>\n<li style='margin-bottom: 8px;'>Solo es cuesti\u00f3n de alimentar el equipo con una fuente de 12 Vcc o mediante PoE para facilitar la instalaci\u00f3n<\/li>\n<li style='margin-bottom: 8px;'>No es posible agregarlo directo a Hik-Connect&comma; se requiere monitor IP Hikvision para su operaci\u00f3n<\/li>\n<\/ul>\n<div style='margin-top: 20px;'>\n<p style='margin: 0 0 10px; font-size: 14px; color: #e74c3c;'><strong style='color: #e74c3c;'>Monitores compatibles:<\/strong><\/p>\n<ul style='padding-left: 20px; margin: 0; font-size: 14px; color: inherit;'>\n<li style='margin-bottom: 5px;'><a href='https:\/\/www.syscom.mx\/principal\/searchcont?route=DS-KH6220-LE1-HIKVISION-189752&#038;autodetect=dskh6220' style='color: #005cb9; text-decoration: none; font-weight: 600;' target='_blank'>DS-KH6220-LE1<\/a> (solo local&comma; sin llamada a la App)<\/li>\n<li style='margin-bottom: 5px;'><a href='https:\/\/www.syscom.mx\/principal\/searchcont?route=DS-KH6320-WTE1-HIKVISION-170761&#038;autodetect=DSKH6310' style='color: #005cb9; text-decoration: none; font-weight: 600;' target='_blank'>DS-KH6320-WTE1<\/a><\/li>\n<li style='margin-bottom: 5px;'><a href='https:\/\/www.syscom.mx\/principal\/searchcont?route=DS-KH8520-WTE1-HIKVISION-170927&#038;autodetect=DSKH' style='color: #005cb9; text-decoration: none; font-weight: 600;' target='_blank'>DS-KH8520-WTE1<\/a><\/li>\n<li style='margin-bottom: 5px;'><a href='https:\/\/www.syscom.mx\/principal\/searchcont?route=DS-KH9510-WTE1-HIKVISION-194544&#038;autodetect=dskh9' style='color: #005cb9; text-decoration: none; font-weight: 600;' target='_blank'>DS-KH9510-WTE1<\/a><\/li>\n<li style='margin-bottom: 5px;'><a href='https:\/\/www.syscom.mx\/principal\/searchcont?route=DS-KH9310-WTE1-HIKVISION-194536&#038;autodetect=dskh9' style='color: #005cb9; text-decoration: none; font-weight: 600;' target='_blank'>DS-KH9310-WTE1<\/a><\/li>\n<\/ul><\/div>\n<div style='margin-top: 15px;'>\n<p style='margin: 0; font-size: 14px; color: inherit;'>Soporta <strong style='color: inherit;'>6 monitores por cada departamento<\/strong> (1 Principal y 5 extensiones). Todos timbran al mismo tiempo.<\/p>\n<p style='margin: 10px 0 0; font-size: 14px; color: inherit;'>Soporta <strong style='color: inherit;'>9 frentes de calle en total<\/strong> (1 principal y 8 esclavos).<\/p>\n<\/p><\/div>\n<\/p><\/div>\n<\/p><\/div>\n<\/p><\/div>\n<p> <!-- Consideraciones importantes --> <\/p>\n<div style='margin-bottom: 30px;'>\n<div style='border-left: 5px solid #ff0000; border-radius: 5px; padding: 15px; box-shadow: 2px 2px 10px rgba(216&comma;216&comma;216&comma;0.4);'>\n<h3 style='font-size: 18px; margin-top: 0; margin-bottom: 15px; color: inherit; opacity: 0.9;'>Consideraciones<\/h3>\n<p> <!-- Contenido vac\u00edo en el original --> <\/div>\n<\/p><\/div>\n<p> <!-- Nota importante y recursos --> <\/p>\n<div style='margin-bottom: 30px;'>\n<div style='border: 1px solid rgba(150&comma;150&comma;150&comma;0.3); border-radius: 8px; padding: 20px;'>\n<div style='text-align: center; margin-bottom: 15px;'>\n<p style='margin: 0; font-size: 18px; color: #c0392b;'><strong>\u00a1IMPORTANTE!<\/strong><\/p>\n<p style='margin: 10px 0; font-size: 14px; color: inherit;'>Aseg\u00farese de instalar el Firmware recomendado (secci\u00f3n de descargas) y tener su App HikConnect actualizada para obtener el rendimiento recomendado de su sistema de Intercom.<\/p>\n<\/p><\/div>\n<h3 style='text-align: center; margin: 20px 0 15px; font-size: 20px; color: inherit; border-bottom: 2px solid rgba(150&comma;150&comma;150&comma;0.3); padding-bottom: 8px;'>Recursos<\/h3>\n<p> <!-- Recursos - Logos con enlaces --> <\/p>\n<div style='display: flex; flex-wrap: wrap; gap: 15px; margin-bottom: 25px;'>\n<div style='flex: 1 1 250px; min-width: 200px;'> <a href='https:\/\/www.hikvision.com\/es-la\/support\/download\/software\/ivms4200-series\/?q=serie%20ivms4200&#038;position=1' target='_blank' rel='noopener'> <img style='width: 100%; height: auto; border: 1px solid rgba(150&comma;150&comma;150&comma;0.3); border-radius: 8px;' src='https:\/\/ftp3.syscom.mx\/usuarios\/gmagos\/HIK\/IP\/IPC\/Imagenes%20pagina\/Descargas%20IVMS4200.jpg' alt='IVMS4200'> <\/a> <\/div>\n<div style='flex: 1 1 250px; min-width: 200px;'> <a href='https:\/\/appstore.hikvision.com\/' target='_blank' rel='noopener'> <img style='width: 100%; height: auto; border: 1px solid rgba(150&comma;150&comma;150&comma;0.3); border-radius: 8px;' src='https:\/\/ftp3.syscom.mx\/usuarios\/gmagos\/HIK\/IP\/IPC\/Imagenes%20pagina\/Descargas%20de%20app.jpg' alt='App Hikvision'> <\/a> <\/div>\n<div style='flex: 1 1 250px; min-width: 200px;'> <a href='https:\/\/ftp3.syscom.mx\/usuarios\/ftp\/2020\/03\/27\/5e4a0\/DS-KV8213-WME1_Villa%20Door%20Station_Datasheet_V1.0_20190822.pdf' target='_blank' rel='noopener'> <img style='width: 100%; height: auto; border: 1px solid rgba(150&comma;150&comma;150&comma;0.3); border-radius: 8px;' src='https:\/\/ftp3.syscom.mx\/usuarios\/gmagos\/HIK\/IP\/IPC\/Imagenes%20pagina\/Descarga%20de%20PDF.jpg' alt='Ficha t\u00e9cnica PDF'> <\/a> <\/div>\n<\/p><\/div>\n<p> <!-- Accesorio de instalaci\u00f3n --> <\/p>\n<div style='display: flex; flex-wrap: wrap; gap: 20px; margin-top: 30px;'>\n<div style='flex: 1 1 300px; min-width: 250px;'> <img style='width: 100%; height: auto; border: 1px solid rgba(150&comma;150&comma;150&comma;0.3); border-radius: 8px;' src='https:\/\/ftp3.syscom.mx\/usuarios\/fotos\/BancoFotografiasSyscom\/HIKVISION\/DSKABV8113RS\/DSKABV8113RS-AD-1-p.PNG' alt='Accesorio de instalaci\u00f3n'> <\/div>\n<div style='flex: 1 1 300px; min-width: 250px;'>\n<h3 style='margin-top: 0; margin-bottom: 15px; font-size: 18px; color: inherit; opacity: 0.9;'>Accesorio de instalaci\u00f3n recomendado<\/h3>\n<p style='margin: 0 0 15px; font-size: 14px; color: inherit;'>Los frentes de calle ya incluyen montaje de instalaci\u00f3n&comma; el modelo <a href='https:\/\/www.syscom.mx\/producto\/DS-KABV8113-RSS-HIKVISION-185549.html' style='color: #005cb9; text-decoration: none; font-weight: 600;' target='_blank'>DS-KABV8113-RS<\/a> es un accesorio (No incluido) que funciona como carcasa protectora del frente de calle para ofrecer protecci\u00f3n adicional.<\/p>\n<h4 style='margin: 20px 0 10px; font-size: 16px; color: inherit; opacity: 0.9;'>Caracter\u00edsticas f\u00edsicas<\/h4>\n<ul style='padding-left: 20px; font-size: 14px; color: inherit; margin: 0;'>\n<li style='margin-bottom: 5px;'><strong style='color: inherit;'>Material:<\/strong> Acero inoxidable<\/li>\n<li style='margin-bottom: 5px;'><strong style='color: inherit;'>Temperatura de operaci\u00f3n:<\/strong> -40\u00b0 a 60 \u00b0C (-40\u00b0F a 140\u00b0F)<\/li>\n<li style='margin-bottom: 5px;'><strong style='color: inherit;'>Dimensiones:<\/strong> 189 mm \u00d7 97 mm \u00d7 49 mm (7.43&#8242; \u00d7 3.82&#8242; \u00d7 1.91&#8242;)<\/li>\n<li style='margin-bottom: 5px;'><strong style='color: inherit;'>Modelo:<\/strong> <a href='https:\/\/www.syscom.mx\/producto\/DS-KABV8113-RSS-HIKVISION-185549.html' style='color: #005cb9; text-decoration: none; font-weight: 600;' target='_blank'>DS-KABV8113-RS<\/a><\/li>\n<li style='margin-bottom: 5px;'><span style='color: #000000;'>NO Incluido en Frentes de calle.<\/span><\/li>\n<\/ul><\/div>\n<\/p><\/div>\n<p> <!-- Diagrama de conexi\u00f3n --> <\/p>\n<div style='margin-top: 40px;'>\n<h3 style='text-align: center; margin: 30px 0 20px; font-size: 20px; color: inherit; border-bottom: 2px solid rgba(150&comma;150&comma;150&comma;0.3); padding-bottom: 8px;'>Diagrama de conexi\u00f3n con alimentaci\u00f3n PoE<\/h3>\n<p> <img style='width: 100%; height: auto; border: 1px solid rgba(150&comma;150&comma;150&comma;0.3); border-radius: 8px;' src='https:\/\/ftp3.syscom.mx\/usuarios\/rcovarrubias\/videoporteros\/diagramas%20de%20conexion\/Frente%202%20botones%20ver2.jpg' alt='Diagrama de conexi\u00f3n PoE'> <\/div>\n<p> <!-- Imagen del producto --> <\/p>\n<div style='margin-top: 40px;'> <img style='width: 100%; height: auto; border: 1px solid rgba(150&comma;150&comma;150&comma;0.3); border-radius: 8px;' src='https:\/\/ftp3.syscom.mx\/usuarios\/fespinoza\/HIKVISION\/Dispositivos\/Videoporteros\/DSKV8X13WME1\/DS-KV8213-WME1.jpg' alt='Videoportero Hikvision DS-KV8213WME1'> <\/div>\n<p> <!-- Video de la serie --> <\/p>\n<div style='margin-top: 40px;'>\n<h3 style='text-align: center; margin: 30px 0 20px; font-size: 20px; color: inherit; border-bottom: 2px solid rgba(150&comma;150&comma;150&comma;0.3); padding-bottom: 8px;'>Serie de videoporteros Hikvision<\/h3>\n<div style='position: relative; padding-bottom: 56.25%; height: 0; overflow: hidden;'>   <\/div>\n<\/p><\/div>\n<p> <!-- Link a soporte --> <\/p>\n<div style='margin-top: 40px; text-align: center;'> <a href='http:\/\/soporte.syscom.mx\/es\/articles\/4296720-hikvision-videoportero-configuraciones-tercera-generacion-con-interfaz-web' style='display: inline-block;'> <img style='width: auto; max-width: 100%; height: auto; border: 1px solid rgba(150&comma;150&comma;150&comma;0.3); border-radius: 8px;' src='https:\/\/ftp3.syscom.mx\/usuarios\/fespinoza\/HIKVISION\/Dispositivos\/Videoporteros\/HIKVISION-VIDEOPORTEROS.png' alt='Soporte t\u00e9cnico Hikvision'> <\/a> <\/div>\n<\/p><\/div>\n<\/p><\/div>\n<\/p><\/div>\n","protected":false},"excerpt":{"rendered":"<p>Videoportero IP (IP65 + IK08) con Llamada y apertura desde APP Hik-Connect \/ Soporta 2 Departamentos \/ PoE Estandar  \/ Interfaz WEB para configuraci\u00f3n \/ 2 puertas<\/p>\n","protected":false},"featured_media":70877,"comment_status":"open","ping_status":"closed","template":"","meta":[],"product_brand":[],"product_cat":[819],"product_tag":[54,820,557],"class_list":{"0":"post-70878","1":"product","2":"type-product","3":"status-publish","4":"has-post-thumbnail","6":"product_cat-multiapartamentos","7":"product_tag-hikvision","8":"product_tag-multiapartamentos","9":"product_tag-videoporteros-e-interfonos","11":"first","12":"outofstock","13":"sale","14":"shipping-taxable","15":"purchasable","16":"product-type-simple"},"_links":{"self":[{"href":"https:\/\/soydeaqui.ddns.net\/pachuca\/index.php\/wp-json\/wp\/v2\/product\/70878","targetHints":{"allow":["GET"]}}],"collection":[{"href":"https:\/\/soydeaqui.ddns.net\/pachuca\/index.php\/wp-json\/wp\/v2\/product"}],"about":[{"href":"https:\/\/soydeaqui.ddns.net\/pachuca\/index.php\/wp-json\/wp\/v2\/types\/product"}],"replies":[{"embeddable":true,"href":"https:\/\/soydeaqui.ddns.net\/pachuca\/index.php\/wp-json\/wp\/v2\/comments?post=70878"}],"wp:featuredmedia":[{"embeddable":true,"href":"https:\/\/soydeaqui.ddns.net\/pachuca\/index.php\/wp-json\/wp\/v2\/media\/70877"}],"wp:attachment":[{"href":"https:\/\/soydeaqui.ddns.net\/pachuca\/index.php\/wp-json\/wp\/v2\/media?parent=70878"}],"wp:term":[{"taxonomy":"product_brand","embeddable":true,"href":"https:\/\/soydeaqui.ddns.net\/pachuca\/index.php\/wp-json\/wp\/v2\/product_brand?post=70878"},{"taxonomy":"product_cat","embeddable":true,"href":"https:\/\/soydeaqui.ddns.net\/pachuca\/index.php\/wp-json\/wp\/v2\/product_cat?post=70878"},{"taxonomy":"product_tag","embeddable":true,"href":"https:\/\/soydeaqui.ddns.net\/pachuca\/index.php\/wp-json\/wp\/v2\/product_tag?post=70878"}],"curies":[{"name":"wp","href":"https:\/\/api.w.org\/{rel}","templated":true}]}}