{"id":70853,"date":"2026-03-19T11:43:13","date_gmt":"2026-03-19T11:43:13","guid":{"rendered":"https:\/\/soydeaqui.ddns.net\/pachuca\/index.php\/producto\/onu-dual-g-epon-con-wi-fi-ac-de-doble-banda-1-puerto-sc-upc-2-puertos-lan-gigabit-1-puerto-fxs\/"},"modified":"2026-03-19T11:43:20","modified_gmt":"2026-03-19T11:43:20","slug":"onu-dual-g-epon-con-wi-fi-ac-de-doble-banda-1-puerto-sc-upc-2-puertos-lan-gigabit-1-puerto-fxs","status":"publish","type":"product","link":"https:\/\/soydeaqui.ddns.net\/pachuca\/index.php\/producto\/onu-dual-g-epon-con-wi-fi-ac-de-doble-banda-1-puerto-sc-upc-2-puertos-lan-gigabit-1-puerto-fxs\/","title":{"rendered":"ONU Dual G\/EPON con Wi-Fi AC de doble banda, 1 puerto SC\/UPC + 2 puertos LAN Gigabit + 1 puerto FXS"},"content":{"rendered":"<div style='width: 100%; max-width: 1200px; margin: 0 auto; font-family: sans-serif; line-height: 1.6; color: inherit; background-color: transparent;'> <!-- Secci\u00f3n de caracter\u00edsticas en grid --> <\/p>\n<div style='display: grid; grid-template-columns: repeat(auto-fill&comma; minmax(280px&comma; 1fr)); gap: 30px; margin-bottom: 30px;'>\n<div style='border-left: 5px solid #ff0000; border-radius: 8px; padding: 15px; background-color: rgba(200&comma;200&comma;200&comma;0.05);'>\n<h3 style='font-size: 20px; margin-top: 0; margin-bottom: 15px; color: inherit; opacity: 0.85;'>Caracter\u00edsticas principales<\/h3>\n<ul style='padding-left: 20px; font-size: 14px; color: inherit; list-style-position: inside;'>\n<li style='margin-bottom: 8px;'>Dimensiones: 178 \u00d7 120 \u00d7 30 mm (largo \u00d7 ancho \u00d7 alto)<\/li>\n<li style='margin-bottom: 8px;'>Aplicaciones Triple Play: <strong style='color: inherit;'>Datos y Voz IP<\/strong><\/li>\n<li style='margin-bottom: 8px;'>Gesti\u00f3n y Monitoreo en l\u00ednea desde la OLT V-SOL<\/li>\n<li style='margin-bottom: 8px;'>Gesti\u00f3n amigable desde: EMS \/ Web \/ Telnet \/ CLI<\/li>\n<\/ul><\/div>\n<div style='border-left: 5px solid #ff0000; border-radius: 8px; padding: 15px; background-color: rgba(200&comma;200&comma;200&comma;0.05);'>\n<h3 style='font-size: 20px; margin-top: 0; margin-bottom: 15px; color: inherit; opacity: 0.85;'>Caracter\u00edsticas F\u00edsicas y El\u00e9ctricas<\/h3>\n<ul style='padding-left: 20px; font-size: 14px; color: inherit; list-style-position: inside;'>\n<li style='margin-bottom: 8px;'>Alimentaci\u00f3n: 12V 1A (Fuente Incluida)<\/li>\n<li style='margin-bottom: 8px;'>Consumo m\u00e1ximo: 10W<\/li>\n<li style='margin-bottom: 8px;'>Peso: 0.32 Kg<\/li>\n<li style='margin-bottom: 8px;'>Temperatura de operaci\u00f3n: 0\u00b0 a 50\u00b0 C<\/li>\n<\/ul><\/div>\n<div style='border-left: 5px solid #ff0000; border-radius: 8px; padding: 15px; background-color: rgba(200&comma;200&comma;200&comma;0.05);'>\n<h3 style='font-size: 20px; margin-top: 0; margin-bottom: 15px; color: inherit; opacity: 0.85;'>Caracter\u00edsticas de Red<\/h3>\n<ul style='padding-left: 20px; font-size: 14px; color: inherit; list-style-position: inside;'>\n<li style='margin-bottom: 8px;'>2 Puertos 1 Gbps RJ45<\/li>\n<li style='margin-bottom: 8px;'>1 Puerto RJ11<\/li>\n<li style='margin-bottom: 8px;'>4 Antenas Wi-Fi con 5 dBi<\/li>\n<\/ul><\/div>\n<\/p><\/div>\n<p> <!-- Im\u00e1genes --> <\/p>\n<div style='margin-bottom: 30px; text-align: center;'> <img style='width: 100%; height: auto; border: 1px solid rgba(150&comma;150&comma;150&comma;0.3); border-radius: 8px;' src='https:\/\/www.vsolcn.com\/wp-content\/uploads\/2023\/06\/HG323DAC-1-1.jpg' alt=''> <\/div>\n<p> <!-- Secci\u00f3n de cobertura --> <\/p>\n<div style='margin-bottom: 30px; text-align: center;'>\n<h3 style='font-size: 22px; margin-bottom: 15px; color: inherit; opacity: 0.9;'>4 Antenas de Alta Ganancia para Gran Cobertura<\/h3>\n<p style='font-size: 15px; color: inherit; opacity: 0.9; margin-bottom: 20px; max-width: 800px; margin-left: auto; margin-right: auto;'> Cada antena tiene 5 dBi de ganancia&comma; en conjunto con el chipset Realtek de alto rendimiento. <\/p>\n<p> <img style='width: 100%; height: auto; border: 1px solid rgba(150&comma;150&comma;150&comma;0.3); border-radius: 8px;' src='https:\/\/www.vsolcn.com\/wp-content\/uploads\/2023\/06\/HG323ACT2-1.jpg' alt=''> <\/div>\n<p> <!-- Secci\u00f3n Mesh --> <\/p>\n<div style='margin-bottom: 30px; text-align: center;'>\n<h3 style='font-size: 22px; margin-bottom: 15px; color: inherit; opacity: 0.9;'>Gran Cobertura con Disponibilidad De Una Red Mesh<\/h3>\n<p> <img style='width: 100%; height: auto; border: 1px solid rgba(150&comma;150&comma;150&comma;0.3); border-radius: 8px;' src='https:\/\/www.vsolcn.com\/wp-content\/uploads\/2023\/06\/HG323ACT3.jpg' alt=''> <\/div>\n<p> <!-- Secci\u00f3n MU-MIMO --> <\/p>\n<div style='text-align: center;'>\n<h3 style='font-size: 22px; margin-bottom: 15px; color: inherit; opacity: 0.9;'>Tecnolog\u00eda MU-MIMO Para La Efectividad de Conexi\u00f3n Inal\u00e1mbrica<\/h3>\n<p> <img style='width: 100%; height: auto; border: 1px solid rgba(150&comma;150&comma;150&comma;0.3); border-radius: 8px;' src='https:\/\/www.vsolcn.com\/wp-content\/uploads\/2023\/06\/HG323ACT4.jpg' alt=''> <\/div>\n<\/p><\/div>\n","protected":false},"excerpt":{"rendered":"<p>ONU Dual G\/EPON con Wi-Fi AC de doble banda, 1 puerto SC\/UPC + 2 puertos LAN Gigabit + 1 puerto FXS<\/p>\n","protected":false},"featured_media":70852,"comment_status":"open","ping_status":"closed","template":"","meta":[],"product_brand":[],"product_cat":[2010],"product_tag":[2012,2011,2013],"class_list":{"0":"post-70853","1":"product","2":"type-product","3":"status-publish","4":"has-post-thumbnail","6":"product_cat-onus-onts","7":"product_tag-onus-onts","8":"product_tag-redes-ftth-pon","9":"product_tag-v-sol","11":"first","12":"instock","13":"sale","14":"shipping-taxable","15":"purchasable","16":"product-type-simple"},"_links":{"self":[{"href":"https:\/\/soydeaqui.ddns.net\/pachuca\/index.php\/wp-json\/wp\/v2\/product\/70853","targetHints":{"allow":["GET"]}}],"collection":[{"href":"https:\/\/soydeaqui.ddns.net\/pachuca\/index.php\/wp-json\/wp\/v2\/product"}],"about":[{"href":"https:\/\/soydeaqui.ddns.net\/pachuca\/index.php\/wp-json\/wp\/v2\/types\/product"}],"replies":[{"embeddable":true,"href":"https:\/\/soydeaqui.ddns.net\/pachuca\/index.php\/wp-json\/wp\/v2\/comments?post=70853"}],"wp:featuredmedia":[{"embeddable":true,"href":"https:\/\/soydeaqui.ddns.net\/pachuca\/index.php\/wp-json\/wp\/v2\/media\/70852"}],"wp:attachment":[{"href":"https:\/\/soydeaqui.ddns.net\/pachuca\/index.php\/wp-json\/wp\/v2\/media?parent=70853"}],"wp:term":[{"taxonomy":"product_brand","embeddable":true,"href":"https:\/\/soydeaqui.ddns.net\/pachuca\/index.php\/wp-json\/wp\/v2\/product_brand?post=70853"},{"taxonomy":"product_cat","embeddable":true,"href":"https:\/\/soydeaqui.ddns.net\/pachuca\/index.php\/wp-json\/wp\/v2\/product_cat?post=70853"},{"taxonomy":"product_tag","embeddable":true,"href":"https:\/\/soydeaqui.ddns.net\/pachuca\/index.php\/wp-json\/wp\/v2\/product_tag?post=70853"}],"curies":[{"name":"wp","href":"https:\/\/api.w.org\/{rel}","templated":true}]}}