{"id":70696,"date":"2026-03-19T11:37:06","date_gmt":"2026-03-19T11:37:06","guid":{"rendered":"https:\/\/soydeaqui.ddns.net\/pachuca\/index.php\/producto\/adaptador-ethernet-10-gigabit-sfp\/"},"modified":"2026-03-19T11:37:10","modified_gmt":"2026-03-19T11:37:10","slug":"adaptador-ethernet-10-gigabit-sfp","status":"publish","type":"product","link":"https:\/\/soydeaqui.ddns.net\/pachuca\/index.php\/producto\/adaptador-ethernet-10-gigabit-sfp\/","title":{"rendered":"Adaptador ethernet 10 gigabit SFP+"},"content":{"rendered":"<div style='width: 100%; max-width: 1200px; margin: 0 auto; font-family: sans-serif; line-height: 1.6; color: inherit; background-color: transparent;'> <!-- Banner de garant\u00eda --> <\/p>\n<div style='width: 100%; margin: 20px 0;'> <a href='https:\/\/ftp3.syscom.mx\/usuarios\/ftp\/2018\/10\/17\/be9cb\/PROCEDIMIENTO%20GARANTIA%20SYNOLOGY.pdf'> <img style='width: 100%; max-width: 900px; height: auto; display: block; margin: 0 auto; border: 1px solid rgba(150&comma;150&comma;150&comma;0.3); border-radius: 8px;' src='https:\/\/ftp3.syscom.mx\/usuarios\/nortega\/synology\/imagenes\/cintillo%20garantia.jpg' alt='Banner de garant\u00eda' \/> <\/a> <\/div>\n<p> <!-- Descripci\u00f3n principal --> <\/p>\n<div style='margin: 30px 0;'>\n<p>El E10G17-F2 es un adaptador de Ethernet de 10 Gigabit SFP+ PCIe 3.0 x8 de doble puerto espec\u00edficamente dise\u00f1ado para los servidores NAS de la serie FS\/XS(+) de Synology. Con descarga de CPU (RDMA sobre Ethernet) soporte&comma; E10G17-F2 satisface las demandas inform\u00e1ticas de alto rendimiento.<\/p>\n<\/p><\/div>\n<p> <!-- Informaci\u00f3n destacada --> <\/p>\n<div style='margin: 30px 0;'>\n<div style='background-color: rgba(150&comma;150&comma;150&comma;0.1); border-left: 4px solid #8f8f8f; padding: 15px; border-radius: 6px;'>\n<p style='margin: 0; font-weight: bold; color: inherit;'>Exclusivo para los servidores NAS de la serie FS\/XS(+)<\/p>\n<\/p><\/div>\n<p style='margin-top: 15px;'>Con empresas que se ocupan cada vez m\u00e1s tareas intensivas de datos&comma; una red de 10 GbE es una buena soluci\u00f3n para las organizaciones que necesitan un gran ancho de banda de red y un alto rendimiento en el funcionamiento diario&comma; como el acceso a los datos o copias de seguridad. Con el adaptador de Ethernet E10G17-F2 de Synology&comma; los servidores NAS de la serie FS\/XS(+) de Synology obtienen una opci\u00f3n flexible para la actualizaci\u00f3n de la especificaci\u00f3n del sistema y la optimizaci\u00f3n de la transmisi\u00f3n de datos.<\/p>\n<\/p><\/div>\n<p> <!-- Especificaciones --> <\/p>\n<div style='margin: 30px 0;'>\n<div style='display: flex; flex-wrap: wrap; gap: 20px;'>\n<div style='flex: 1 1 300px; min-width: 280px;'>\n<div style='border: 1px solid rgba(150&comma; 150&comma; 150&comma; 0.3); border-radius: 8px; overflow: hidden;'>\n<div style='padding: 15px; background-color: rgba(150&comma;150&comma;150&comma;0.05); border-bottom: 1px solid rgba(150&comma; 150&comma; 150&comma; 0.2); color: inherit;'> <strong style='color: inherit;'>Equipos compatibles<\/strong> <\/div>\n<div style='padding: 15px; color: inherit;'>\n<ul style='padding-left: 20px; margin: 0; font-size: 14px; color: inherit;'>\n<li style='margin-bottom: 5px;'>FS3017<\/li>\n<li style='margin-bottom: 5px;'>FS2017<\/li>\n<li style='margin-bottom: 5px;'>RS10817XSPLUS<\/li>\n<li style='margin-bottom: 5px;'>RS4017XSPLUS<\/li>\n<li style='margin-bottom: 5px;'>RS3617XSPLUS<\/li>\n<li style='margin-bottom: 5px;'>RS3617XS<\/li>\n<li style='margin-bottom: 5px;'>RS3617RPXS<\/li>\n<li style='margin-bottom: 5px;'>RC18015XSPLUS<\/li>\n<li style='margin-bottom: 5px;'>DS3617XS<\/li>\n<li style='margin-bottom: 5px;'>DS1817PLUS<\/li>\n<li style='margin-bottom: 5px;'>DS1517PLUS<\/li>\n<\/ul>\n<p style='margin-top: 15px; font-style: italic; color: inherit;'>*El equipo DS2015XS no es compatible<\/p>\n<\/p><\/div>\n<\/p><\/div>\n<\/p><\/div>\n<\/p><\/div>\n<\/p><\/div>\n<\/p><\/div>\n","protected":false},"excerpt":{"rendered":"<p>Adaptador ethernet 10 gigabit SFP+<\/p>\n","protected":false},"featured_media":70695,"comment_status":"open","ping_status":"closed","template":"","meta":[],"product_brand":[],"product_cat":[1973],"product_tag":[1974,1975,1976],"class_list":{"0":"post-70696","1":"product","2":"type-product","3":"status-publish","4":"has-post-thumbnail","6":"product_cat-memorias-ram","7":"product_tag-almacenamiento","8":"product_tag-memorias-ram","9":"product_tag-synology","11":"first","12":"outofstock","13":"sale","14":"shipping-taxable","15":"purchasable","16":"product-type-simple"},"_links":{"self":[{"href":"https:\/\/soydeaqui.ddns.net\/pachuca\/index.php\/wp-json\/wp\/v2\/product\/70696","targetHints":{"allow":["GET"]}}],"collection":[{"href":"https:\/\/soydeaqui.ddns.net\/pachuca\/index.php\/wp-json\/wp\/v2\/product"}],"about":[{"href":"https:\/\/soydeaqui.ddns.net\/pachuca\/index.php\/wp-json\/wp\/v2\/types\/product"}],"replies":[{"embeddable":true,"href":"https:\/\/soydeaqui.ddns.net\/pachuca\/index.php\/wp-json\/wp\/v2\/comments?post=70696"}],"wp:featuredmedia":[{"embeddable":true,"href":"https:\/\/soydeaqui.ddns.net\/pachuca\/index.php\/wp-json\/wp\/v2\/media\/70695"}],"wp:attachment":[{"href":"https:\/\/soydeaqui.ddns.net\/pachuca\/index.php\/wp-json\/wp\/v2\/media?parent=70696"}],"wp:term":[{"taxonomy":"product_brand","embeddable":true,"href":"https:\/\/soydeaqui.ddns.net\/pachuca\/index.php\/wp-json\/wp\/v2\/product_brand?post=70696"},{"taxonomy":"product_cat","embeddable":true,"href":"https:\/\/soydeaqui.ddns.net\/pachuca\/index.php\/wp-json\/wp\/v2\/product_cat?post=70696"},{"taxonomy":"product_tag","embeddable":true,"href":"https:\/\/soydeaqui.ddns.net\/pachuca\/index.php\/wp-json\/wp\/v2\/product_tag?post=70696"}],"curies":[{"name":"wp","href":"https:\/\/api.w.org\/{rel}","templated":true}]}}