{"id":70653,"date":"2026-03-19T11:35:22","date_gmt":"2026-03-19T11:35:22","guid":{"rendered":"https:\/\/soydeaqui.ddns.net\/pachuca\/index.php\/producto\/gabinete-profesional-de-piso-para-telecomunicaciones-de-12ur-1000-mm-profundidad-se-envia-el-gabinete-armado\/"},"modified":"2026-03-19T11:35:22","modified_gmt":"2026-03-19T11:35:22","slug":"gabinete-profesional-de-piso-para-telecomunicaciones-de-12ur-1000-mm-profundidad-se-envia-el-gabinete-armado","status":"publish","type":"product","link":"https:\/\/soydeaqui.ddns.net\/pachuca\/index.php\/producto\/gabinete-profesional-de-piso-para-telecomunicaciones-de-12ur-1000-mm-profundidad-se-envia-el-gabinete-armado\/","title":{"rendered":"Gabinete Profesional de Piso para Telecomunicaciones de 12UR, 1000 mm Profundidad, Se env\u00eda el Gabinete armado."},"content":{"rendered":"<div style='width: 100%; max-width: 1200px; margin: 0 auto; font-family: sans-serif; line-height: 1.6; color: inherit; background-color: transparent;'> <!-- Imagen principal --> <\/p>\n<div style='width: 100%; margin-bottom: 30px;'> <img style='width: 100%; height: auto; border: 1px solid rgba(150&comma;150&comma;150&comma;0.3); border-radius: 8px;' src='https:\/\/ftp3.syscom.mx\/usuarios\/fotos\/web_img\/web_banners\/gabinetes-linkedpro-3.jpg' alt='Gabinete Profesional de Piso para Telecomunicaciones'> <\/div>\n<p> <!-- Contenedor principal con grid --> <\/p>\n<div style='display: grid; grid-template-columns: repeat(auto-fit&comma; minmax(280px&comma; 1fr)); gap: 30px; margin-bottom: 30px;'> <!-- Caracter\u00edsticas Destacadas --> <\/p>\n<div style='border: 1px solid rgba(150&comma; 150&comma; 150&comma; 0.4); border-radius: 8px; overflow: hidden; display: flex; flex-direction: column;'>\n<div style='padding: 15px; border-bottom: 1px solid rgba(150&comma; 150&comma; 150&comma; 0.2); font-weight: bold; font-size: 18px; color: inherit;'>Caracter\u00edsticas Destacadas<\/div>\n<div style='padding: 15px; color: inherit;'>\n<ul style='padding-left: 20px; margin: 0; font-size: 14px; list-style-type: disc;'>\n<li style='margin-bottom: 5px;'>Tipo de Instalaci\u00f3n: Piso.<\/li>\n<li style='margin-bottom: 5px;'>Puerta frontal con cierre de seguridad en 3 puntos y con ventana de cristal templado.<\/li>\n<li style='margin-bottom: 5px;'>Laterales desmontables con cerradura.<\/li>\n<li style='margin-bottom: 5px;'>Los 4 Postes racks se pueden acercar o retirar para una mejor instalaci\u00f3n de equipo.<\/li>\n<li style='margin-bottom: 5px;'>Chapas de seguridad con llave \u00fanica por chapa.<\/li>\n<li style='margin-bottom: 5px;'>Puertas desmontables y opci\u00f3n de cambio de sentido de apertura.<\/li>\n<li style='margin-bottom: 5px;'>Preparaci\u00f3n para 1 juego de ventilador <a style='color: inherit; text-decoration: underline;' href='https:\/\/www.syscom.mx\/principal\/searchcont?route=LP-VENT-03-LINKEDPRO-137114&#038;autodetect=lpvent03'>LP-VENT-03<\/a> o un <a style='color: inherit; text-decoration: underline;' href='https:\/\/www.syscom.mx\/principal\/searchcont?route=LP-VENT-02V2-LINKEDPRO-174680&#038;autodetect=lpvent'>LP-VENT-02V2<\/a> (no incluidos).<\/li>\n<li style='margin-bottom: 5px;'>Incluye niveladores.<\/li>\n<li style='margin-bottom: 5px;'>Ruedas se venden por separado modelo <a style='color: inherit; text-decoration: underline;' href='https:\/\/www.syscom.mx\/principal\/searchcont?route=LP-CAST-72-SET-LINKEDPRO-195481&#038;autodetect=lpcast'>LP-CAST-72-SET<\/a>.<\/li>\n<li style='margin-bottom: 5px;'>Env\u00edo Armado.<\/li>\n<li style='margin-bottom: 5px;'><strong>No compatible con organizadores verticales.<\/strong><\/li>\n<li style='margin-bottom: 5px;'><strong>Se env\u00eda el Gabinete armado.<\/strong><\/li>\n<\/ul><\/div>\n<\/p><\/div>\n<p> <!-- Aplicaci\u00f3n y Contenido --> <\/p>\n<div style='border: 1px solid rgba(150&comma; 150&comma; 150&comma; 0.4); border-radius: 8px; overflow: hidden; display: flex; flex-direction: column;'>\n<div style='padding: 15px; border-bottom: 1px solid rgba(150&comma; 150&comma; 150&comma; 0.2); font-weight: bold; font-size: 18px; color: inherit;'>Aplicaci\u00f3n<\/div>\n<div style='padding: 15px; color: inherit;'>\n<ul style='padding-left: 20px; margin: 0 0 15px 0; font-size: 14px; list-style-type: disc;'>\n<li style='margin-bottom: 5px;'>Sistemas de Videovigilancia.<\/li>\n<li style='margin-bottom: 5px;'>Unidades de respaldo.<\/li>\n<li style='margin-bottom: 5px;'>Distribuci\u00f3n de servicios de internet.<\/li>\n<li style='margin-bottom: 5px;'>Radiocomunicaci\u00f3n en dos v\u00edas.<\/li>\n<li style='margin-bottom: 5px;'>Radiocomunicaci\u00f3n.<\/li>\n<li style='margin-bottom: 5px;'>Administraci\u00f3n de cableado de cobre y fibra.<\/li>\n<\/ul>\n<p style='margin: 0 0 10px 0; font-weight: bold; font-size: 15px; color: inherit;'>El equipo incluye:<\/p>\n<ul style='padding-left: 20px; margin: 0 0 15px 0; font-size: 14px; list-style-type: disc;'>\n<li style='margin-bottom: 5px;'>Cuerpo met\u00e1lico (tapas laterales&comma; postes racks&comma; puerta frontal y trasera)<\/li>\n<li style='margin-bottom: 5px;'>Torniller\u00eda color negro para armado.<\/li>\n<li style='margin-bottom: 5px;'>Torniller\u00eda para instalaci\u00f3n de 3 equipos en postes rack (16 tuercas enjauladas y 16 tornillos + 16 arandelas).<\/li>\n<li style='margin-bottom: 5px;'>Manual de usuario + garant\u00eda.<\/li>\n<li style='margin-bottom: 5px;'>Niveladores.<\/li>\n<li style='margin-bottom: 5px;'>Empaque.<\/li>\n<\/ul>\n<p style='margin: 0 0 10px 0; font-weight: bold; font-size: 15px; color: inherit;'>Compatibilidad de Organizadores:<\/p>\n<ul style='padding-left: 20px; margin: 0; font-size: 14px; list-style-type: disc;'>\n<li style='margin-bottom: 5px;'><a style='color: inherit; text-decoration: underline;' href='https:\/\/www.syscom.mx\/principal\/searchcont?route=LPCM-04-LINKEDPRO-BY-EPCOM-65991&#038;autodetect=lpcm04'>LPCM-04<\/a><\/li>\n<li style='margin-bottom: 5px;'><a style='color: inherit; text-decoration: underline;' href='https:\/\/www.syscom.mx\/principal\/searchcont?route=LPCM-042U-LINKEDPRO-BY-EPCOM-65992&#038;autodetect=lpcm04'>LPCM-042U<\/a><\/li>\n<li style='margin-bottom: 5px;'><a style='color: inherit; text-decoration: underline;' href='https:\/\/www.syscom.mx\/principal\/searchcont?route=LP-ORG-01-LINKEDPRO-BY-EPCOM-217274&#038;autodetect=LP-ORG-01'>LP-ORG-01<\/a><\/li>\n<li style='margin-bottom: 5px;'><a style='color: inherit; text-decoration: underline;' href='https:\/\/www.syscom.mx\/principal\/searchcont?route=LP-ORG-02-LINKEDPRO-BY-EPCOM-217281&#038;autodetect=LP-ORG-01'>LP-ORG-02<\/a><\/li>\n<\/ul><\/div>\n<\/p><\/div>\n<p> <!-- Caracter\u00edsticas F\u00edsicas --> <\/p>\n<div style='border: 1px solid rgba(150&comma; 150&comma; 150&comma; 0.4); border-radius: 8px; overflow: hidden; display: flex; flex-direction: column;'>\n<div style='padding: 15px; border-bottom: 1px solid rgba(150&comma; 150&comma; 150&comma; 0.2); font-weight: bold; font-size: 18px; color: inherit;'>Caracter\u00edsticas F\u00edsicas<\/div>\n<div style='padding: 15px; color: inherit;'>\n<ul style='padding-left: 20px; margin: 0; font-size: 14px; list-style-type: disc;'>\n<li style='margin-bottom: 5px;'><strong>Aplicaci\u00f3n:<\/strong> Interior.<\/li>\n<li style='margin-bottom: 5px;'><strong>Material:<\/strong> Acero de primera calidad.<\/li>\n<li style='margin-bottom: 5px;'><strong>Norma:<\/strong> ANSI\/TIA RS-310-D.<\/li>\n<li style='margin-bottom: 5px;'><strong>Peso:<\/strong> 46.84 Kg (sin embalaje).<\/li>\n<li style='margin-bottom: 5px;'><strong>Capacidad de carga:<\/strong> 567 Kg.<\/li>\n<li style='margin-bottom: 5px;'><strong>Carga m\u00e1xima por unidad:<\/strong> 15 Kg.<\/li>\n<li style='margin-bottom: 5px;'><strong>Dimensiones:<\/strong> 600 x 635 x 1058 mm (Ancho x Alto x Profundidad).<\/li>\n<li style='margin-bottom: 5px;'><strong>Unidades Rack:<\/strong> 12<\/li>\n<li style='margin-bottom: 5px;'><strong>Profundidad de trabajo max.:<\/strong> 920 mm<\/li>\n<li style='margin-bottom: 5px;'><strong>Color:<\/strong> Negro semi mate.<\/li>\n<li style='margin-bottom: 5px;'><strong>Acabado:<\/strong> Pintura por proceso de horneado base poli\u00e9ster.<\/li>\n<li style='margin-bottom: 5px;'><a style='color: inherit; text-decoration: underline;' href='https:\/\/ftp3.syscom.mx\/usuarios\/ftp\/2021\/04\/29\/712d5\/LP6060XXU%20HOJA%20ESPECIFICACIONES.PDF'>Ver m\u00e1s caracter\u00edsticas t\u00e9cnicas.<\/a><\/li>\n<\/ul><\/div>\n<\/p><\/div>\n<\/p><\/div>\n<p> <!-- Separador final --> <\/p>\n<hr style='border: 0; border-top: 1px solid rgba(150&comma; 150&comma; 150&comma; 0.3); margin: 30px 0;'> <\/div>\n","protected":false},"excerpt":{"rendered":"<p>Gabinete Profesional de Piso para Telecomunicaciones de 12UR, 1000 mm Profundidad, Se env\u00eda el Gabinete armado.<\/p>\n","protected":false},"featured_media":70652,"comment_status":"open","ping_status":"closed","template":"","meta":[],"product_brand":[],"product_cat":[623],"product_tag":[435,624,605],"class_list":{"0":"post-70653","1":"product","2":"type-product","3":"status-publish","4":"has-post-thumbnail","6":"product_cat-racks-cerrados","7":"product_tag-linkedpro-by-epcom","8":"product_tag-racks-cerrados","9":"product_tag-racks-y-gabinetes","11":"first","12":"outofstock","13":"sale","14":"shipping-taxable","15":"purchasable","16":"product-type-simple"},"_links":{"self":[{"href":"https:\/\/soydeaqui.ddns.net\/pachuca\/index.php\/wp-json\/wp\/v2\/product\/70653","targetHints":{"allow":["GET"]}}],"collection":[{"href":"https:\/\/soydeaqui.ddns.net\/pachuca\/index.php\/wp-json\/wp\/v2\/product"}],"about":[{"href":"https:\/\/soydeaqui.ddns.net\/pachuca\/index.php\/wp-json\/wp\/v2\/types\/product"}],"replies":[{"embeddable":true,"href":"https:\/\/soydeaqui.ddns.net\/pachuca\/index.php\/wp-json\/wp\/v2\/comments?post=70653"}],"wp:featuredmedia":[{"embeddable":true,"href":"https:\/\/soydeaqui.ddns.net\/pachuca\/index.php\/wp-json\/wp\/v2\/media\/70652"}],"wp:attachment":[{"href":"https:\/\/soydeaqui.ddns.net\/pachuca\/index.php\/wp-json\/wp\/v2\/media?parent=70653"}],"wp:term":[{"taxonomy":"product_brand","embeddable":true,"href":"https:\/\/soydeaqui.ddns.net\/pachuca\/index.php\/wp-json\/wp\/v2\/product_brand?post=70653"},{"taxonomy":"product_cat","embeddable":true,"href":"https:\/\/soydeaqui.ddns.net\/pachuca\/index.php\/wp-json\/wp\/v2\/product_cat?post=70653"},{"taxonomy":"product_tag","embeddable":true,"href":"https:\/\/soydeaqui.ddns.net\/pachuca\/index.php\/wp-json\/wp\/v2\/product_tag?post=70653"}],"curies":[{"name":"wp","href":"https:\/\/api.w.org\/{rel}","templated":true}]}}