{"id":70640,"date":"2026-03-19T11:34:53","date_gmt":"2026-03-19T11:34:53","guid":{"rendered":"https:\/\/soydeaqui.ddns.net\/pachuca\/index.php\/producto\/conector-plug-en-angulo-recto-de-4-contactos-hembra-soldables-para-radio-de-locomotora\/"},"modified":"2026-03-19T11:34:58","modified_gmt":"2026-03-19T11:34:58","slug":"conector-plug-en-angulo-recto-de-4-contactos-hembra-soldables-para-radio-de-locomotora","status":"publish","type":"product","link":"https:\/\/soydeaqui.ddns.net\/pachuca\/index.php\/producto\/conector-plug-en-angulo-recto-de-4-contactos-hembra-soldables-para-radio-de-locomotora\/","title":{"rendered":"Conector Plug en \u00c1ngulo Recto de 4 Contactos Hembra Soldables para Radio de Locomotora."},"content":{"rendered":"<div style='width: 100%; max-width: 1200px; margin: 0 auto; font-family: sans-serif; line-height: 1.6; color: inherit; background-color: transparent;'>\n<div style='display: flex; flex-wrap: wrap; gap: 30px; margin-bottom: 30px;'>\n<div style='flex: 1 1 300px; min-width: 280px;'>\n<h3 style='font-size: 22px; border-bottom: 2px solid currentColor; padding-bottom: 5px; margin-top: 0; color: inherit; opacity: 0.8;'>Caracter\u00edsticas T\u00e9cnicas<\/h3>\n<ul style='padding-left: 20px; font-size: 15px; color: inherit;'>\n<li style='margin-bottom: 5px;'><strong>Tipo de Conector:<\/strong> \u00c1ngulo Recto de 4 Contactos Hembra<\/li>\n<li style='margin-bottom: 5px;'><strong>Especial para Cable:<\/strong> AWG 14-12<\/li>\n<li style='margin-bottom: 5px;'><strong>Modo de Ensamble:<\/strong> Terminal Soldable<\/li>\n<li style='margin-bottom: 5px;'><strong>Cuerpo:<\/strong> Plateado en Negro<\/li>\n<li style='margin-bottom: 5px;'><strong>Contacto Central:<\/strong> Esta\u00f1ado<\/li>\n<li style='margin-bottom: 5px;'><strong>Aislante Diel\u00e9ctrico:<\/strong> Delrin<\/li>\n<\/ul><\/div>\n<div style='flex: 1 1 300px; min-width: 280px;'>\n<h3 style='font-size: 22px; border-bottom: 2px solid currentColor; padding-bottom: 5px; margin-top: 0; color: inherit; opacity: 0.8;'>Especificaciones Mec\u00e1nicas<\/h3>\n<ul style='padding-left: 20px; font-size: 15px; color: inherit;'>\n<li style='margin-bottom: 5px;'><strong>\u00c1ngulo:<\/strong> 90 grados<\/li>\n<li style='margin-bottom: 5px;'><strong>Tama\u00f1o:<\/strong> 8S a 40 (seg\u00fan est\u00e1ndar MS3108A)<\/li>\n<li style='margin-bottom: 5px;'><strong>Clase de Tolerancia:<\/strong> 2B<\/li>\n<li style='margin-bottom: 5px;'><strong>Hueco para Cable:<\/strong> .045 di\u00e1metro m\u00ednimo<\/li>\n<li style='margin-bottom: 5px;'><strong>Tipo de Rosca:<\/strong> Vea tabla de dimensiones<\/li>\n<\/ul><\/div>\n<\/p><\/div>\n<div style='display: flex; flex-wrap: wrap; gap: 20px; margin-bottom: 30px;'>\n<div style='flex: 1 1 250px; border: 1px solid rgba(150&comma; 150&comma; 150&comma; 0.4); border-radius: 8px; overflow: hidden; display: flex; flex-direction: column;'>\n<div style='padding: 15px; border-bottom: 1px solid rgba(150&comma; 150&comma; 150&comma; 0.2); font-weight: bold; font-size: 18px; color: inherit;'>Dimensiones (pulgadas)<\/div>\n<div style='padding: 15px; color: inherit;'>\n<ul style='padding-left: 20px; margin: 0; font-size: 14px; list-style-type: disc;'>\n<li style='margin-bottom: 5px;'><strong>8S:<\/strong> .5000-28UNEF<\/li>\n<li style='margin-bottom: 5px;'><strong>10S:<\/strong> .6250-24NEF<\/li>\n<li style='margin-bottom: 5px;'><strong>10SL:<\/strong> .6250-24NEF<\/li>\n<li style='margin-bottom: 5px;'><strong>12S:<\/strong> .7500-20UNEF<\/li>\n<\/ul><\/div>\n<\/p><\/div>\n<div style='flex: 1 1 250px; border: 1px solid rgba(150&comma; 150&comma; 150&comma; 0.4); border-radius: 8px; overflow: hidden; display: flex; flex-direction: column;'>\n<div style='padding: 15px; border-bottom: 1px solid rgba(150&comma; 150&comma; 150&comma; 0.2); font-weight: bold; font-size: 18px; color: inherit;'>Clasificaciones de Tama\u00f1o<\/div>\n<div style='padding: 15px; color: inherit;'>\n<ul style='padding-left: 20px; margin: 0; font-size: 14px; list-style-type: disc;'>\n<li style='margin-bottom: 5px;'><strong>14-16:<\/strong> .8750-20UNEF<\/li>\n<li style='margin-bottom: 5px;'><strong>18-20:<\/strong> 1.0000-20UNEF a 1.2500-18NEF<\/li>\n<li style='margin-bottom: 5px;'><strong>22-24:<\/strong> 1.3750-18NEF a 1.5000-18NEF<\/li>\n<li style='margin-bottom: 5px;'><strong>28-40:<\/strong> 1.7500-18NS a 2.5000-16UN<\/li>\n<\/ul><\/div>\n<\/p><\/div>\n<div style='flex: 1 1 250px; border: 1px solid rgba(150&comma; 150&comma; 150&comma; 0.4); border-radius: 8px; overflow: hidden; display: flex; flex-direction: column;'>\n<div style='padding: 15px; border-bottom: 1px solid rgba(150&comma; 150&comma; 150&comma; 0.2); font-weight: bold; font-size: 18px; color: inherit;'>Notas de Instalaci\u00f3n<\/div>\n<div style='padding: 15px; color: inherit;'>\n<ul style='padding-left: 20px; margin: 0; font-size: 14px; list-style-type: disc;'>\n<li style='margin-bottom: 5px;'>Todas las perforaciones para alivio de cable tienen un di\u00e1metro m\u00ednimo de .045<\/li>\n<li style='margin-bottom: 5px;'>Para datos de soldadura&comma; ver p\u00e1gina 67 del manual<\/li>\n<li style='margin-bottom: 5px;'>Para completar el n\u00famero de orden&comma; ver &#8216;c\u00f3mo ordenar&#8217; p\u00e1gina 70<\/li>\n<\/ul><\/div>\n<\/p><\/div>\n<\/p><\/div>\n<hr style='border: 0; border-top: 1px solid rgba(150&comma; 150&comma; 150&comma; 0.3); margin: 30px 0;'> <\/div>\n","protected":false},"excerpt":{"rendered":"<p>Conector Plug en \u00c1ngulo Recto de 4 Contactos Hembra Soldables para Radio de Locomotora.<\/p>\n","protected":false},"featured_media":70639,"comment_status":"open","ping_status":"closed","template":"","meta":[],"product_brand":[],"product_cat":[1699],"product_tag":[1700,616,181],"class_list":{"0":"post-70640","1":"product","2":"type-product","3":"status-publish","4":"has-post-thumbnail","6":"product_cat-chasis","7":"product_tag-chasis","8":"product_tag-conectores","9":"product_tag-epcom-industrial","11":"first","12":"instock","13":"sale","14":"shipping-taxable","15":"purchasable","16":"product-type-simple"},"_links":{"self":[{"href":"https:\/\/soydeaqui.ddns.net\/pachuca\/index.php\/wp-json\/wp\/v2\/product\/70640","targetHints":{"allow":["GET"]}}],"collection":[{"href":"https:\/\/soydeaqui.ddns.net\/pachuca\/index.php\/wp-json\/wp\/v2\/product"}],"about":[{"href":"https:\/\/soydeaqui.ddns.net\/pachuca\/index.php\/wp-json\/wp\/v2\/types\/product"}],"replies":[{"embeddable":true,"href":"https:\/\/soydeaqui.ddns.net\/pachuca\/index.php\/wp-json\/wp\/v2\/comments?post=70640"}],"wp:featuredmedia":[{"embeddable":true,"href":"https:\/\/soydeaqui.ddns.net\/pachuca\/index.php\/wp-json\/wp\/v2\/media\/70639"}],"wp:attachment":[{"href":"https:\/\/soydeaqui.ddns.net\/pachuca\/index.php\/wp-json\/wp\/v2\/media?parent=70640"}],"wp:term":[{"taxonomy":"product_brand","embeddable":true,"href":"https:\/\/soydeaqui.ddns.net\/pachuca\/index.php\/wp-json\/wp\/v2\/product_brand?post=70640"},{"taxonomy":"product_cat","embeddable":true,"href":"https:\/\/soydeaqui.ddns.net\/pachuca\/index.php\/wp-json\/wp\/v2\/product_cat?post=70640"},{"taxonomy":"product_tag","embeddable":true,"href":"https:\/\/soydeaqui.ddns.net\/pachuca\/index.php\/wp-json\/wp\/v2\/product_tag?post=70640"}],"curies":[{"name":"wp","href":"https:\/\/api.w.org\/{rel}","templated":true}]}}