{"id":7012,"date":"2026-03-18T06:50:36","date_gmt":"2026-03-18T06:50:36","guid":{"rendered":"https:\/\/soydeaqui.ddns.net\/pachuca\/index.php\/producto\/detector-de-ruptura-de-cristales-con-tecnologia-flexguard\/"},"modified":"2026-03-18T06:50:36","modified_gmt":"2026-03-18T06:50:36","slug":"detector-de-ruptura-de-cristales-con-tecnologia-flexguard","status":"publish","type":"product","link":"https:\/\/soydeaqui.ddns.net\/pachuca\/index.php\/producto\/detector-de-ruptura-de-cristales-con-tecnologia-flexguard\/","title":{"rendered":"Detector de Ruptura de Cristales con Tecnologia FlexGuard\u00ae"},"content":{"rendered":"<div style='width: 100%; max-width: 1200px; margin: 0 auto; font-family: sans-serif; line-height: 1.6; color: inherit; background-color: transparent;'>\n<div style='display: flex; flex-wrap: wrap; gap: 30px; margin-bottom: 30px;'>\n<div style='flex: 1 1 300px; min-width: 280px;'>\n<h3 style='font-size: 22px; border-bottom: 2px solid currentColor; padding-bottom: 5px; margin-top: 0; color: inherit; opacity: 0.8;'>Descripci\u00f3n T\u00e9cnica<\/h3>\n<p style='font-size: 15px; color: inherit; margin-top: 0;'>El FG-730 es un detector de rotura de cristales de tecnolog\u00eda dual que utiliza detecci\u00f3n de flexi\u00f3n y discriminaci\u00f3n de audio para detectar roturas de cristales. Las tecnolog\u00edas flex y audio son sensibles a diferentes frecuencias. La tecnolog\u00eda flex es sensible a frecuencias ultra bajas&comma; del tipo generado por un golpe en una ventana de vidrio. La tecnolog\u00eda de audio detecta la frecuencia de rotura de cristales. La tecnolog\u00eda de audio permanece apagada hasta que la tecnolog\u00eda flex detecta un golpe en el cristal. Para que se produzca una condici\u00f3n de alarma&comma; el audio debe detectar la frecuencia de la rotura del cristal dentro de una ventana de tiempo definida despu\u00e9s de que el flex detecte un golpe en el cristal. Debido a que ambas tecnolog\u00edas deben detectar y verificar la rotura del vidrio&comma; las falsas alarmas pr\u00e1cticamente se eliminan.<\/p>\n<\/p><\/div>\n<\/p><\/div>\n<hr style='border: 0; border-top: 1px solid rgba(150&comma; 150&comma; 150&comma; 0.3); margin: 30px 0;'> <\/div>\n","protected":false},"excerpt":{"rendered":"<p>Detector de Ruptura de Cristales con Tecnologia FlexGuard\u00ae<\/p>\n","protected":false},"featured_media":32,"comment_status":"open","ping_status":"closed","template":"","meta":[],"product_brand":[],"product_cat":[380],"product_tag":[19,209,381],"class_list":{"0":"post-7012","1":"product","2":"type-product","3":"status-publish","4":"has-post-thumbnail","6":"product_cat-rotura-de-vidrios-y-cristales","7":"product_tag-detectores-sensores","8":"product_tag-honeywell","9":"product_tag-rotura-de-vidrios-y-cristales","11":"first","12":"outofstock","13":"sale","14":"shipping-taxable","15":"purchasable","16":"product-type-simple"},"_links":{"self":[{"href":"https:\/\/soydeaqui.ddns.net\/pachuca\/index.php\/wp-json\/wp\/v2\/product\/7012","targetHints":{"allow":["GET"]}}],"collection":[{"href":"https:\/\/soydeaqui.ddns.net\/pachuca\/index.php\/wp-json\/wp\/v2\/product"}],"about":[{"href":"https:\/\/soydeaqui.ddns.net\/pachuca\/index.php\/wp-json\/wp\/v2\/types\/product"}],"replies":[{"embeddable":true,"href":"https:\/\/soydeaqui.ddns.net\/pachuca\/index.php\/wp-json\/wp\/v2\/comments?post=7012"}],"wp:featuredmedia":[{"embeddable":true,"href":"https:\/\/soydeaqui.ddns.net\/pachuca\/index.php\/wp-json\/wp\/v2\/media\/32"}],"wp:attachment":[{"href":"https:\/\/soydeaqui.ddns.net\/pachuca\/index.php\/wp-json\/wp\/v2\/media?parent=7012"}],"wp:term":[{"taxonomy":"product_brand","embeddable":true,"href":"https:\/\/soydeaqui.ddns.net\/pachuca\/index.php\/wp-json\/wp\/v2\/product_brand?post=7012"},{"taxonomy":"product_cat","embeddable":true,"href":"https:\/\/soydeaqui.ddns.net\/pachuca\/index.php\/wp-json\/wp\/v2\/product_cat?post=7012"},{"taxonomy":"product_tag","embeddable":true,"href":"https:\/\/soydeaqui.ddns.net\/pachuca\/index.php\/wp-json\/wp\/v2\/product_tag?post=7012"}],"curies":[{"name":"wp","href":"https:\/\/api.w.org\/{rel}","templated":true}]}}