{"id":70115,"date":"2026-03-19T11:12:43","date_gmt":"2026-03-19T11:12:43","guid":{"rendered":"https:\/\/soydeaqui.ddns.net\/pachuca\/index.php\/producto\/radio-poc-4g-lte-y-camara-corporal-16-mp-2-en-1\/"},"modified":"2026-03-19T11:12:59","modified_gmt":"2026-03-19T11:12:59","slug":"radio-poc-4g-lte-y-camara-corporal-16-mp-2-en-1","status":"publish","type":"product","link":"https:\/\/soydeaqui.ddns.net\/pachuca\/index.php\/producto\/radio-poc-4g-lte-y-camara-corporal-16-mp-2-en-1\/","title":{"rendered":"Radio PoC 4G LTE y C\u00e1mara Corporal 16 MP, 2 en 1."},"content":{"rendered":"<div style='width: 100%; max-width: 1200px; margin: 0 auto; font-family: sans-serif; line-height: 1.6; color: inherit; background-color: transparent;'> <!-- Descripci\u00f3n principal --> <\/p>\n<div style='margin-bottom: 30px;'>\n<p style='text-align: center; font-size: 18px; color: #c0392b; margin: 0; padding: 15px 0; background-color: transparent;'> La c\u00e1mara corporal Telox T8 es el \u00faltimo lanzamiento de dispositivos port\u00e1tiles inteligentes LTE ideal para mantener la comunicaci\u00f3n sencilla y al instante entre sus organizaciones. <\/p>\n<\/p><\/div>\n<p> <!-- Secciones de contenido --> <\/p>\n<div style='display: flex; flex-direction: column; gap: 20px; margin-bottom: 30px;'>\n<div style='flex: 1 1 300px; min-width: 280px;'>\n<p style='font-size: 15px; color: inherit; margin: 0 0 15px 0;'> Este equipo combina una c\u00e1mara con un sistema PTT para crear un solo producto que tiene la capacidad de grabar el video en vivo y adem\u00e1s permite realizar llamadas de radio en tiempo real (Compatible con NXRadio). <\/p>\n<\/p><\/div>\n<div style='flex: 1 1 300px; min-width: 280px;'>\n<p style='font-size: 15px; color: inherit; margin: 0 0 15px 0;'> La c\u00e1mara T8 de TELOX&comma; ofrece una soluci\u00f3n todo en uno&comma; perfecta para los usuarios que requieren una c\u00e1mara corporal con una lente de 16MP que se puede girar 225\u00b0 verticalmente para capturar cada momento y tambi\u00e9n cobertura nacional desde un dispositivo LTE con bot\u00f3n PTT que le permitir\u00e1 realizar llamadas de radio de 2 v\u00edas al instante. <\/p>\n<\/p><\/div>\n<div style='flex: 1 1 300px; min-width: 280px;'>\n<p style='font-size: 15px; color: inherit; margin: 0 0 15px 0;'> Cuenta con una clasificaci\u00f3n IP67&comma; lo que significa que es resistente al agua y al polvo. Adem\u00e1s&comma; cuenta con un sistema operativo Android 7.1&comma; conexi\u00f3n Bluetooth 4.2&comma; una bater\u00eda de 3600 mAh y puede operar durante largos turnos de trabajo ofreciendo la protecci\u00f3n de la c\u00e1mara T8 a sus usuarios. <\/p>\n<\/p><\/div>\n<div style='flex: 1 1 300px; min-width: 280px;'>\n<p style='font-size: 15px; color: inherit; margin: 0 0 15px 0;'> Cuenta adem\u00e1s&comma; con c\u00f3modos botones f\u00edsicos que permiten al usuario utilizar la T8 en situaciones dif\u00edciles y una pantalla de 2&comma;1 pulgadas que facilita la operaci\u00f3n y la navegaci\u00f3n. <\/p>\n<\/p><\/div>\n<\/p><\/div>\n<p> <!-- Secci\u00f3n de caracter\u00edsticas principales --> <\/p>\n<div style='display: flex; flex-wrap: wrap; gap: 20px; margin-bottom: 30px;'>\n<div style='flex: 1 1 250px; border: 1px solid rgba(150&comma; 150&comma; 150&comma; 0.4); border-radius: 8px; overflow: hidden; display: flex; flex-direction: column;'>\n<div style='padding: 15px; border-bottom: 1px solid rgba(150&comma; 150&comma; 150&comma; 0.2); font-weight: bold; font-size: 18px; color: inherit;'>CARACTER\u00cdSTICAS PRINCIPALES<\/div>\n<div style='padding: 15px; color: inherit;'>\n<ul style='padding-left: 20px; margin: 0; font-size: 14px; list-style-type: disc;'>\n<li style='margin-bottom: 5px;'><strong>C\u00e1mara giratoria:<\/strong> 225 grados<\/li>\n<li style='margin-bottom: 5px;'><strong>Clasificaci\u00f3n:<\/strong> IP67<\/li>\n<li style='margin-bottom: 5px;'><strong>Funci\u00f3n de emergencia:<\/strong> SOS<\/li>\n<li style='margin-bottom: 5px;'><strong>Transmisi\u00f3n de video:<\/strong> en vivo y Push To Talk sobre operaci\u00f3n celular<\/li>\n<li style='margin-bottom: 5px;'><strong>Seguimiento:<\/strong> GPS<\/li>\n<li style='margin-bottom: 5px;'><strong>Luz IR:<\/strong> para entornos con poca luz<\/li>\n<li style='margin-bottom: 5px;'><strong>Conectividad:<\/strong> Soporta WIFI<\/li>\n<li style='margin-bottom: 5px;'><strong>Bluetooth:<\/strong> 4.2 con BLE<\/li>\n<li style='margin-bottom: 5px;'><strong>Sistema operativo:<\/strong> Android 7.1<\/li>\n<li style='margin-bottom: 5px;'><strong>Compatibilidad:<\/strong> NFC y OTG<\/li>\n<li style='margin-bottom: 5px;'><strong>Peso:<\/strong> 201g<\/li>\n<li style='margin-bottom: 5px;'><strong>Dimensiones:<\/strong> 115 mm x 65 mm x 26 mm<\/li>\n<li style='margin-bottom: 5px;'><strong>C\u00e1mara:<\/strong> 16 MP<\/li>\n<li style='margin-bottom: 5px;'><strong>Registro previo\/profesional:<\/strong> 30 segundos<\/li>\n<li style='margin-bottom: 5px;'><strong>Bater\u00eda:<\/strong> 3600 mAh<\/li>\n<li style='margin-bottom: 5px;'><strong>Altavoz:<\/strong> 3W<\/li>\n<li style='margin-bottom: 5px;'><strong>Almacenamiento:<\/strong> 128GB<\/li>\n<\/ul><\/div>\n<\/p><\/div>\n<\/p><\/div>\n<p> <!-- Secci\u00f3n de contenido adicional --> <\/p>\n<div style='display: flex; flex-direction: column; gap: 20px;'>\n<div style='flex: 1 1 300px; min-width: 280px;'>\n<h3 style='font-size: 22px; border-bottom: 2px solid currentColor; padding-bottom: 5px; margin-top: 0; color: inherit; opacity: 0.8;'>\u00bfQU\u00c9 HAY EN LA CAJA?<\/h3>\n<p style='font-size: 15px; color: inherit; margin: 0 0 15px 0;'> 1 x Telox LTECAM T8&comma; 1 x clip para cintur\u00f3n\/funda y 1 x cable USB y fuente de alimentaci\u00f3n. <\/p>\n<\/p><\/div>\n<\/p><\/div>\n<p> <!-- Separador final --> <\/p>\n<hr style='border: 0; border-top: 1px solid rgba(150&comma; 150&comma; 150&comma; 0.3); margin: 30px 0;'> <\/div>\n","protected":false},"excerpt":{"rendered":"<p>Radio PoC 4G LTE y C\u00e1mara Corporal 16 MP, 2 en 1.<\/p>\n","protected":false},"featured_media":70114,"comment_status":"open","ping_status":"closed","template":"","meta":[],"product_brand":[],"product_cat":[1721],"product_tag":[1722,1508,1551],"class_list":{"0":"post-70115","1":"product","2":"type-product","3":"status-publish","4":"has-post-thumbnail","6":"product_cat-plataforma-nxradio","7":"product_tag-plataforma-nxradio","8":"product_tag-radios-lte","9":"product_tag-telo-systems","11":"first","12":"instock","13":"sale","14":"shipping-taxable","15":"purchasable","16":"product-type-simple"},"_links":{"self":[{"href":"https:\/\/soydeaqui.ddns.net\/pachuca\/index.php\/wp-json\/wp\/v2\/product\/70115","targetHints":{"allow":["GET"]}}],"collection":[{"href":"https:\/\/soydeaqui.ddns.net\/pachuca\/index.php\/wp-json\/wp\/v2\/product"}],"about":[{"href":"https:\/\/soydeaqui.ddns.net\/pachuca\/index.php\/wp-json\/wp\/v2\/types\/product"}],"replies":[{"embeddable":true,"href":"https:\/\/soydeaqui.ddns.net\/pachuca\/index.php\/wp-json\/wp\/v2\/comments?post=70115"}],"wp:featuredmedia":[{"embeddable":true,"href":"https:\/\/soydeaqui.ddns.net\/pachuca\/index.php\/wp-json\/wp\/v2\/media\/70114"}],"wp:attachment":[{"href":"https:\/\/soydeaqui.ddns.net\/pachuca\/index.php\/wp-json\/wp\/v2\/media?parent=70115"}],"wp:term":[{"taxonomy":"product_brand","embeddable":true,"href":"https:\/\/soydeaqui.ddns.net\/pachuca\/index.php\/wp-json\/wp\/v2\/product_brand?post=70115"},{"taxonomy":"product_cat","embeddable":true,"href":"https:\/\/soydeaqui.ddns.net\/pachuca\/index.php\/wp-json\/wp\/v2\/product_cat?post=70115"},{"taxonomy":"product_tag","embeddable":true,"href":"https:\/\/soydeaqui.ddns.net\/pachuca\/index.php\/wp-json\/wp\/v2\/product_tag?post=70115"}],"curies":[{"name":"wp","href":"https:\/\/api.w.org\/{rel}","templated":true}]}}