{"id":70100,"date":"2026-03-19T11:12:10","date_gmt":"2026-03-19T11:12:10","guid":{"rendered":"https:\/\/soydeaqui.ddns.net\/pachuca\/index.php\/producto\/torre-autosoportada-de-96-ft-29-26m-titan-t200-galvanizada-incluye-anclaje\/"},"modified":"2026-03-19T11:12:12","modified_gmt":"2026-03-19T11:12:12","slug":"torre-autosoportada-de-96-ft-29-26m-titan-t200-galvanizada-incluye-anclaje","status":"publish","type":"product","link":"https:\/\/soydeaqui.ddns.net\/pachuca\/index.php\/producto\/torre-autosoportada-de-96-ft-29-26m-titan-t200-galvanizada-incluye-anclaje\/","title":{"rendered":"Torre Autosoportada de 96 ft (29.26m) Titan T200 Galvanizada (incluye anclaje)"},"content":{"rendered":"<div style='width: 100%; max-width: 1200px; margin: 0 auto; font-family: sans-serif; line-height: 1.6; color: inherit; background-color: transparent;'>\n<div style='display: flex; flex-wrap: wrap; gap: 20px; margin-bottom: 30px;'> <img style='width: 100%; max-width: 300px; height: auto; border: 1px solid rgba(150&comma;150&comma;150&comma;0.3); border-radius: 8px;' src='https:\/\/ftp3.syscom.mx\/usuarios\/fotos\/TRYT64T300\/158134-titan_tower_logo.png' alt=''> <img style='width: 100%; max-width: 200px; height: auto; border: 1px solid rgba(150&comma;150&comma;150&comma;0.3); border-radius: 8px;' src='https:\/\/ftp3.syscom.mx\/usuarios\/fotos\/TRYT64T300\/158134-trylon_logo_2.png' alt=''> <\/div>\n<div style='margin-bottom: 30px;'>\n<p>La torre TITAN ha sido la torre liviana favorita de instaladores por m\u00e1s de 30 a\u00f1os. Con m\u00e1s de 15&comma;000 torres instaladas en E.U.A.&comma; esta torre ha sido utilizada para telemetr\u00eda&comma; TV satelital&comma; sistemas de redes&comma; radiocomunicaci\u00f3n y aplicaciones amateurs.<\/p>\n<h3 style='font-size: 22px; border-bottom: 2px solid currentColor; padding-bottom: 5px; margin-top: 0; color: inherit; opacity: 0.8;'>Especificaciones<\/h3>\n<ul style='padding-left: 20px; font-size: 15px; color: inherit;'>\n<li style='margin-bottom: 5px;'><strong>Tipo:<\/strong> Autosoportada<\/li>\n<li style='margin-bottom: 5px;'><strong>Fabricada de:<\/strong> Hoja de acero galvanizada G-90<\/li>\n<li style='margin-bottom: 5px;'><strong>Altura total:<\/strong> 29.26 m (96&#8242;)<\/li>\n<li style='margin-bottom: 5px;'><strong>Secciones:<\/strong> 8&#8242; (2.4m) para reducci\u00f3n de espacio<\/li>\n<li style='margin-bottom: 5px;'><strong>Piernas:<\/strong> Acanaladas<\/li>\n<li style='margin-bottom: 5px;'><strong>Modelo:<\/strong> T-200 (consulte ingenier\u00eda por torres de mayor capacidad o altura)<\/li>\n<li style='margin-bottom: 5px;'><strong>No. de parte del fabricante:<\/strong> 4.94.0211.000<\/li>\n<li style='margin-bottom: 5px;'><strong>Forma de empaque:<\/strong> Totalmente desarmada<\/li>\n<li style='margin-bottom: 5px;'><strong>Se env\u00eda en dos cajones cerrados:<\/strong>\n<ul style='padding-left: 25px; margin-top: 5px; margin-bottom: 5px;'>\n<li style='margin-bottom: 5px;'><strong>Dim. de caj\u00f3n #1:<\/strong> 2.56 x 0.28 x 0.35 m (101&#8242; x 11&#8242; x 14&#8242;)<\/li>\n<li style='margin-bottom: 5px;'><strong>Dim. de caj\u00f3n #2:<\/strong> 0.96 x 0.30 x 0.58 m (38&#8242; x 12&#8242; x 23&#8242;)<\/li>\n<\/ul>\n<\/li>\n<\/ul>\n<div style='margin: 30px 0;'>\n<h3 style='font-size: 22px; border-bottom: 2px solid currentColor; padding-bottom: 5px; margin-top: 0; color: inherit; opacity: 0.8;'>Capacidad de carga<\/h3>\n<div style='overflow-x: auto;'>\n<table style='width: 100%; border-collapse: collapse; margin-top: 15px; border: 1px solid rgba(150&comma;150&comma;150&comma;0.3);'>\n<thead>\n<tr>\n<th style='padding: 12px; border-right: 1px solid rgba(150&comma;150&comma;150&comma;0.3); border-bottom: 1px solid rgba(150&comma;150&comma;150&comma;0.3); background-color: rgba(150&comma;150&comma;150&comma;0.1);' colspan='4'>Velocidad de viento<\/th>\n<\/tr>\n<tr>\n<th style='padding: 12px; border-right: 1px solid rgba(150&comma;150&comma;150&comma;0.3); border-bottom: 1px solid rgba(150&comma;150&comma;150&comma;0.3); background-color: rgba(150&comma;150&comma;150&comma;0.1);'>Condiciones de carga<\/th>\n<th style='padding: 12px; border-right: 1px solid rgba(150&comma;150&comma;150&comma;0.3); border-bottom: 1px solid rgba(150&comma;150&comma;150&comma;0.3); background-color: rgba(150&comma;150&comma;150&comma;0.1);'>70 mph<br \/>(112 km\/hr)<\/th>\n<th style='padding: 12px; border-right: 1px solid rgba(150&comma;150&comma;150&comma;0.3); border-bottom: 1px solid rgba(150&comma;150&comma;150&comma;0.3); background-color: rgba(150&comma;150&comma;150&comma;0.1);'>85 mph<br \/>(136 km\/hr)<\/th>\n<th style='padding: 12px; border-bottom: 1px solid rgba(150&comma;150&comma;150&comma;0.3); background-color: rgba(150&comma;150&comma;150&comma;0.1);'>100 mph<br \/>(161 km\/hr)<\/th>\n<\/tr>\n<\/thead>\n<tbody>\n<tr>\n<td style='padding: 12px; border-right: 1px solid rgba(150&comma;150&comma;150&comma;0.3); border-bottom: 1px solid rgba(150&comma;150&comma;150&comma;0.3);'>\u00c1rea de antenas permisibles en pies cuadrados (ft\u00b2) &#8211; Supervivencia- sin hielo (redondo)<\/td>\n<td style='padding: 12px; border-right: 1px solid rgba(150&comma;150&comma;150&comma;0.3); border-bottom: 1px solid rgba(150&comma;150&comma;150&comma;0.3);'>15<\/td>\n<td style='padding: 12px; border-right: 1px solid rgba(150&comma;150&comma;150&comma;0.3); border-bottom: 1px solid rgba(150&comma;150&comma;150&comma;0.3);'>3<\/td>\n<td style='padding: 12px; border-bottom: 1px solid rgba(150&comma;150&comma;150&comma;0.3);'>&#8211;<\/td>\n<\/tr>\n<tr>\n<td style='padding: 12px; border-right: 1px solid rgba(150&comma;150&comma;150&comma;0.3);'>\u00c1rea de antenas permisibles en pies cuadrados (ft\u00b2) &#8211; Supervivencia-1\/2&#8242; de hielo (redondo)<\/td>\n<td style='padding: 12px; border-right: 1px solid rgba(150&comma;150&comma;150&comma;0.3);'>2<\/td>\n<td style='padding: 12px; border-right: 1px solid rgba(150&comma;150&comma;150&comma;0.3);'>&#8211;<\/td>\n<td style='padding: 12px;'>&#8211;<\/td>\n<\/tr>\n<\/tbody>\n<\/table><\/div>\n<\/p><\/div>\n<div style='margin-bottom: 30px;'>\n<h3 style='font-size: 22px; border-bottom: 2px solid currentColor; padding-bottom: 5px; margin-top: 0; color: inherit; opacity: 0.8;'>Incluye<\/h3>\n<ul style='padding-left: 20px; font-size: 15px; color: inherit;'>\n<li style='margin-bottom: 5px;'>12 secciones de 2.4 metros cada una<\/li>\n<li style='margin-bottom: 5px;'>Base sencilla para anclaje de torre en dado de concreto<\/li>\n<li style='margin-bottom: 5px;'>M\u00e1stil y herrajes de instalaci\u00f3n<\/li>\n<li style='margin-bottom: 5px;'>Torniller\u00eda<\/li>\n<li style='margin-bottom: 5px;'>Manual de usuario<\/li>\n<li style='margin-bottom: 5px;'><a href='https:\/\/ftp3.syscom.mx\/usuarios\/ftp\/2021\/05\/27\/f3074\/96%20ft%20T200%20BOM.pdf' style='color: inherit; text-decoration: underline;' target='_blank'>Ver listado completo de materiales<\/a><\/li>\n<\/ul><\/div>\n<div style='margin-bottom: 30px;'>\n<h3 style='font-size: 22px; border-bottom: 2px solid currentColor; padding-bottom: 5px; margin-top: 0; color: inherit; opacity: 0.8;'>Aplicaciones<\/h3>\n<ul style='padding-left: 20px; font-size: 15px; color: inherit;'>\n<li style='margin-bottom: 5px;'>Sistemas de monitoreo remoto<\/li>\n<li style='margin-bottom: 5px;'>Sistemas de radiocomunicaci\u00f3n de dos v\u00edas\n<ul style='padding-left: 25px; margin-top: 5px; margin-bottom: 5px;'>\n<li style='margin-bottom: 5px;'>Sistema de seguridad p\u00fablica&comma; uso policiaco&comma; bomberos&comma; edificios oficiales<\/li>\n<li style='margin-bottom: 5px;'>Compa\u00f1\u00edas privadas de transporte&comma; f\u00e1bricas&comma; etc.<\/li>\n<\/ul>\n<\/li>\n<li style='margin-bottom: 5px;'>Proveedores de servicios de internet (WIPS)<\/li>\n<li style='margin-bottom: 5px;'>Aplicaciones de videovigilancia (torres para c\u00e1maras)<\/li>\n<\/ul><\/div>\n<div style='margin-bottom: 30px;'>\n<h3 style='font-size: 22px; border-bottom: 2px solid currentColor; padding-bottom: 5px; margin-top: 0; color: inherit; opacity: 0.8;'>Diferenciadores de la L\u00ednea TITAN<\/h3>\n<ul style='padding-left: 20px; font-size: 15px; color: inherit;'>\n<li style='margin-bottom: 5px;'>La mejor relaci\u00f3n Altura<\/li>\n<li style='margin-bottom: 5px;'>Costo del mercado<\/li>\n<li style='margin-bottom: 5px;'>Instalaci\u00f3n r\u00e1pida y econ\u00f3mica<\/li>\n<li style='margin-bottom: 5px;'>F\u00e1cil de transportar<\/li>\n<\/ul><\/div>\n<hr style='border: 0; border-top: 1px solid rgba(150&comma;150&comma;150&comma;0.3); margin: 30px 0;'>\n<div style='margin-bottom: 30px;'>\n<h2 style='font-size: 24px; margin-top: 0; color: inherit; opacity: 0.9;'>Instalaci\u00f3n de torre de 24 metros<\/h2>\n<p> <img style='width: 100%; max-width: 400px; height: auto; border: 1px solid rgba(150&comma;150&comma;150&comma;0.3); border-radius: 8px; margin: 15px 0;' src='https:\/\/ftp3.syscom.mx\/usuarios\/fotos\/TRYT64T300\/158134-torre_1.png' alt=''> <\/div>\n<div style='margin-bottom: 30px;'>\n<h2 style='font-size: 24px; margin-top: 0; color: inherit; opacity: 0.9;'>Uso de torre para sistema de Radiocomunicaci\u00f3n<\/h2>\n<p> <img style='width: 100%; max-width: 400px; height: auto; border: 1px solid rgba(150&comma;150&comma;150&comma;0.3); border-radius: 8px; margin: 15px 0;' src='https:\/\/ftp3.syscom.mx\/usuarios\/fotos\/TRYT64T300\/158134-torre_2.png' alt=''> <\/div>\n<\/p><\/div>\n<\/p><\/div>\n","protected":false},"excerpt":{"rendered":"<p>Torre Autosoportada de 96 ft (29.26m) Titan T200 Galvanizada (incluye anclaje)<\/p>\n","protected":false},"featured_media":70099,"comment_status":"open","ping_status":"closed","template":"","meta":[],"product_brand":[],"product_cat":[1713],"product_tag":[1714,246,1715],"class_list":{"0":"post-70100","1":"product","2":"type-product","3":"status-publish","4":"has-post-thumbnail","6":"product_cat-torres-autosoportadas","7":"product_tag-torres-autosoportadas","8":"product_tag-torres-y-mastiles","9":"product_tag-trylon","11":"first","12":"outofstock","13":"sale","14":"shipping-taxable","15":"purchasable","16":"product-type-simple"},"_links":{"self":[{"href":"https:\/\/soydeaqui.ddns.net\/pachuca\/index.php\/wp-json\/wp\/v2\/product\/70100","targetHints":{"allow":["GET"]}}],"collection":[{"href":"https:\/\/soydeaqui.ddns.net\/pachuca\/index.php\/wp-json\/wp\/v2\/product"}],"about":[{"href":"https:\/\/soydeaqui.ddns.net\/pachuca\/index.php\/wp-json\/wp\/v2\/types\/product"}],"replies":[{"embeddable":true,"href":"https:\/\/soydeaqui.ddns.net\/pachuca\/index.php\/wp-json\/wp\/v2\/comments?post=70100"}],"wp:featuredmedia":[{"embeddable":true,"href":"https:\/\/soydeaqui.ddns.net\/pachuca\/index.php\/wp-json\/wp\/v2\/media\/70099"}],"wp:attachment":[{"href":"https:\/\/soydeaqui.ddns.net\/pachuca\/index.php\/wp-json\/wp\/v2\/media?parent=70100"}],"wp:term":[{"taxonomy":"product_brand","embeddable":true,"href":"https:\/\/soydeaqui.ddns.net\/pachuca\/index.php\/wp-json\/wp\/v2\/product_brand?post=70100"},{"taxonomy":"product_cat","embeddable":true,"href":"https:\/\/soydeaqui.ddns.net\/pachuca\/index.php\/wp-json\/wp\/v2\/product_cat?post=70100"},{"taxonomy":"product_tag","embeddable":true,"href":"https:\/\/soydeaqui.ddns.net\/pachuca\/index.php\/wp-json\/wp\/v2\/product_tag?post=70100"}],"curies":[{"name":"wp","href":"https:\/\/api.w.org\/{rel}","templated":true}]}}