{"id":69999,"date":"2026-03-19T11:08:19","date_gmt":"2026-03-19T11:08:19","guid":{"rendered":"https:\/\/soydeaqui.ddns.net\/pachuca\/index.php\/producto\/kit-amplificador-de-senal-celular-4g-lte-3g-y-voz-funciona-con-todos-los-operadores-soporta-multiples-dispositivos-y-tecnologias-hasta-1000-metros-cuadrados-de-cobertura\/"},"modified":"2026-03-19T11:08:33","modified_gmt":"2026-03-19T11:08:33","slug":"kit-amplificador-de-senal-celular-4g-lte-3g-y-voz-funciona-con-todos-los-operadores-soporta-multiples-dispositivos-y-tecnologias-hasta-1000-metros-cuadrados-de-cobertura","status":"publish","type":"product","link":"https:\/\/soydeaqui.ddns.net\/pachuca\/index.php\/producto\/kit-amplificador-de-senal-celular-4g-lte-3g-y-voz-funciona-con-todos-los-operadores-soporta-multiples-dispositivos-y-tecnologias-hasta-1000-metros-cuadrados-de-cobertura\/","title":{"rendered":"Kit Amplificador de Se\u00f1al Celular 4G LTE, 3G y Voz. Funciona con Todos los Operadores. Soporta M\u00faltiples Dispositivos y Tecnolog\u00edas. Hasta 1000 metros cuadrados de Cobertura"},"content":{"rendered":"<div style='width: 100%; max-width: 1200px; margin: 0 auto; font-family: sans-serif; line-height: 1.6; color: inherit;'>\n<div style='display: flex; flex-wrap: wrap; gap: 30px; margin-bottom: 30px;'>\n<div style='flex: 1 1 300px; min-width: 280px;'>\n<h3 style='font-size: 22px; border-bottom: 2px solid currentColor; padding-bottom: 5px; margin-top: 0; color: inherit; opacity: 0.8;'>Kit de amplificador de se\u00f1al celular 4G LTE para Casa u Oficina. Multiusuario. Tribanda. Multitecnolog\u00edas.<\/h3>\n<p style='font-size: 15px; color: inherit;'>Soporta m\u00faltiples usuarios&comma; tecnolog\u00edas&comma; operadores y amplifica la intensidad de se\u00f1al de tres bandas de frecuencia. \u00a1TODO al mismo tiempo!<\/p>\n<\/p><\/div>\n<\/p><\/div>\n<div style='display: flex; flex-wrap: wrap; gap: 30px; margin-bottom: 30px;'>\n<div style='flex: 1 1 300px; min-width: 280px;'>\n<h3 style='font-size: 20px; border-bottom: 2px solid currentColor; padding-bottom: 5px; margin-top: 0; color: inherit; opacity: 0.8;'>Caracter\u00edsticas Principales<\/h3>\n<ul style='padding-left: 20px; font-size: 15px; color: inherit;'>\n<li style='margin-bottom: 5px;'>Repite y amplifica la se\u00f1al celular para mejorar la Voz y los Datos del <strong>4G LTE y 3G<\/strong> de su dispositivo celular<\/li>\n<li style='margin-bottom: 5px;'>Reduce las llamadas perdidas y entrecortadas<\/li>\n<li style='margin-bottom: 5px;'>Cubre de 1 a 5 habitaciones o hasta 1000 metros cuadrados<\/li>\n<li style='margin-bottom: 5px;'>Incrementa el nivel de se\u00f1al y extiende la carga de la bater\u00eda<\/li>\n<li style='margin-bottom: 5px;'>Soporta m\u00faltiples dispositivos simult\u00e1neamente<\/li>\n<li style='margin-bottom: 5px;'>Muy f\u00e1cil y sencillo de instalar<\/li>\n<\/ul><\/div>\n<div style='flex: 1 1 300px; min-width: 280px;'>\n<h3 style='font-size: 20px; border-bottom: 2px solid currentColor; padding-bottom: 5px; margin-top: 0; color: inherit; opacity: 0.8;'>Contenido del Kit<\/h3>\n<ul style='padding-left: 20px; font-size: 15px; color: inherit;'>\n<li style='margin-bottom: 5px;'>Un amplificador de Triple Banda (B5|850 MHz&comma; B2|1900 MHz y B4|2100 MHz)<\/li>\n<li style='margin-bottom: 5px;'>Una antena logar\u00edtmica. Para exterior.<\/li>\n<li style='margin-bottom: 5px;'>Una antena omnidireccional tipo domo. Para interior.<\/li>\n<li style='margin-bottom: 5px;'>Un Jumper coaxial con cable tipo LMR-300 de 15 metros y conectores N macho<\/li>\n<li style='margin-bottom: 5px;'>Un Jumper coaxial con cable tipo LMR-300 de 5 metros y conectores N macho<\/li>\n<li style='margin-bottom: 5px;'>Fuente de alimentaci\u00f3n para el amplificador<\/li>\n<\/ul><\/div>\n<\/p><\/div>\n<div style='display: flex; flex-wrap: wrap; gap: 30px; margin-bottom: 30px;'>\n<div style='flex: 1 1 300px; min-width: 280px;'>\n<h3 style='font-size: 20px; border-bottom: 2px solid currentColor; padding-bottom: 5px; margin-top: 0; color: inherit; opacity: 0.8;'>Caracter\u00edsticas T\u00e9cnicas<\/h3>\n<ul style='padding-left: 20px; font-size: 15px; color: inherit;'>\n<li style='margin-bottom: 5px;'><span style='color: inherit;'>Bandas de frecuencia que amplifica:<\/span> 850 MHz&comma; 1900 MHz y 2100 MHz. Bandas 5&comma; 2 y 4 respectivamente.<\/li>\n<li style='margin-bottom: 5px;'>Rango de frecuencia Down Link: 869-894 MHz&comma; 1930-1990 MHz y 2110-2155 MHz<\/li>\n<li style='margin-bottom: 5px;'>Rango de frecuencia Up Link: 824-849 MHz&comma; 1850-1910 MHz y 1710-1755 MHz<\/li>\n<li style='margin-bottom: 5px;'>Ganancia: 70 dB \u00b1 2 dB<\/li>\n<li style='margin-bottom: 5px;'>Potencia de salida: 20 dBm \u00b1 2 dBm<\/li>\n<li style='margin-bottom: 5px;'>Consumo: &lt;24W<\/li>\n<li style='margin-bottom: 5px;'>Voltaje de operaci\u00f3n: 12 Vcc&comma; 3A.<\/li>\n<li style='margin-bottom: 5px;'>Rango de temperatura: -10\u00b0C~+55\u00b0C<\/li>\n<li style='margin-bottom: 5px;'>Conectores: N hembra.<\/li>\n<li style='margin-bottom: 5px;'>Dimensiones del amplificador: 253 x 178 x 59 mm<\/li>\n<li style='margin-bottom: 5px;'>Peso: &lt;2.4 kg<\/li>\n<\/ul><\/div>\n<div style='flex: 1 1 300px; min-width: 280px;'>\n<h3 style='font-size: 20px; border-bottom: 2px solid currentColor; padding-bottom: 5px; margin-top: 0; color: inherit; opacity: 0.8;'>Informaci\u00f3n Adicional<\/h3>\n<p style='font-size: 15px; color: inherit;'>El amplificador cuenta con un Display (LCD) con el que puede observar la intensidad de se\u00f1al de entrada as\u00ed como la de salida&comma; lo cual le ayudar\u00e1 a obtener el m\u00e1ximo rendimiento del sistema.<\/p>\n<p style='font-size: 15px; color: inherit;'><strong>La potencia del amplificador es gracias a la se\u00f1al que le entra.<\/strong><\/p>\n<p> <img style='width: 100%; height: auto; border: 1px solid rgba(150&comma;150&comma;150&comma;0.3); border-radius: 8px;' src='https:\/\/ftp3.syscom.mx\/usuarios\/amarquez\/AdSC\/Fotos%20y%20diagramas%20para%20AdSC\/Tabla%20para%20determinar%20cobertura%20estimada..png' alt=''> <\/div>\n<\/p><\/div>\n<div style='display: flex; flex-wrap: wrap; gap: 30px; margin-bottom: 30px;'>\n<div style='flex: 1 1 300px; min-width: 280px;'>\n<h3 style='font-size: 20px; border-bottom: 2px solid currentColor; padding-bottom: 5px; margin-top: 0; color: inherit; opacity: 0.8;'>Notas de Instalaci\u00f3n<\/h3>\n<ul style='padding-left: 20px; font-size: 15px; color: inherit;'>\n<li style='margin-bottom: 5px;'>Instale el kit amplificador de acuerdo al manual de usuario o gu\u00eda de instalaci\u00f3n<\/li>\n<li style='margin-bottom: 5px;'>Use el kit amplificador para lo que est\u00e1 dise\u00f1ado<\/li>\n<li style='margin-bottom: 5px;'>Si tiene dudas contacte nuestro departamento de Ingenier\u00eda Radiocomunicaci\u00f3n<\/li>\n<li style='margin-bottom: 5px;'>Una mala instalaci\u00f3n o mal uso de este sistema puede provocar interferencia<\/li>\n<\/ul><\/div>\n<\/p><\/div>\n<\/p><\/div>\n","protected":false},"excerpt":{"rendered":"<p>Kit Amplificador de Se\u00f1al Celular 4G LTE, 3G y Voz. Funciona con Todos los Operadores. Soporta M\u00faltiples Dispositivos y Tecnolog\u00edas. Hasta 1000 metros cuadrados de Cobertura<\/p>\n","protected":false},"featured_media":69998,"comment_status":"open","ping_status":"closed","template":"","meta":[],"product_brand":[],"product_cat":[1570,1552],"product_tag":[1535,1571,1553,935],"class_list":{"0":"post-69999","1":"product","2":"type-product","3":"status-publish","4":"has-post-thumbnail","6":"product_cat-amplificadores-de-senal-celular-adsc","7":"product_cat-cobertura-para-celular-4g-lte","8":"product_tag-3g-y-voz","9":"product_tag-amplificadores-de-senal-celular-adsc","10":"product_tag-cobertura-para-celular-4g-lte","11":"product_tag-epcom","13":"first","14":"outofstock","15":"sale","16":"shipping-taxable","17":"purchasable","18":"product-type-simple"},"_links":{"self":[{"href":"https:\/\/soydeaqui.ddns.net\/pachuca\/index.php\/wp-json\/wp\/v2\/product\/69999","targetHints":{"allow":["GET"]}}],"collection":[{"href":"https:\/\/soydeaqui.ddns.net\/pachuca\/index.php\/wp-json\/wp\/v2\/product"}],"about":[{"href":"https:\/\/soydeaqui.ddns.net\/pachuca\/index.php\/wp-json\/wp\/v2\/types\/product"}],"replies":[{"embeddable":true,"href":"https:\/\/soydeaqui.ddns.net\/pachuca\/index.php\/wp-json\/wp\/v2\/comments?post=69999"}],"wp:featuredmedia":[{"embeddable":true,"href":"https:\/\/soydeaqui.ddns.net\/pachuca\/index.php\/wp-json\/wp\/v2\/media\/69998"}],"wp:attachment":[{"href":"https:\/\/soydeaqui.ddns.net\/pachuca\/index.php\/wp-json\/wp\/v2\/media?parent=69999"}],"wp:term":[{"taxonomy":"product_brand","embeddable":true,"href":"https:\/\/soydeaqui.ddns.net\/pachuca\/index.php\/wp-json\/wp\/v2\/product_brand?post=69999"},{"taxonomy":"product_cat","embeddable":true,"href":"https:\/\/soydeaqui.ddns.net\/pachuca\/index.php\/wp-json\/wp\/v2\/product_cat?post=69999"},{"taxonomy":"product_tag","embeddable":true,"href":"https:\/\/soydeaqui.ddns.net\/pachuca\/index.php\/wp-json\/wp\/v2\/product_tag?post=69999"}],"curies":[{"name":"wp","href":"https:\/\/api.w.org\/{rel}","templated":true}]}}