{"id":69945,"date":"2026-03-19T11:06:19","date_gmt":"2026-03-19T11:06:19","guid":{"rendered":"https:\/\/soydeaqui.ddns.net\/pachuca\/index.php\/producto\/rollo-de-desoldar-de-0-01-lb-malla-trenzada-de-0-060-de-ancho-por-7-5-m-de-largo-con-resina-para-alta-absorcion\/"},"modified":"2026-03-19T11:06:30","modified_gmt":"2026-03-19T11:06:30","slug":"rollo-de-desoldar-de-0-01-lb-malla-trenzada-de-0-060-de-ancho-por-7-5-m-de-largo-con-resina-para-alta-absorcion","status":"publish","type":"product","link":"https:\/\/soydeaqui.ddns.net\/pachuca\/index.php\/producto\/rollo-de-desoldar-de-0-01-lb-malla-trenzada-de-0-060-de-ancho-por-7-5-m-de-largo-con-resina-para-alta-absorcion\/","title":{"rendered":"Rollo de Desoldar de 0.01 Lb, Malla Trenzada de 0.060&#8243; de Ancho por 7.5 m de Largo con Resina para Alta Absorci\u00f3n."},"content":{"rendered":"<div style='width: 100%; max-width: 1200px; margin: 0 auto; font-family: sans-serif; line-height: 1.6; color: inherit; background-color: transparent;'>\n<div style='display: flex; flex-wrap: wrap; gap: 30px; margin-bottom: 30px;'>\n<div style='flex: 1 1 300px; min-width: 280px;'>\n<h3 style='font-size: 22px; border-bottom: 2px solid currentColor; padding-bottom: 5px; margin-top: 0; color: inherit; opacity: 0.8;'>Caracter\u00edsticas<\/h3>\n<ul style='padding-left: 20px; font-size: 15px; color: inherit;'>\n<li style='margin-bottom: 5px;'>Chem-Wik\u00aeRosin es un tejido de de-soldadura avanzada y ultra fina que responde hasta un 50% m\u00e1s r\u00e1pido que las trenzas de desoldar convencionales.<\/li>\n<li style='margin-bottom: 5px;'>Su masa m\u00e1s ligera y su trenza de cobre puro permiten una mejor conductividad t\u00e9rmica&comma; incluso a bajas temperaturas.<\/li>\n<li style='margin-bottom: 5px;'>El recalentamiento de componentes y circuitos cr\u00edticos sensibles al calor se minimiza al requerir menos calor durante un per\u00edodo de tiempo m\u00e1s corto.<\/li>\n<li style='margin-bottom: 5px;'>Tambi\u00e9n requiere menos presi\u00f3n de &#8216;contacto&#8217; que proporciona mayor comodidad al operador.<\/li>\n<li style='margin-bottom: 5px;'>Elimina eficazmente toda la soldadura de los orificios pasantes&comma; montajes de superficie&comma; componentes y pastillas BGA.<\/li>\n<li style='margin-bottom: 5px;'>Previene los cortocircuitos mediante la eliminaci\u00f3n de puentes de soldadura&comma; limpia el gui\u00f3n grabado para la identificaci\u00f3n positiva y elimina la soldadura no deseada de los conectores de borde&comma; dedos&comma; pernos&comma; terminales y leng\u00fcetillas.<\/li>\n<li style='margin-bottom: 5px;'>El patr\u00f3n de trenzado es un tejido geom\u00e9trico de dise\u00f1o exclusivo para m\u00e1xima velocidad y capacidad de retenci\u00f3n de la soldadura.<\/li>\n<li style='margin-bottom: 5px;'>Un flujo de resina blanca de agua pura aplicada por ultrasonido es laminado sobre toda la trenza para protegerla contra la oxidaci\u00f3n y promover la soldabilidad.<\/li>\n<li style='margin-bottom: 5px;'>Cumple con todos los requisitos cualitativos de las siguientes especificaciones:<\/li>\n<\/ul><\/div>\n<\/p><\/div>\n<div style='display: flex; flex-wrap: wrap; gap: 20px; margin-bottom: 30px;'>\n<div style='flex: 1 1 250px; border: 1px solid rgba(150&comma; 150&comma; 150&comma; 0.4); border-radius: 8px; overflow: hidden; display: flex; flex-direction: column;'>\n<div style='padding: 15px; border-bottom: 1px solid rgba(150&comma; 150&comma; 150&comma; 0.2); font-weight: bold; font-size: 18px; color: inherit;'>Especificaciones<\/div>\n<div style='padding: 15px; color: inherit;'>\n<ul style='padding-left: 20px; margin: 0; font-size: 14px; list-style-type: disc;'>\n<li style='margin-bottom: 5px;'>MIL-F-14256E Tipo R<\/li>\n<li style='margin-bottom: 5px;'>NASA STD &#8211; 8739.3<\/li>\n<li style='margin-bottom: 5px;'>ANSI \/ IPC J STD-004&comma; Tipo ROLO (EE.UU.)<\/li>\n<li style='margin-bottom: 5px;'>Bobina Transparente<\/li>\n<li style='margin-bottom: 5px;'>Tama\u00f1o: 25 FT<\/li>\n<li style='margin-bottom: 5px;'>Color: Verde (# 7)<\/li>\n<li style='margin-bottom: 5px;'>Ancho: 0.060 &#8216;<\/li>\n<\/ul><\/div>\n<\/p><\/div>\n<\/p><\/div>\n<hr style='border: 0; border-top: 1px solid rgba(150&comma; 150&comma; 150&comma; 0.3); margin: 30px 0;'> <\/div>\n","protected":false},"excerpt":{"rendered":"<p>Rollo de Desoldar de 0.01 Lb, Malla Trenzada de 0.060&#8243; de Ancho por 7.5 m de Largo con Resina para Alta Absorci\u00f3n.<\/p>\n","protected":false},"featured_media":69944,"comment_status":"open","ping_status":"closed","template":"","meta":[],"product_brand":[],"product_cat":[930],"product_tag":[931,932,63],"class_list":{"0":"post-69945","1":"product","2":"type-product","3":"status-publish","4":"has-post-thumbnail","6":"product_cat-estacion-de-soldar-y-desoldadoras","7":"product_tag-equipo-de-laboratorio","8":"product_tag-estacion-de-soldar-y-desoldadoras","9":"product_tag-syscom","11":"first","12":"outofstock","13":"sale","14":"shipping-taxable","15":"purchasable","16":"product-type-simple"},"_links":{"self":[{"href":"https:\/\/soydeaqui.ddns.net\/pachuca\/index.php\/wp-json\/wp\/v2\/product\/69945","targetHints":{"allow":["GET"]}}],"collection":[{"href":"https:\/\/soydeaqui.ddns.net\/pachuca\/index.php\/wp-json\/wp\/v2\/product"}],"about":[{"href":"https:\/\/soydeaqui.ddns.net\/pachuca\/index.php\/wp-json\/wp\/v2\/types\/product"}],"replies":[{"embeddable":true,"href":"https:\/\/soydeaqui.ddns.net\/pachuca\/index.php\/wp-json\/wp\/v2\/comments?post=69945"}],"wp:featuredmedia":[{"embeddable":true,"href":"https:\/\/soydeaqui.ddns.net\/pachuca\/index.php\/wp-json\/wp\/v2\/media\/69944"}],"wp:attachment":[{"href":"https:\/\/soydeaqui.ddns.net\/pachuca\/index.php\/wp-json\/wp\/v2\/media?parent=69945"}],"wp:term":[{"taxonomy":"product_brand","embeddable":true,"href":"https:\/\/soydeaqui.ddns.net\/pachuca\/index.php\/wp-json\/wp\/v2\/product_brand?post=69945"},{"taxonomy":"product_cat","embeddable":true,"href":"https:\/\/soydeaqui.ddns.net\/pachuca\/index.php\/wp-json\/wp\/v2\/product_cat?post=69945"},{"taxonomy":"product_tag","embeddable":true,"href":"https:\/\/soydeaqui.ddns.net\/pachuca\/index.php\/wp-json\/wp\/v2\/product_tag?post=69945"}],"curies":[{"name":"wp","href":"https:\/\/api.w.org\/{rel}","templated":true}]}}