{"id":69752,"date":"2026-03-19T10:58:34","date_gmt":"2026-03-19T10:58:34","guid":{"rendered":"https:\/\/soydeaqui.ddns.net\/pachuca\/index.php\/producto\/antena-marina-vhf-quick-connect-qc-4-de-4-pies\/"},"modified":"2026-03-19T10:58:35","modified_gmt":"2026-03-19T10:58:35","slug":"antena-marina-vhf-quick-connect-qc-4-de-4-pies","status":"publish","type":"product","link":"https:\/\/soydeaqui.ddns.net\/pachuca\/index.php\/producto\/antena-marina-vhf-quick-connect-qc-4-de-4-pies\/","title":{"rendered":"Antena Marina VHF Quick Connect QC-4 de 4 pies."},"content":{"rendered":"<div style='width: 100%; max-width: 1200px; margin: 0 auto; font-family: sans-serif; line-height: 1.6; color: inherit; background-color: transparent;'>\n<div style='display: flex; flex-wrap: wrap; gap: 30px; margin-bottom: 30px;'>\n<div style='flex: 1 1 300px; min-width: 280px;'>\n<h3 style='font-size: 22px; border-bottom: 2px solid currentColor; padding-bottom: 5px; margin-top: 0; color: inherit; opacity: 0.8;'>Descripci\u00f3n<\/h3>\n<p style='font-size: 15px; color: inherit; margin-top: 0; margin-bottom: 15px;'>Como consecuencia de la popularidad de la funci\u00f3n de conexi\u00f3n r\u00e1pida en las antenas marinas Phase III\u00ae de gama alta de Shakespeare&comma; la nueva l\u00ednea de productos QuickConnect\u00ae le brinda la facilidad de conectar y desconectar su antena marina en una serie de antenas de nivel de entrada<\/p>\n<h3 style='font-size: 20px; margin-top: 25px; margin-bottom: 15px; color: inherit; opacity: 0.8;'>Caracter\u00edsticas<\/h3>\n<ul style='padding-left: 20px; font-size: 15px; color: inherit;'>\n<li style='margin-bottom: 8px;'>Sistema QuickConnect\u00ae&comma; atornille o desenrosque la antena para desconectar o conectar<\/li>\n<li style='margin-bottom: 8px;'>Conexi\u00f3n de alta calidad para que no se genere ruido debido a las vibraciones.<\/li>\n<li style='margin-bottom: 8px;'>Tapa de protecci\u00f3n contra salpicaduras para proteger el conector del soporte cuando la antena est\u00e1 desconectada<\/li>\n<li style='margin-bottom: 8px;'>Centerpin\u00ae PL-259 Connector es un conector f\u00e1cil de engarzar<\/li>\n<li style='margin-bottom: 8px;'>Dise\u00f1o de montaje est\u00e1ndar para actualizar f\u00e1cilmente a una antena Shakespeare de alta gama sin comprar un nuevo montaje<\/li>\n<\/ul>\n<p style='margin-top: 20px; font-size: 15px; color: inherit;'><strong>&#8211; Montaje Recomendado (no incluido):<\/strong> QCM-S y QCM-SR<\/p>\n<\/p><\/div>\n<div style='flex: 1 1 300px; min-width: 280px;'>\n<h3 style='font-size: 20px; border-bottom: 2px solid currentColor; padding-bottom: 5px; margin-top: 0; margin-bottom: 20px; color: inherit; opacity: 0.8;'>Especificaciones<\/h3>\n<div style='display: flex; flex-direction: column; gap: 15px;'>\n<div style='border: 1px solid rgba(150&comma; 150&comma; 150&comma; 0.4); border-radius: 8px; padding: 15px; background-color: rgba(245&comma; 245&comma; 245&comma; 0.1);'>\n<p style='margin: 0; margin-bottom: 8px; font-weight: 600; color: inherit;'>Banda<\/p>\n<p style='margin: 0; color: inherit;'>Banda Marina VHF<\/p>\n<\/p><\/div>\n<div style='border: 1px solid rgba(150&comma; 150&comma; 150&comma; 0.4); border-radius: 8px; padding: 15px; background-color: rgba(245&comma; 245&comma; 245&comma; 0.1);'>\n<p style='margin: 0; margin-bottom: 8px; font-weight: 600; color: inherit;'>Ganancia de la Antena<\/p>\n<p style='margin: 0; color: inherit;'>3dB<\/p>\n<\/p><\/div>\n<div style='border: 1px solid rgba(150&comma; 150&comma; 150&comma; 0.4); border-radius: 8px; padding: 15px; background-color: rgba(245&comma; 245&comma; 245&comma; 0.1);'>\n<p style='margin: 0; margin-bottom: 8px; font-weight: 600; color: inherit;'>Potencia<\/p>\n<p style='margin: 0; color: inherit;'>50 W<\/p>\n<\/p><\/div>\n<div style='border: 1px solid rgba(150&comma; 150&comma; 150&comma; 0.4); border-radius: 8px; padding: 15px; background-color: rgba(245&comma; 245&comma; 245&comma; 0.1);'>\n<p style='margin: 0; margin-bottom: 8px; font-weight: 600; color: inherit;'>SWR<\/p>\n<p style='margin: 0; color: inherit;'>Nominalmente 1.3: 1 a 156.8 MHz<\/p>\n<\/p><\/div>\n<div style='border: 1px solid rgba(150&comma; 150&comma; 150&comma; 0.4); border-radius: 8px; padding: 15px; background-color: rgba(245&comma; 245&comma; 245&comma; 0.1);'>\n<p style='margin: 0; margin-bottom: 8px; font-weight: 600; color: inherit;'>Ancho de Banda<\/p>\n<p style='margin: 0; color: inherit;'>5 MHz dentro de 2.0: 1 VSWR<\/p>\n<\/p><\/div>\n<div style='border: 1px solid rgba(150&comma; 150&comma; 150&comma; 0.4); border-radius: 8px; padding: 15px; background-color: rgba(245&comma; 245&comma; 245&comma; 0.1);'>\n<p style='margin: 0; margin-bottom: 8px; font-weight: 600; color: inherit;'>Ferrule<\/p>\n<p style='margin: 0; color: inherit;'>Lat\u00f3n cromado<\/p>\n<\/p><\/div>\n<div style='border: 1px solid rgba(150&comma; 150&comma; 150&comma; 0.4); border-radius: 8px; padding: 15px; background-color: rgba(245&comma; 245&comma; 245&comma; 0.1);'>\n<p style='margin: 0; margin-bottom: 8px; font-weight: 600; color: inherit;'>Cable<\/p>\n<p style='margin: 0; color: inherit;'>No incluye<\/p>\n<\/p><\/div>\n<div style='border: 1px solid rgba(150&comma; 150&comma; 150&comma; 0.4); border-radius: 8px; padding: 15px; background-color: rgba(245&comma; 245&comma; 245&comma; 0.1);'>\n<p style='margin: 0; margin-bottom: 8px; font-weight: 600; color: inherit;'>Conector suministrado<\/p>\n<p style='margin: 0; color: inherit;'>No incluye<\/p>\n<\/p><\/div>\n<div style='border: 1px solid rgba(150&comma; 150&comma; 150&comma; 0.4); border-radius: 8px; padding: 15px; background-color: rgba(245&comma; 245&comma; 245&comma; 0.1);'>\n<p style='margin: 0; margin-bottom: 8px; font-weight: 600; color: inherit;'>Color \/ acabado<\/p>\n<p style='margin: 0; color: inherit;'>Fibra de vidrio blanca<\/p>\n<\/p><\/div>\n<div style='border: 1px solid rgba(150&comma; 150&comma; 150&comma; 0.4); border-radius: 8px; padding: 15px; background-color: rgba(245&comma; 245&comma; 245&comma; 0.1);'>\n<p style='margin: 0; margin-bottom: 8px; font-weight: 600; color: inherit;'>Polaridad<\/p>\n<p style='margin: 0; color: inherit;'>Vertical<\/p>\n<\/p><\/div>\n<div style='border: 1px solid rgba(150&comma; 150&comma; 150&comma; 0.4); border-radius: 8px; padding: 15px; background-color: rgba(245&comma; 245&comma; 245&comma; 0.1);'>\n<p style='margin: 0; margin-bottom: 8px; font-weight: 600; color: inherit;'>Impedancia<\/p>\n<p style='margin: 0; color: inherit;'>50 ohmios (con soporte de control de calidad adjunto)<\/p>\n<\/p><\/div>\n<div style='border: 1px solid rgba(150&comma; 150&comma; 150&comma; 0.4); border-radius: 8px; padding: 15px; background-color: rgba(245&comma; 245&comma; 245&comma; 0.1);'>\n<p style='margin: 0; margin-bottom: 8px; font-weight: 600; color: inherit;'>DC tierra<\/p>\n<p style='margin: 0; color: inherit;'>No DC Ground: la antena se leer\u00e1 abierta en la prueba de continuidad.<\/p>\n<\/p><\/div>\n<\/p><\/div>\n<\/p><\/div>\n<\/p><\/div>\n<\/p><\/div>\n","protected":false},"excerpt":{"rendered":"<p>Antena Marina VHF Quick Connect QC-4 de 4 pies.<\/p>\n","protected":false},"featured_media":69751,"comment_status":"open","ping_status":"closed","template":"","meta":[],"product_brand":[],"product_cat":[1574],"product_tag":[1404,1575,1576],"class_list":{"0":"post-69752","1":"product","2":"type-product","3":"status-publish","4":"has-post-thumbnail","6":"product_cat-marinas","7":"product_tag-antenas","8":"product_tag-marinas","9":"product_tag-shakespeare","11":"first","12":"outofstock","13":"sale","14":"shipping-taxable","15":"purchasable","16":"product-type-simple"},"_links":{"self":[{"href":"https:\/\/soydeaqui.ddns.net\/pachuca\/index.php\/wp-json\/wp\/v2\/product\/69752","targetHints":{"allow":["GET"]}}],"collection":[{"href":"https:\/\/soydeaqui.ddns.net\/pachuca\/index.php\/wp-json\/wp\/v2\/product"}],"about":[{"href":"https:\/\/soydeaqui.ddns.net\/pachuca\/index.php\/wp-json\/wp\/v2\/types\/product"}],"replies":[{"embeddable":true,"href":"https:\/\/soydeaqui.ddns.net\/pachuca\/index.php\/wp-json\/wp\/v2\/comments?post=69752"}],"wp:featuredmedia":[{"embeddable":true,"href":"https:\/\/soydeaqui.ddns.net\/pachuca\/index.php\/wp-json\/wp\/v2\/media\/69751"}],"wp:attachment":[{"href":"https:\/\/soydeaqui.ddns.net\/pachuca\/index.php\/wp-json\/wp\/v2\/media?parent=69752"}],"wp:term":[{"taxonomy":"product_brand","embeddable":true,"href":"https:\/\/soydeaqui.ddns.net\/pachuca\/index.php\/wp-json\/wp\/v2\/product_brand?post=69752"},{"taxonomy":"product_cat","embeddable":true,"href":"https:\/\/soydeaqui.ddns.net\/pachuca\/index.php\/wp-json\/wp\/v2\/product_cat?post=69752"},{"taxonomy":"product_tag","embeddable":true,"href":"https:\/\/soydeaqui.ddns.net\/pachuca\/index.php\/wp-json\/wp\/v2\/product_tag?post=69752"}],"curies":[{"name":"wp","href":"https:\/\/api.w.org\/{rel}","templated":true}]}}