{"id":69537,"date":"2026-03-19T10:50:47","date_gmt":"2026-03-19T10:50:47","guid":{"rendered":"https:\/\/soydeaqui.ddns.net\/pachuca\/index.php\/producto\/mastil-telescopico-retraible-manual-de-9-metros-con-accesorios-incluye-tripie\/"},"modified":"2026-03-19T10:50:53","modified_gmt":"2026-03-19T10:50:53","slug":"mastil-telescopico-retraible-manual-de-9-metros-con-accesorios-incluye-tripie","status":"publish","type":"product","link":"https:\/\/soydeaqui.ddns.net\/pachuca\/index.php\/producto\/mastil-telescopico-retraible-manual-de-9-metros-con-accesorios-incluye-tripie\/","title":{"rendered":"M\u00e1stil Telesc\u00f3pico Retraible Manual de 9 metros con Accesorios. Incluye Tripie."},"content":{"rendered":"<div style='width: 100%; max-width: 1200px; margin: 0 auto; font-family: sans-serif; line-height: 1.6; color: inherit; background-color: transparent;'> <!-- Secci\u00f3n de caracter\u00edsticas f\u00edsicas --> <\/p>\n<div style='display: flex; flex-wrap: wrap; gap: 30px; margin-bottom: 30px;'>\n<div style='flex: 1 1 300px; min-width: 280px;'>\n<h3 style='font-size: 22px; border-bottom: 2px solid currentColor; padding-bottom: 5px; margin-top: 0; color: inherit; opacity: 0.8;'>Caracter\u00edsticas F\u00edsicas<\/h3>\n<ul style='padding-left: 20px; font-size: 15px; color: inherit;'>\n<li style='margin-bottom: 5px;'><strong>Altura m\u00e1xima:<\/strong> 9 m<\/li>\n<li style='margin-bottom: 5px;'><strong>Altura retra\u00eddo:<\/strong> 2.25 m<\/li>\n<li style='margin-bottom: 5px;'><strong>Carga \u00fatil:<\/strong> M\u00e1ximo 20 kg (sobre placa superior)<\/li>\n<li style='margin-bottom: 5px;'><strong>Carga de viento:<\/strong> M\u00e1ximo 100 km\/h (con tirantes instalados)<\/li>\n<li style='margin-bottom: 5px;'><strong>Material:<\/strong> Aluminio 6063<\/li>\n<li style='margin-bottom: 5px;'><strong>Nivel de protecci\u00f3n:<\/strong> IP-65<\/li>\n<li style='margin-bottom: 5px;'><strong>Peso:<\/strong> 120 kg (aproximado)<\/li>\n<li style='margin-bottom: 5px;'><strong>N\u00famero de secciones:<\/strong> 5<\/li>\n<li style='margin-bottom: 5px;'><strong>Temperatura de operaci\u00f3n:<\/strong> -45\u00b0C a 65\u00b0C<\/li>\n<li style='margin-bottom: 5px;'><strong>Color:<\/strong> Verde militar cuando est\u00e1 cerrado&comma; partes externas en color natural<\/li>\n<\/ul><\/div>\n<\/p><\/div>\n<p> <!-- Secci\u00f3n de accesorios incluidos --> <\/p>\n<div style='display: flex; flex-wrap: wrap; gap: 30px; margin-bottom: 30px;'>\n<div style='flex: 1 1 300px; min-width: 280px;'>\n<h3 style='font-size: 22px; border-bottom: 2px solid currentColor; padding-bottom: 5px; margin-top: 0; color: inherit; opacity: 0.8;'>Accesorios Incluidos<\/h3>\n<ul style='padding-left: 20px; font-size: 15px; color: inherit;'>\n<li style='margin-bottom: 5px;'>Tripode \u2013 1 pieza<\/li>\n<li style='margin-bottom: 5px;'>Ancla de tierra \u2013 3 piezas<\/li>\n<li style='margin-bottom: 5px;'>Herraje para polea \u2013 1 pieza (ya instalada)<\/li>\n<li style='margin-bottom: 5px;'>Base de m\u00e1stil \u2013 1 pieza (ya instalada)<\/li>\n<li style='margin-bottom: 5px;'>Cables de nylon \u2013 6 piezas<\/li>\n<li style='margin-bottom: 5px;'>Estacas de acero \u2013 6 piezas<\/li>\n<\/ul><\/div>\n<\/p><\/div>\n<p> <!-- Nota importante --> <\/p>\n<div style='margin-bottom: 30px;'>\n<div style='background-color: rgba(255&comma; 215&comma; 0&comma; 0.1); border-left: 4px solid #FFD700; padding: 15px; border-radius: 4px; color: inherit;'> <strong>Nota:<\/strong> No se debe instalar equipo en la zona color aluminio donde se desliza el m\u00e1stil. El equipo debe ser montado solo en la parte superior del m\u00e1stil en la base incluida. <\/div>\n<\/p><\/div>\n<p> <!-- Video --> <\/p>\n<div style='margin-bottom: 30px;'>\n<div style='position: relative; padding-bottom: 56.25%; height: 0; overflow: hidden;'>   <\/div>\n<\/p><\/div>\n<p> <!-- Separador --> <\/p>\n<hr style='border: 0; border-top: 1px solid rgba(150&comma; 150&comma; 150&comma; 0.3); margin: 30px 0;'> <\/div>\n","protected":false},"excerpt":{"rendered":"<p>M\u00e1stil Telesc\u00f3pico Retraible Manual de 9 metros con Accesorios. Incluye Tripie.<\/p>\n","protected":false},"featured_media":69536,"comment_status":"open","ping_status":"closed","template":"","meta":[],"product_brand":[],"product_cat":[1654],"product_tag":[1328,733,246],"class_list":{"0":"post-69537","1":"product","2":"type-product","3":"status-publish","4":"has-post-thumbnail","6":"product_cat-mastiles-y-accesorios-torres-y-mastiles-redes-e-it","7":"product_tag-mastiles-y-accesorios","8":"product_tag-syscom-towers","9":"product_tag-torres-y-mastiles","11":"first","12":"outofstock","13":"sale","14":"shipping-taxable","15":"purchasable","16":"product-type-simple"},"_links":{"self":[{"href":"https:\/\/soydeaqui.ddns.net\/pachuca\/index.php\/wp-json\/wp\/v2\/product\/69537","targetHints":{"allow":["GET"]}}],"collection":[{"href":"https:\/\/soydeaqui.ddns.net\/pachuca\/index.php\/wp-json\/wp\/v2\/product"}],"about":[{"href":"https:\/\/soydeaqui.ddns.net\/pachuca\/index.php\/wp-json\/wp\/v2\/types\/product"}],"replies":[{"embeddable":true,"href":"https:\/\/soydeaqui.ddns.net\/pachuca\/index.php\/wp-json\/wp\/v2\/comments?post=69537"}],"wp:featuredmedia":[{"embeddable":true,"href":"https:\/\/soydeaqui.ddns.net\/pachuca\/index.php\/wp-json\/wp\/v2\/media\/69536"}],"wp:attachment":[{"href":"https:\/\/soydeaqui.ddns.net\/pachuca\/index.php\/wp-json\/wp\/v2\/media?parent=69537"}],"wp:term":[{"taxonomy":"product_brand","embeddable":true,"href":"https:\/\/soydeaqui.ddns.net\/pachuca\/index.php\/wp-json\/wp\/v2\/product_brand?post=69537"},{"taxonomy":"product_cat","embeddable":true,"href":"https:\/\/soydeaqui.ddns.net\/pachuca\/index.php\/wp-json\/wp\/v2\/product_cat?post=69537"},{"taxonomy":"product_tag","embeddable":true,"href":"https:\/\/soydeaqui.ddns.net\/pachuca\/index.php\/wp-json\/wp\/v2\/product_tag?post=69537"}],"curies":[{"name":"wp","href":"https:\/\/api.w.org\/{rel}","templated":true}]}}