{"id":69444,"date":"2026-03-19T10:47:03","date_gmt":"2026-03-19T10:47:03","guid":{"rendered":"https:\/\/soydeaqui.ddns.net\/pachuca\/index.php\/producto\/curso-expres-en-linea-sobre-amplificadores-de-senal-celular-para-mejorar-la-cobertura-celular-existente-2g-3g-4g-y-5g\/"},"modified":"2026-03-19T10:47:05","modified_gmt":"2026-03-19T10:47:05","slug":"curso-expres-en-linea-sobre-amplificadores-de-senal-celular-para-mejorar-la-cobertura-celular-existente-2g-3g-4g-y-5g","status":"publish","type":"product","link":"https:\/\/soydeaqui.ddns.net\/pachuca\/index.php\/producto\/curso-expres-en-linea-sobre-amplificadores-de-senal-celular-para-mejorar-la-cobertura-celular-existente-2g-3g-4g-y-5g\/","title":{"rendered":"Curso expr\u00e9s en l\u00ednea sobre amplificadores de se\u00f1al celular para mejorar la cobertura celular existente 2G, 3G, 4G y 5G."},"content":{"rendered":"<div style='width: 100%; max-width: 1200px; margin: 0 auto; font-family: sans-serif; line-height: 1.6; color: inherit; background-color: transparent;'>\n<div style='display: flex; flex-wrap: wrap; gap: 30px; margin-bottom: 30px;'>\n<div style='flex: 1 1 300px; min-width: 280px;'>\n<h3 style='font-size: 22px; border-bottom: 2px solid currentColor; padding-bottom: 5px; margin-top: 0; color: inherit; opacity: 0.8;'>Descripci\u00f3n<\/h3>\n<p style='font-size: 15px; color: inherit; margin: 15px 0;'> Curso en l\u00ednea que abordar\u00e1 las soluciones y productos que tiene SYSCOM para amplificar y mejorar la se\u00f1al celular de cualquier operador y para cualquier dispositivo celular 5G&comma; 4G&comma; 3G y Llamadas convencionales y VoLTE. <\/p>\n<\/p><\/div>\n<\/p><\/div>\n<div style='display: flex; flex-wrap: wrap; gap: 20px; margin-bottom: 30px;'>\n<div style='flex: 1 1 250px; border: 1px solid rgba(150&comma; 150&comma; 150&comma; 0.4); border-radius: 8px; overflow: hidden; display: flex; flex-direction: column;'>\n<div style='padding: 15px; border-bottom: 1px solid rgba(150&comma; 150&comma; 150&comma; 0.2); font-weight: bold; font-size: 18px; color: inherit;'>Requisitos<\/div>\n<div style='padding: 15px; color: inherit;'>\n<ul style='padding-left: 20px; margin: 0; font-size: 14px; list-style-type: disc;'>\n<li style='margin-bottom: 5px;'>Libreta y pluma&comma; o bien&comma; utilizar su computadora para realizar apuntes y recortes.<\/li>\n<li style='margin-bottom: 5px;'><a href='https:\/\/www.syscom.mx\/principal\/listadoportadasazul\/radios-cobertura-para-celular-4g-lte&comma;-3g-y-voz-65921.html?ordenar=Mas_Vendidos&#038;pag=1' style='color: inherit; text-decoration: underline;'>SYSCOM>Radiocomunicaci\u00f3n>Cobertura Celular 5G&comma; 4G&comma; 3G y Voz<\/a><\/li>\n<li>Calculadora<\/li>\n<\/ul><\/div>\n<\/p><\/div>\n<div style='flex: 1 1 250px; border: 1px solid rgba(150&comma; 150&comma; 150&comma; 0.4); border-radius: 8px; overflow: hidden; display: flex; flex-direction: column;'>\n<div style='padding: 15px; border-bottom: 1px solid rgba(150&comma; 150&comma; 150&comma; 0.2); font-weight: bold; font-size: 18px; color: inherit;'>A qui\u00e9n va dirigido<\/div>\n<div style='padding: 15px; color: inherit;'>\n<p style='margin: 0; font-size: 14px;'> A todos los clientes de SYSCOM \/ EPCOM que desean vender&comma; instalar y ofrecer las soluciones y productos para Mejorar la Se\u00f1al Celular. <\/p>\n<\/p><\/div>\n<\/p><\/div>\n<div style='flex: 1 1 250px; border: 1px solid rgba(150&comma; 150&comma; 150&comma; 0.4); border-radius: 8px; overflow: hidden; display: flex; flex-direction: column;'>\n<div style='padding: 15px; border-bottom: 1px solid rgba(150&comma; 150&comma; 150&comma; 0.2); font-weight: bold; font-size: 18px; color: inherit;'>Objetivo<\/div>\n<div style='padding: 15px; color: inherit;'>\n<ul style='padding-left: 20px; margin: 0; font-size: 14px; list-style-type: disc;'>\n<li style='margin-bottom: 5px;'>Que el asistente obtenga los conocimientos b\u00e1sicos sobre el funcionamiento de los Amplificadores de Se\u00f1al Celular (AdSC) y pueda ofrecer la soluci\u00f3n adecuada para mejorar la se\u00f1al celular a routers celulares&comma; en veh\u00edculos y en casas&comma; oficinas y edificios.<\/li>\n<li>Dar a conocer las soluciones y productos que tiene SYSCOM para mejorar la se\u00f1al celular.<\/li>\n<\/ul><\/div>\n<\/p><\/div>\n<\/p><\/div>\n<div style='display: flex; flex-wrap: wrap; gap: 30px; margin-bottom: 30px;'>\n<div style='flex: 1 1 300px; min-width: 280px;'>\n<h3 style='font-size: 22px; border-bottom: 2px solid currentColor; padding-bottom: 5px; margin-top: 0; color: inherit; opacity: 0.8;'>Temario<\/h3>\n<ul style='padding-left: 20px; font-size: 15px; color: inherit;'>\n<li style='margin-bottom: 5px;'>Conceptos generales de la red celular<\/li>\n<li style='margin-bottom: 5px;'>Niveles de se\u00f1al \u00f3ptimos para el celular<\/li>\n<li style='margin-bottom: 5px;'>Por qu\u00e9 se tienen problemas de se\u00f1al<\/li>\n<li style='margin-bottom: 5px;'>4 Categor\u00edas de amplificadores para mejorar la se\u00f1al<\/li>\n<li style='margin-bottom: 5px;'>Funcionamiento del amplificador<\/li>\n<li style='margin-bottom: 5px;'>Niveles de se\u00f1al \u00f3ptimos para el amplificador<\/li>\n<li style='margin-bottom: 5px;'>Consideraciones de instalaci\u00f3n<\/li>\n<\/ul><\/div>\n<\/p><\/div>\n<\/p><\/div>\n","protected":false},"excerpt":{"rendered":"<p>Curso expr\u00e9s en l\u00ednea sobre amplificadores de se\u00f1al celular para mejorar la cobertura celular existente 2G, 3G, 4G y 5G.<\/p>\n","protected":false},"featured_media":69443,"comment_status":"open","ping_status":"closed","template":"","meta":[],"product_brand":[],"product_cat":[1529,1531,1532,1528],"product_tag":[1535,1534,1404,1536,1533,63],"class_list":{"0":"post-69444","1":"product","2":"type-product","3":"status-publish","4":"has-post-thumbnail","6":"product_cat-4g","7":"product_cat-antenas-3g-y-voz","8":"product_cat-cables-y-accesorios","9":"product_cat-cobertura-celular-5g","10":"product_tag-3g-y-voz","11":"product_tag-4g","12":"product_tag-antenas","13":"product_tag-cables-y-accesorios","14":"product_tag-cobertura-celular-5g","15":"product_tag-syscom","17":"first","18":"outofstock","19":"sale","20":"shipping-taxable","21":"purchasable","22":"product-type-simple"},"_links":{"self":[{"href":"https:\/\/soydeaqui.ddns.net\/pachuca\/index.php\/wp-json\/wp\/v2\/product\/69444","targetHints":{"allow":["GET"]}}],"collection":[{"href":"https:\/\/soydeaqui.ddns.net\/pachuca\/index.php\/wp-json\/wp\/v2\/product"}],"about":[{"href":"https:\/\/soydeaqui.ddns.net\/pachuca\/index.php\/wp-json\/wp\/v2\/types\/product"}],"replies":[{"embeddable":true,"href":"https:\/\/soydeaqui.ddns.net\/pachuca\/index.php\/wp-json\/wp\/v2\/comments?post=69444"}],"wp:featuredmedia":[{"embeddable":true,"href":"https:\/\/soydeaqui.ddns.net\/pachuca\/index.php\/wp-json\/wp\/v2\/media\/69443"}],"wp:attachment":[{"href":"https:\/\/soydeaqui.ddns.net\/pachuca\/index.php\/wp-json\/wp\/v2\/media?parent=69444"}],"wp:term":[{"taxonomy":"product_brand","embeddable":true,"href":"https:\/\/soydeaqui.ddns.net\/pachuca\/index.php\/wp-json\/wp\/v2\/product_brand?post=69444"},{"taxonomy":"product_cat","embeddable":true,"href":"https:\/\/soydeaqui.ddns.net\/pachuca\/index.php\/wp-json\/wp\/v2\/product_cat?post=69444"},{"taxonomy":"product_tag","embeddable":true,"href":"https:\/\/soydeaqui.ddns.net\/pachuca\/index.php\/wp-json\/wp\/v2\/product_tag?post=69444"}],"curies":[{"name":"wp","href":"https:\/\/api.w.org\/{rel}","templated":true}]}}