{"id":69432,"date":"2026-03-19T10:46:32","date_gmt":"2026-03-19T10:46:32","guid":{"rendered":"https:\/\/soydeaqui.ddns.net\/pachuca\/index.php\/producto\/adaptador-de-cargadores-de-seis-unidades-ksc-28-ksc-37-ksc-37s\/"},"modified":"2026-03-19T10:46:34","modified_gmt":"2026-03-19T10:46:34","slug":"adaptador-de-cargadores-de-seis-unidades-ksc-28-ksc-37-ksc-37s","status":"publish","type":"product","link":"https:\/\/soydeaqui.ddns.net\/pachuca\/index.php\/producto\/adaptador-de-cargadores-de-seis-unidades-ksc-28-ksc-37-ksc-37s\/","title":{"rendered":"Adaptador de cargadores de seis unidades KSC-28, KSC-37, KSC-37S."},"content":{"rendered":"<div style='width: 100%; max-width: 1200px; margin: 0 auto; font-family: sans-serif; line-height: 1.6; color: inherit; background-color: transparent;'>\n<div style='display: flex; flex-wrap: wrap; gap: 30px; margin-bottom: 30px;'>\n<div style='flex: 1 1 300px; min-width: 280px;'>\n<h3 style='font-size: 22px; border-bottom: 2px solid currentColor; padding-bottom: 5px; margin-top: 0; color: inherit; opacity: 0.8;'>Descripci\u00f3n<\/h3>\n<p style='margin: 0 0 15px; color: inherit;'>Los nuevos <a href='https:\/\/www.ameradio.com\/product\/100435\/description.html' style='color: inherit; text-decoration: underline;'>KMB-27<\/a> y <a href='https:\/\/www.ameradio.com\/product\/100330\/description.html' style='color: inherit; text-decoration: underline;'>KMB-28<\/a> de Kenwood son nuestra pr\u00f3xima generaci\u00f3n de adaptadores de m\u00faltiples cargadores que ahorran espacio y son f\u00e1ciles de instalar para las radios port\u00e1tiles ProTalk y 200 Series. Cada unidad KMB tiene seis tazas de carga (configuraci\u00f3n de dos por tres) para ahorrar espacio en el escritorio o en el estante. Ambos cargadores vienen completos con una fuente de alimentaci\u00f3n incorporada&comma; un arn\u00e9s precableado con seis enchufes de conector de copa de carga y un cable de alimentaci\u00f3n con conexi\u00f3n a tierra de seis pies para facilitar la operaci\u00f3n del aire acondicionado. Ambos cargadores m\u00faltiples est\u00e1n destinados a la instalaci\u00f3n de escritorio o montaje en estante.<\/p>\n<\/p><\/div>\n<\/p><\/div>\n<div style='display: flex; flex-wrap: wrap; gap: 20px; margin-bottom: 30px;'>\n<div style='flex: 1 1 250px; border: 1px solid rgba(150&comma; 150&comma; 150&comma; 0.4); border-radius: 8px; overflow: hidden; display: flex; flex-direction: column;'>\n<div style='padding: 15px; border-bottom: 1px solid rgba(150&comma; 150&comma; 150&comma; 0.2); font-weight: bold; font-size: 18px; color: inherit;'>Caracter\u00edsticas<\/div>\n<div style='padding: 15px; color: inherit;'>\n<ul style='padding-left: 20px; margin: 0; font-size: 14px; list-style-type: disc;'>\n<li style='margin-bottom: 5px;'>Dise\u00f1ado para ser ensamblado en aproximadamente 1 minuto<\/li>\n<li style='margin-bottom: 5px;'>Dise\u00f1ado para organizar y sostener hasta seis tazas de carga en dos filas de tres para ahorrar espacio en el escritorio o en el estante<\/li>\n<li style='margin-bottom: 5px;'>Dise\u00f1o peque\u00f1o que ahorra espacio: 24.13 x 27.6 \/ 40.6 Ancho x 2.3 \/ 8 Alto cm<\/li>\n<li style='margin-bottom: 5px;'>Ranuras de montaje en pared y estante para m\u00faltiples configuraciones de cargador de pandillas<\/li>\n<li style='margin-bottom: 5px;'>Patas de goma antideslizantes<\/li>\n<\/ul><\/div>\n<\/p><\/div>\n<div style='flex: 1 1 250px; border: 1px solid rgba(150&comma; 150&comma; 150&comma; 0.4); border-radius: 8px; overflow: hidden; display: flex; flex-direction: column;'>\n<div style='padding: 15px; border-bottom: 1px solid rgba(150&comma; 150&comma; 150&comma; 0.2); font-weight: bold; font-size: 18px; color: inherit;'>Compatibilidad<\/div>\n<div style='padding: 15px; color: inherit;'>\n<ul style='padding-left: 20px; margin: 0; font-size: 14px; list-style-type: disc;'>\n<li style='margin-bottom: 5px;'>KMB-27 compatible con tazas de carga KSC-28&comma; KSC-37 o KSC-37S<\/li>\n<li style='margin-bottom: 5px;'>KMB-28 compatible con taza de carga KSC-35 para usar con radios 200&comma; 200 y ProTalk\u00ae &#8216;LP&#8217;<\/li>\n<\/ul><\/div>\n<\/p><\/div>\n<div style='flex: 1 1 250px; border: 1px solid rgba(150&comma; 150&comma; 150&comma; 0.4); border-radius: 8px; overflow: hidden; display: flex; flex-direction: column;'>\n<div style='padding: 15px; border-bottom: 1px solid rgba(150&comma; 150&comma; 150&comma; 0.2); font-weight: bold; font-size: 18px; color: inherit;'>Incluye<\/div>\n<div style='padding: 15px; color: inherit;'>\n<ul style='padding-left: 20px; margin: 0; font-size: 14px; list-style-type: disc;'>\n<li style='margin-bottom: 5px;'>Solo el toma corriente&comma; sin cargadores<\/li>\n<\/ul><\/div>\n<\/p><\/div>\n<\/p><\/div>\n<div style='display: flex; flex-wrap: wrap; gap: 30px;'>\n<div style='flex: 1 1 300px; min-width: 280px;'>\n<h3 style='font-size: 22px; border-bottom: 2px solid currentColor; padding-bottom: 5px; margin-top: 0; color: inherit; opacity: 0.8;'>Im\u00e1genes<\/h3>\n<div style='margin-bottom: 15px;'> <img style='width: 100%; height: auto; border: 1px solid rgba(150&comma;150&comma;150&comma;0.3); border-radius: 8px;' src='https:\/\/ftp3.syscom.mx\/usuarios\/fotos\/BancoFotografiasSyscom\/KENWOOD\/KMB27AK\/KMB27AK-p.PNG' alt=''> <\/div>\n<\/p><\/div>\n<\/p><\/div>\n<hr style='border: 0; border-top: 1px solid rgba(150&comma; 150&comma; 150&comma; 0.3); margin: 30px 0;'> <\/div>\n","protected":false},"excerpt":{"rendered":"<p>Adaptador de cargadores de seis unidades KSC-28, KSC-37, KSC-37S.<\/p>\n","protected":false},"featured_media":69431,"comment_status":"open","ping_status":"closed","template":"","meta":[],"product_brand":[],"product_cat":[1702],"product_tag":[1579,1109,1580],"class_list":{"0":"post-69432","1":"product","2":"type-product","3":"status-publish","4":"has-post-thumbnail","6":"product_cat-cargadores-de-baterias-accesorios-para-kenwood","7":"product_tag-accesorios-para-kenwood","8":"product_tag-cargadores-de-baterias","9":"product_tag-kenwood","11":"first","12":"outofstock","13":"sale","14":"shipping-taxable","15":"purchasable","16":"product-type-simple"},"_links":{"self":[{"href":"https:\/\/soydeaqui.ddns.net\/pachuca\/index.php\/wp-json\/wp\/v2\/product\/69432","targetHints":{"allow":["GET"]}}],"collection":[{"href":"https:\/\/soydeaqui.ddns.net\/pachuca\/index.php\/wp-json\/wp\/v2\/product"}],"about":[{"href":"https:\/\/soydeaqui.ddns.net\/pachuca\/index.php\/wp-json\/wp\/v2\/types\/product"}],"replies":[{"embeddable":true,"href":"https:\/\/soydeaqui.ddns.net\/pachuca\/index.php\/wp-json\/wp\/v2\/comments?post=69432"}],"wp:featuredmedia":[{"embeddable":true,"href":"https:\/\/soydeaqui.ddns.net\/pachuca\/index.php\/wp-json\/wp\/v2\/media\/69431"}],"wp:attachment":[{"href":"https:\/\/soydeaqui.ddns.net\/pachuca\/index.php\/wp-json\/wp\/v2\/media?parent=69432"}],"wp:term":[{"taxonomy":"product_brand","embeddable":true,"href":"https:\/\/soydeaqui.ddns.net\/pachuca\/index.php\/wp-json\/wp\/v2\/product_brand?post=69432"},{"taxonomy":"product_cat","embeddable":true,"href":"https:\/\/soydeaqui.ddns.net\/pachuca\/index.php\/wp-json\/wp\/v2\/product_cat?post=69432"},{"taxonomy":"product_tag","embeddable":true,"href":"https:\/\/soydeaqui.ddns.net\/pachuca\/index.php\/wp-json\/wp\/v2\/product_tag?post=69432"}],"curies":[{"name":"wp","href":"https:\/\/api.w.org\/{rel}","templated":true}]}}