{"id":6926,"date":"2026-03-18T06:49:29","date_gmt":"2026-03-18T06:49:29","guid":{"rendered":"https:\/\/soydeaqui.ddns.net\/pachuca\/index.php\/producto\/detector-de-rayo-fotoelectrico-2-rayos-4-frecuencias-60mts-exterior-alimentacion-12-24-vdc-vac\/"},"modified":"2026-03-18T06:49:31","modified_gmt":"2026-03-18T06:49:31","slug":"detector-de-rayo-fotoelectrico-2-rayos-4-frecuencias-60mts-exterior-alimentacion-12-24-vdc-vac","status":"publish","type":"product","link":"https:\/\/soydeaqui.ddns.net\/pachuca\/index.php\/producto\/detector-de-rayo-fotoelectrico-2-rayos-4-frecuencias-60mts-exterior-alimentacion-12-24-vdc-vac\/","title":{"rendered":"Detector de rayo fotoel\u00e9ctrico \/ 2 rayos \/ 4 frecuencias \/ 60mts exterior \/ Alimentacion 12-24 VDC\/VAC"},"content":{"rendered":"<div style='width: 100%; max-width: 1200px; margin: 0 auto; font-family: sans-serif; line-height: 1.6; color: inherit; background-color: transparent;'> <!-- Imagen principal --> <\/p>\n<div style='width: 100%; margin-bottom: 30px;'> <img style='width: 100%; height: auto; border: 1px solid rgba(150&comma;150&comma;150&comma;0.3); border-radius: 8px; display: block; margin: 0 auto;' src='https:\/\/http2.mlstatic.com\/sirena-alarma-12v-30w-para-alarma-muy-potente-sf581l-sfire-D_NQ_NP_965156-MLM29222112039_012019-O.jpg' alt=''> <\/div>\n<p> <!-- Descripci\u00f3n general --> <\/p>\n<div style='width: 100%; margin-bottom: 30px; font-size: 15px;'>\n<p>Toda la serie de detectores fotoel\u00e9ctricos de <strong>S FIRE\u00ae<\/strong> cuentan con un exclusivo dise\u00f1o de la cubierta que evita falsas alarmas por lluvia&comma; nieve y reflejos producidos por el sol. Los canales de rayo fotoel\u00e9ctricos son digitales lo que permite una perfecta sincronizaci\u00f3n entre el trasmisor y el receptor&comma; evitando falsas alarmas por interferencias o equipos similares&comma; un ajuste que garantiza el correcto funcionamiento&comma; mediante LED indicador.<\/p>\n<p>Los modelos SF le brindan mayor nivel de seguridad ya que ofrecen una protecci\u00f3n con 2 rayos infrarrojos los cuales tiene que ser obstruidos simult\u00e1neamente para generar alarma.<\/p>\n<\/p><\/div>\n<p> <!-- Secci\u00f3n de caracter\u00edsticas con flex --> <\/p>\n<div style='display: flex; flex-wrap: wrap; gap: 30px; margin-bottom: 30px;'>\n<div style='flex: 1 1 300px; min-width: 280px;'>\n<h3 style='font-size: 22px; border-bottom: 2px solid currentColor; padding-bottom: 5px; margin-top: 0; color: inherit; opacity: 0.8;'>Caracter\u00edsticas principales<\/h3>\n<ul style='padding-left: 20px; font-size: 15px; color: inherit;'>\n<li style='margin-bottom: 5px;'><strong>Distancia en interior:<\/strong> 180 metros sin tapa<\/li>\n<li style='margin-bottom: 5px;'><strong>Rentabilidad:<\/strong> 2 rayos infrarrojos<\/li>\n<li style='margin-bottom: 5px;'><strong>Distancia en exterior:<\/strong> 60 metros<\/li>\n<li style='margin-bottom: 5px;'><strong>Frecuencias:<\/strong> 4 seleccionables<\/li>\n<li style='margin-bottom: 5px;'><strong>Tiempo de respuesta:<\/strong> 12-250 milisegundos<\/li>\n<\/ul><\/div>\n<div style='flex: 1 1 300px; min-width: 280px;'>\n<h3 style='font-size: 22px; border-bottom: 2px solid currentColor; padding-bottom: 5px; margin-top: 0; color: inherit; opacity: 0.8;'>Caracter\u00edsticas F\u00edsicas y El\u00e9ctricas<\/h3>\n<ul style='padding-left: 20px; font-size: 15px; color: inherit;'>\n<li style='margin-bottom: 5px;'><strong>Salida de alarma:<\/strong> Relay tipo C<\/li>\n<li style='margin-bottom: 5px;'><strong>Alimentaci\u00f3n:<\/strong> 12-24 Vcc \/ 9-20 Vca<\/li>\n<li style='margin-bottom: 5px;'><strong>Consumo:<\/strong> 75mA<\/li>\n<li style='margin-bottom: 5px;'><strong>Tamper:<\/strong> Normalmente cerrado<\/li>\n<li style='margin-bottom: 5px;'><strong>Temperatura de operaci\u00f3n:<\/strong> -25\u00b0C a 55\u00b0C<\/li>\n<li style='margin-bottom: 5px;'><strong>Humedad:<\/strong> 95%<\/li>\n<li style='margin-bottom: 5px;'><strong>Clasificaci\u00f3n IP:<\/strong> IP65<\/li>\n<li style='margin-bottom: 5px;'><strong>Dimensiones:<\/strong> 211.5mm x 79.9mm x 74.7mm<\/li>\n<\/ul><\/div>\n<div style='flex: 1 1 300px; min-width: 280px;'>\n<h3 style='font-size: 22px; border-bottom: 2px solid currentColor; padding-bottom: 5px; margin-top: 0; color: inherit; opacity: 0.8;'>Caracter\u00edsticas Destacadas<\/h3>\n<ul style='padding-left: 20px; font-size: 15px; color: inherit;'>\n<li style='margin-bottom: 5px;'><strong>Montaje:<\/strong> Poste o pared<\/li>\n<li style='margin-bottom: 5px;'><strong>Peso:<\/strong> 1.0 kg<\/li>\n<li style='margin-bottom: 5px;'><strong>Garant\u00eda:<\/strong> 1 a\u00f1o<\/li>\n<li style='margin-bottom: 5px;'><strong>Compatibilidad:<\/strong> Todas las marcas del mercado<\/li>\n<li style='margin-bottom: 5px;'><strong>Cableado:<\/strong> Compatible con est\u00e1ndares actuales<\/li>\n<\/ul><\/div>\n<\/p><\/div>\n<p> <!-- Imagen inferior --> <\/p>\n<div style='width: 100%; margin-bottom: 30px;'> <a href='https:\/\/www.syscom.mx\/principal\/consultarproductosazul?global_search=fotoelectricos&#038;ordenar=Relevancia&#038;marca=-sfire&#038;pag=1'> <img style='width: 100%; height: auto; border: 1px solid rgba(150&comma;150&comma;150&comma;0.3); border-radius: 8px; display: block; margin: 0 auto;' src='https:\/\/lh3.googleusercontent.com\/B22ZIZ9GJ8DCucK6TKHb8E_FYBMkgVQGxJawNMkLVC1WvJ4Z6HGTXi5vk-MDjNxFEysSMBFxhkZ2RmYqMUopey4CnD2Q0QJu32UXBsZelDWCGDkVULEHN5zXVrHh7CUouVs5srA3kCmdt5jccV8bE-8-VP35kFljriCItiNt8kMPlXAhmOHeeFV_oR1GNQJNO7aT5h2yv8TbdSvP3hhinZ_5La-Xvj6O0UV7s_sPA-zDRhqvSOSCYgxGsOX5IF1hYUvM4EzX6Z3dgXo5R0HSvB0q1HTbzxt6xRSMmXorh5N5sv5WP6ywQ9BxB-XkvV0HLhAOdm6q79Yt9OgFWyIm7aPvxilYFsor6NnbX7__EjomF3wb-UmkVR3XTgsD1XdYT7pTRqOXOq-sponqkNn_WURu3ZwIqHZbdZrRW-u2Ru8pNTD-tEfRMiFP2kK5RDv4D5NhOPf4x_yhH7SiH7ij5r8QoDjkMgs7j0sz-usJBltpVTQNvwGSPhd3RoVnIJE-hC6pxL4Shraw5w5jOuhRdrqSJsJP8GrJo71Gft6Nm4qTY7x5IUPY4Pg6qqoKb_Mn4pdIp6cMF7zFaLaDrPgNOSJ88E5KwiZblb_EqMVqr_TepB4gKCjESp1aQZfBH8ME3rJj64LLPEVhABvWyIO4Q-EuhAQCDu4=w1200-h447-no' alt=''> <\/a> <\/div>\n<p> <!-- Separador final --> <\/p>\n<hr style='border: 0; border-top: 1px solid rgba(150&comma; 150&comma; 150&comma; 0.3); margin: 30px 0;'> <\/div>\n","protected":false},"excerpt":{"rendered":"<p>Detector de rayo fotoel\u00e9ctrico \/ 2 rayos \/ 4 frecuencias \/ 60mts exterior \/ Alimentacion 12-24 VDC\/VAC<\/p>\n","protected":false},"featured_media":6925,"comment_status":"open","ping_status":"closed","template":"","meta":[],"product_brand":[],"product_cat":[232],"product_tag":[19,233,79],"class_list":{"0":"post-6926","1":"product","2":"type-product","3":"status-publish","4":"has-post-thumbnail","6":"product_cat-fotoelectricos-y-microondas","7":"product_tag-detectores-sensores","8":"product_tag-fotoelectricos-y-microondas","9":"product_tag-sfire","11":"first","12":"instock","13":"sale","14":"shipping-taxable","15":"purchasable","16":"product-type-simple"},"_links":{"self":[{"href":"https:\/\/soydeaqui.ddns.net\/pachuca\/index.php\/wp-json\/wp\/v2\/product\/6926","targetHints":{"allow":["GET"]}}],"collection":[{"href":"https:\/\/soydeaqui.ddns.net\/pachuca\/index.php\/wp-json\/wp\/v2\/product"}],"about":[{"href":"https:\/\/soydeaqui.ddns.net\/pachuca\/index.php\/wp-json\/wp\/v2\/types\/product"}],"replies":[{"embeddable":true,"href":"https:\/\/soydeaqui.ddns.net\/pachuca\/index.php\/wp-json\/wp\/v2\/comments?post=6926"}],"wp:featuredmedia":[{"embeddable":true,"href":"https:\/\/soydeaqui.ddns.net\/pachuca\/index.php\/wp-json\/wp\/v2\/media\/6925"}],"wp:attachment":[{"href":"https:\/\/soydeaqui.ddns.net\/pachuca\/index.php\/wp-json\/wp\/v2\/media?parent=6926"}],"wp:term":[{"taxonomy":"product_brand","embeddable":true,"href":"https:\/\/soydeaqui.ddns.net\/pachuca\/index.php\/wp-json\/wp\/v2\/product_brand?post=6926"},{"taxonomy":"product_cat","embeddable":true,"href":"https:\/\/soydeaqui.ddns.net\/pachuca\/index.php\/wp-json\/wp\/v2\/product_cat?post=6926"},{"taxonomy":"product_tag","embeddable":true,"href":"https:\/\/soydeaqui.ddns.net\/pachuca\/index.php\/wp-json\/wp\/v2\/product_tag?post=6926"}],"curies":[{"name":"wp","href":"https:\/\/api.w.org\/{rel}","templated":true}]}}