{"id":69257,"date":"2026-03-19T10:39:40","date_gmt":"2026-03-19T10:39:40","guid":{"rendered":"https:\/\/soydeaqui.ddns.net\/pachuca\/index.php\/producto\/radio-movil-marino-vhf-color-negro-25-w-de-potencia-sumergible-ipx4-rango-de-frecuencia-tx-156-025-157-425-mhz-rx-156-050-163-275-mhz-incluye-microfono-y-cable-de-alimentacion\/"},"modified":"2026-03-19T10:39:41","modified_gmt":"2026-03-19T10:39:41","slug":"radio-movil-marino-vhf-color-negro-25-w-de-potencia-sumergible-ipx4-rango-de-frecuencia-tx-156-025-157-425-mhz-rx-156-050-163-275-mhz-incluye-microfono-y-cable-de-alimentacion","status":"publish","type":"product","link":"https:\/\/soydeaqui.ddns.net\/pachuca\/index.php\/producto\/radio-movil-marino-vhf-color-negro-25-w-de-potencia-sumergible-ipx4-rango-de-frecuencia-tx-156-025-157-425-mhz-rx-156-050-163-275-mhz-incluye-microfono-y-cable-de-alimentacion\/","title":{"rendered":"Radio M\u00f3vil Marino VHF, color negro, 25 W de potencia, sumergible IPX4, rango de frecuencia.: Tx: 156.025-157.425 MHz, Rx: 156.050-163.275 MHz. incluye micr\u00f3fono y cable de alimentaci\u00f3n"},"content":{"rendered":"<div style='width: 100%; max-width: 1200px; margin: 0 auto; font-family: sans-serif; line-height: 1.6; color: inherit; background-color: transparent;'> <!-- Secci\u00f3n de caracter\u00edsticas principales --> <\/p>\n<div style='display: flex; flex-wrap: wrap; gap: 30px; margin-bottom: 30px;'>\n<div style='flex: 1 1 300px; min-width: 280px;'>\n<h3 style='font-size: 22px; border-bottom: 2px solid currentColor; padding-bottom: 5px; margin-top: 0; color: inherit; opacity: 0.8;'>Caracter\u00edsticas Principales<\/h3>\n<ul style='padding-left: 20px; font-size: 15px; color: inherit;'>\n<li style='margin-bottom: 5px;'>Potencia de transmisi\u00f3n de hasta 25 watts<\/li>\n<li style='margin-bottom: 5px;'>Rango operativo TX: 156.025-157.425 MHz<\/li>\n<li style='margin-bottom: 5px;'>Compatible con GPS y env\u00edo de llamada DSC<\/li>\n<li style='margin-bottom: 5px;'>Pantalla LCD grande y botones accesibles<\/li>\n<li style='margin-bottom: 5px;'>Protecci\u00f3n IPX4 para resistencia al agua<\/li>\n<\/ul><\/div>\n<\/p><\/div>\n<p> <!-- Secci\u00f3n de especificaciones t\u00e9cnicas --> <\/p>\n<div style='display: flex; flex-wrap: wrap; gap: 20px; margin-bottom: 30px;'>\n<div style='flex: 1 1 250px; border: 1px solid rgba(150&comma; 150&comma; 150&comma; 0.4); border-radius: 8px; overflow: hidden; display: flex; flex-direction: column;'>\n<div style='padding: 15px; border-bottom: 1px solid rgba(150&comma; 150&comma; 150&comma; 0.2); font-weight: bold; font-size: 18px; color: inherit;'>Especificaciones T\u00e9cnicas<\/div>\n<div style='padding: 15px; color: inherit;'>\n<ul style='padding-left: 20px; margin: 0; font-size: 14px; list-style-type: disc;'>\n<li style='margin-bottom: 5px;'><strong>Rango de operaci\u00f3n TX:<\/strong> 156.025-157.425 MHz<\/li>\n<li style='margin-bottom: 5px;'><strong>Rango de operaci\u00f3n RX:<\/strong> 156.050-163.275 MHz<\/li>\n<li style='margin-bottom: 5px;'><strong>Potencia de salida:<\/strong> 25 WATTS<\/li>\n<li style='margin-bottom: 5px;'><strong>Protecci\u00f3n:<\/strong> IPX4<\/li>\n<li style='margin-bottom: 5px;'><strong>Conector de antena:<\/strong> SO-239 o UHF hembra<\/li>\n<li style='margin-bottom: 5px;'><strong>Dimensiones:<\/strong> H 66.5 x A 162.6 x L 130.1 mm<\/li>\n<li style='margin-bottom: 5px;'><strong>Peso:<\/strong> 1 kg<\/li>\n<\/ul><\/div>\n<\/p><\/div>\n<p> <!-- Secci\u00f3n de incluye --> <\/p>\n<div style='flex: 1 1 250px; border: 1px solid rgba(150&comma; 150&comma; 150&comma; 0.4); border-radius: 8px; overflow: hidden; display: flex; flex-direction: column;'>\n<div style='padding: 15px; border-bottom: 1px solid rgba(150&comma; 150&comma; 150&comma; 0.2); font-weight: bold; font-size: 18px; color: inherit;'>Incluye<\/div>\n<div style='padding: 15px; color: inherit;'>\n<ul style='padding-left: 20px; margin: 0; font-size: 14px; list-style-type: disc;'>\n<li style='margin-bottom: 5px;'>Bracket de montaje<\/li>\n<li style='margin-bottom: 5px;'>Gancho de micr\u00f3fono<\/li>\n<li style='margin-bottom: 5px;'>Cable de alimentaci\u00f3n<\/li>\n<li style='margin-bottom: 5px;'>Cable de datos<\/li>\n<li style='margin-bottom: 5px;'>Tornilleria<\/li>\n<li style='margin-bottom: 5px;'>Manual de instrucciones<\/li>\n<\/ul><\/div>\n<\/p><\/div>\n<p> <!-- Secci\u00f3n de caracter\u00edsticas adicionales --> <\/p>\n<div style='flex: 1 1 250px; border: 1px solid rgba(150&comma; 150&comma; 150&comma; 0.4); border-radius: 8px; overflow: hidden; display: flex; flex-direction: column;'>\n<div style='padding: 15px; border-bottom: 1px solid rgba(150&comma; 150&comma; 150&comma; 0.2); font-weight: bold; font-size: 18px; color: inherit;'>Caracter\u00edsticas Adicionales<\/div>\n<div style='padding: 15px; color: inherit;'>\n<ul style='padding-left: 20px; margin: 0; font-size: 14px; list-style-type: disc;'>\n<li style='margin-bottom: 5px;'>Gran pantalla LCD y botones grandes<\/li>\n<li style='margin-bottom: 5px;'>Funci\u00f3n de observaci\u00f3n triple para mejorar el monitoreo de canal<\/li>\n<li style='margin-bottom: 5px;'>Compatible con GPS<\/li>\n<li style='margin-bottom: 5px;'>Aprobado por la FCC<\/li>\n<li style='margin-bottom: 5px;'>Envi\u00f3 de llamada DSC Clase D<\/li>\n<\/ul><\/div>\n<\/p><\/div>\n<\/p><\/div>\n<p> <!-- Secci\u00f3n de informaci\u00f3n el\u00e9ctrica --> <\/p>\n<div style='display: flex; flex-wrap: wrap; gap: 20px; margin-bottom: 30px;'>\n<div style='flex: 1 1 250px; border: 1px solid rgba(150&comma; 150&comma; 150&comma; 0.4); border-radius: 8px; overflow: hidden; display: flex; flex-direction: column;'>\n<div style='padding: 15px; border-bottom: 1px solid rgba(150&comma; 150&comma; 150&comma; 0.2); font-weight: bold; font-size: 18px; color: inherit;'>Especificaciones El\u00e9ctricas<\/div>\n<div style='padding: 15px; color: inherit;'>\n<ul style='padding-left: 20px; margin: 0; font-size: 14px; list-style-type: disc;'>\n<li style='margin-bottom: 5px;'><strong>Tensi\u00f3n de entrada:<\/strong> 13.8 Vcc<\/li>\n<li style='margin-bottom: 5px;'><strong>Corriente de entrada:<\/strong> 6 A<\/li>\n<\/ul><\/div>\n<\/p><\/div>\n<p> <!-- Secci\u00f3n de informaci\u00f3n del fabricante --> <\/p>\n<div style='flex: 1 1 250px; border: 1px solid rgba(150&comma; 150&comma; 150&comma; 0.4); border-radius: 8px; overflow: hidden; display: flex; flex-direction: column;'>\n<div style='padding: 15px; border-bottom: 1px solid rgba(150&comma; 150&comma; 150&comma; 0.2); font-weight: bold; font-size: 18px; color: inherit;'>Informaci\u00f3n del Fabricante<\/div>\n<div style='padding: 15px; color: inherit;'>\n<ul style='padding-left: 20px; margin: 0; font-size: 14px; list-style-type: disc;'>\n<li style='margin-bottom: 5px;'><strong>Marca:<\/strong> UNIDEN<\/li>\n<li style='margin-bottom: 5px;'><strong>Modelo:<\/strong> UM385BK<\/li>\n<li style='margin-bottom: 5px;'><strong>Pa\u00eds de origen:<\/strong> Vietnam<\/li>\n<li style='margin-bottom: 5px;'><strong>Garant\u00eda:<\/strong> 1 a\u00f1o despu\u00e9s de su venta<\/li>\n<\/ul><\/div>\n<\/p><\/div>\n<\/p><\/div>\n<p> <!-- Separador --> <\/p>\n<hr style='border: 0; border-top: 1px solid rgba(150&comma; 150&comma; 150&comma; 0.3); margin: 30px 0;'> <\/div>\n","protected":false},"excerpt":{"rendered":"<p>Radio M\u00f3vil Marino VHF, color negro, 25 W de potencia, sumergible IPX4, rango de frecuencia.: Tx: 156.025-157.425 MHz, Rx: 156.050-163.275 MHz. incluye micr\u00f3fono y cable de alimentaci\u00f3n<\/p>\n","protected":false},"featured_media":69256,"comment_status":"open","ping_status":"closed","template":"","meta":[],"product_brand":[],"product_cat":[1628],"product_tag":[1573,1286,1733],"class_list":{"0":"post-69257","1":"product","2":"type-product","3":"status-publish","4":"has-post-thumbnail","6":"product_cat-moviles-radios-marinos","7":"product_tag-moviles","8":"product_tag-radios-marinos","9":"product_tag-uniden","11":"first","12":"instock","13":"sale","14":"shipping-taxable","15":"purchasable","16":"product-type-simple"},"_links":{"self":[{"href":"https:\/\/soydeaqui.ddns.net\/pachuca\/index.php\/wp-json\/wp\/v2\/product\/69257","targetHints":{"allow":["GET"]}}],"collection":[{"href":"https:\/\/soydeaqui.ddns.net\/pachuca\/index.php\/wp-json\/wp\/v2\/product"}],"about":[{"href":"https:\/\/soydeaqui.ddns.net\/pachuca\/index.php\/wp-json\/wp\/v2\/types\/product"}],"replies":[{"embeddable":true,"href":"https:\/\/soydeaqui.ddns.net\/pachuca\/index.php\/wp-json\/wp\/v2\/comments?post=69257"}],"wp:featuredmedia":[{"embeddable":true,"href":"https:\/\/soydeaqui.ddns.net\/pachuca\/index.php\/wp-json\/wp\/v2\/media\/69256"}],"wp:attachment":[{"href":"https:\/\/soydeaqui.ddns.net\/pachuca\/index.php\/wp-json\/wp\/v2\/media?parent=69257"}],"wp:term":[{"taxonomy":"product_brand","embeddable":true,"href":"https:\/\/soydeaqui.ddns.net\/pachuca\/index.php\/wp-json\/wp\/v2\/product_brand?post=69257"},{"taxonomy":"product_cat","embeddable":true,"href":"https:\/\/soydeaqui.ddns.net\/pachuca\/index.php\/wp-json\/wp\/v2\/product_cat?post=69257"},{"taxonomy":"product_tag","embeddable":true,"href":"https:\/\/soydeaqui.ddns.net\/pachuca\/index.php\/wp-json\/wp\/v2\/product_tag?post=69257"}],"curies":[{"name":"wp","href":"https:\/\/api.w.org\/{rel}","templated":true}]}}