{"id":69251,"date":"2026-03-19T10:39:27","date_gmt":"2026-03-19T10:39:27","guid":{"rendered":"https:\/\/soydeaqui.ddns.net\/pachuca\/index.php\/producto\/radio-movil-marino-vhf-color-blanco-tx-156-025-157-425-mhz-rx-156-050-163-275-mhz-25w-de-potencia-sumergible-ipx4-incluye-microfono-y-cable-de-alimentacion\/"},"modified":"2026-03-19T10:39:36","modified_gmt":"2026-03-19T10:39:36","slug":"radio-movil-marino-vhf-color-blanco-tx-156-025-157-425-mhz-rx-156-050-163-275-mhz-25w-de-potencia-sumergible-ipx4-incluye-microfono-y-cable-de-alimentacion","status":"publish","type":"product","link":"https:\/\/soydeaqui.ddns.net\/pachuca\/index.php\/producto\/radio-movil-marino-vhf-color-blanco-tx-156-025-157-425-mhz-rx-156-050-163-275-mhz-25w-de-potencia-sumergible-ipx4-incluye-microfono-y-cable-de-alimentacion\/","title":{"rendered":"Radio M\u00f3vil Marino VHF, color blanco, Tx: 156.025 &#8211; 157.425 MHz, Rx: 156.050 &#8211; 163.275 MHz, 25W de potencia, sumergible IPX4 incluye micr\u00f3fono y cable de alimentaci\u00f3n"},"content":{"rendered":"<div style='width: 100%; max-width: 1200px; margin: 0 auto; font-family: sans-serif; line-height: 1.6; color: inherit; background-color: transparent;'> <!-- Secci\u00f3n de contenido con flex\/grid --> <\/p>\n<div style='display: flex; flex-wrap: wrap; gap: 30px; margin-bottom: 30px;'>\n<div style='flex: 1 1 300px; min-width: 280px;'>\n<h3 style='font-size: 22px; border-bottom: 2px solid currentColor; padding-bottom: 5px; margin-top: 0; color: inherit; opacity: 0.8;'>Caracter\u00edsticas T\u00e9cnicas<\/h3>\n<ul style='padding-left: 20px; font-size: 15px; color: inherit;'>\n<li style='margin-bottom: 5px;'><strong>Rango de operaci\u00f3n:<\/strong> TX: 156.025 &#8211; 157.425 MHz \/ RX: 156.050 &#8211; 163.275 MHz<\/li>\n<li style='margin-bottom: 5px;'><strong>Potencia de salida:<\/strong> 25W<\/li>\n<li style='margin-bottom: 5px;'><strong>Protecci\u00f3n:<\/strong> IPX4<\/li>\n<li style='margin-bottom: 5px;'><strong>Compatibilidad:<\/strong> GPS&comma; DSC Clase D<\/li>\n<\/ul><\/div>\n<div style='flex: 1 1 300px; min-width: 280px;'>\n<h3 style='font-size: 22px; border-bottom: 2px solid currentColor; padding-bottom: 5px; margin-top: 0; color: inherit; opacity: 0.8;'>Caracter\u00edsticas Adicionales<\/h3>\n<ul style='padding-left: 20px; font-size: 15px; color: inherit;'>\n<li style='margin-bottom: 5px;'>Gran pantalla LCD y botones grandes<\/li>\n<li style='margin-bottom: 5px;'>Funci\u00f3n de observaci\u00f3n triple para mejorar el monitoreo de canal<\/li>\n<\/ul><\/div>\n<div style='flex: 1 1 300px; min-width: 280px;'>\n<h3 style='font-size: 22px; border-bottom: 2px solid currentColor; padding-bottom: 5px; margin-top: 0; color: inherit; opacity: 0.8;'>Especificaciones F\u00edsicas<\/h3>\n<ul style='padding-left: 20px; font-size: 15px; color: inherit;'>\n<li style='margin-bottom: 5px;'><strong>Dimensiones:<\/strong> 66.5 x 162.6 x 130.1 mm<\/li>\n<li style='margin-bottom: 5px;'><strong>Peso:<\/strong> 1 kg<\/li>\n<li style='margin-bottom: 5px;'><strong>Color:<\/strong> Blanco<\/li>\n<\/ul><\/div>\n<div style='flex: 1 1 300px; min-width: 280px;'>\n<h3 style='font-size: 22px; border-bottom: 2px solid currentColor; padding-bottom: 5px; margin-top: 0; color: inherit; opacity: 0.8;'>Especificaciones El\u00e9ctricas<\/h3>\n<ul style='padding-left: 20px; font-size: 15px; color: inherit;'>\n<li style='margin-bottom: 5px;'><strong>Alimentaci\u00f3n:<\/strong> 13.8 Vcc<\/li>\n<li style='margin-bottom: 5px;'><strong>Corriente:<\/strong> 6 A<\/li>\n<\/ul><\/div>\n<\/p><\/div>\n<p> <!-- Separador --> <\/p>\n<hr style='border: 0; border-top: 1px solid rgba(150&comma; 150&comma; 150&comma; 0.3); margin: 30px 0;'> <!-- Secci\u00f3n de informaci\u00f3n de fabricaci\u00f3n --> <\/p>\n<div style='display: flex; flex-wrap: wrap; gap: 30px; margin-bottom: 30px;'>\n<div style='flex: 1 1 300px; min-width: 280px;'>\n<h3 style='font-size: 22px; border-bottom: 2px solid currentColor; padding-bottom: 5px; margin-top: 0; color: inherit; opacity: 0.8;'>Informaci\u00f3n de Fabricaci\u00f3n<\/h3>\n<ul style='padding-left: 20px; font-size: 15px; color: inherit;'>\n<li style='margin-bottom: 5px;'><strong>Pa\u00eds de origen:<\/strong> Vietnam<\/li>\n<li style='margin-bottom: 5px;'><strong>Fabricante:<\/strong> Uniden<\/li>\n<li style='margin-bottom: 5px;'><strong>Importador:<\/strong> Sistemas y Servicios de Comunicaci\u00f3n&comma; S.A. de C.V.<\/li>\n<\/ul><\/div>\n<div style='flex: 1 1 300px; min-width: 280px;'>\n<h3 style='font-size: 22px; border-bottom: 2px solid currentColor; padding-bottom: 5px; margin-top: 0; color: inherit; opacity: 0.8;'>Informaci\u00f3n de Garant\u00eda<\/h3>\n<ul style='padding-left: 20px; font-size: 15px; color: inherit;'>\n<li style='margin-bottom: 5px;'><strong>Garant\u00eda:<\/strong> 1 a\u00f1o desde la fecha de compra<\/li>\n<li style='margin-bottom: 5px;'><strong>Documentaci\u00f3n:<\/strong> Disponible en www.syscom.mx<\/li>\n<\/ul><\/div>\n<div style='flex: 1 1 300px; min-width: 280px;'>\n<h3 style='font-size: 22px; border-bottom: 2px solid currentColor; padding-bottom: 5px; margin-top: 0; color: inherit; opacity: 0.8;'>Informaci\u00f3n de Contacto<\/h3>\n<ul style='padding-left: 20px; font-size: 15px; color: inherit;'>\n<li style='margin-bottom: 5px;'><strong>Direcci\u00f3n:<\/strong> Av. 20 de Noviembre No. 805&comma; Col. Centro&comma; Chihuahua&comma; Chih.&comma; M\u00e9xico&comma; C.P. 31000<\/li>\n<li style='margin-bottom: 5px;'><strong>RFC:<\/strong> SSC-840823-JT3<\/li>\n<li style='margin-bottom: 5px;'><strong>Tel\u00e9fono:<\/strong> (614) 415-2525<\/li>\n<\/ul><\/div>\n<\/p><\/div>\n<\/p><\/div>\n","protected":false},"excerpt":{"rendered":"<p>Radio M\u00f3vil Marino VHF, color blanco, Tx: 156.025 &#8211; 157.425 MHz, Rx: 156.050 &#8211; 163.275 MHz, 25W de potencia, sumergible IPX4 incluye micr\u00f3fono y cable de alimentaci\u00f3n<\/p>\n","protected":false},"featured_media":69250,"comment_status":"open","ping_status":"closed","template":"","meta":[],"product_brand":[],"product_cat":[1628],"product_tag":[1573,1286,1733],"class_list":{"0":"post-69251","1":"product","2":"type-product","3":"status-publish","4":"has-post-thumbnail","6":"product_cat-moviles-radios-marinos","7":"product_tag-moviles","8":"product_tag-radios-marinos","9":"product_tag-uniden","11":"first","12":"instock","13":"sale","14":"shipping-taxable","15":"purchasable","16":"product-type-simple"},"_links":{"self":[{"href":"https:\/\/soydeaqui.ddns.net\/pachuca\/index.php\/wp-json\/wp\/v2\/product\/69251","targetHints":{"allow":["GET"]}}],"collection":[{"href":"https:\/\/soydeaqui.ddns.net\/pachuca\/index.php\/wp-json\/wp\/v2\/product"}],"about":[{"href":"https:\/\/soydeaqui.ddns.net\/pachuca\/index.php\/wp-json\/wp\/v2\/types\/product"}],"replies":[{"embeddable":true,"href":"https:\/\/soydeaqui.ddns.net\/pachuca\/index.php\/wp-json\/wp\/v2\/comments?post=69251"}],"wp:featuredmedia":[{"embeddable":true,"href":"https:\/\/soydeaqui.ddns.net\/pachuca\/index.php\/wp-json\/wp\/v2\/media\/69250"}],"wp:attachment":[{"href":"https:\/\/soydeaqui.ddns.net\/pachuca\/index.php\/wp-json\/wp\/v2\/media?parent=69251"}],"wp:term":[{"taxonomy":"product_brand","embeddable":true,"href":"https:\/\/soydeaqui.ddns.net\/pachuca\/index.php\/wp-json\/wp\/v2\/product_brand?post=69251"},{"taxonomy":"product_cat","embeddable":true,"href":"https:\/\/soydeaqui.ddns.net\/pachuca\/index.php\/wp-json\/wp\/v2\/product_cat?post=69251"},{"taxonomy":"product_tag","embeddable":true,"href":"https:\/\/soydeaqui.ddns.net\/pachuca\/index.php\/wp-json\/wp\/v2\/product_tag?post=69251"}],"curies":[{"name":"wp","href":"https:\/\/api.w.org\/{rel}","templated":true}]}}