{"id":69238,"date":"2026-03-19T10:39:00","date_gmt":"2026-03-19T10:39:00","guid":{"rendered":"https:\/\/soydeaqui.ddns.net\/pachuca\/index.php\/producto\/cargador-vehicular-de-baterias-kvc-23\/"},"modified":"2026-03-19T10:39:01","modified_gmt":"2026-03-19T10:39:01","slug":"cargador-vehicular-de-baterias-kvc-23","status":"publish","type":"product","link":"https:\/\/soydeaqui.ddns.net\/pachuca\/index.php\/producto\/cargador-vehicular-de-baterias-kvc-23\/","title":{"rendered":"Cargador vehicular de bater\u00edas KVC-23."},"content":{"rendered":"<div style='width: 100%; max-width: 1200px; margin: 0 auto; font-family: sans-serif; line-height: 1.6; color: inherit; background-color: transparent;'>\n<div style='display: flex; flex-wrap: wrap; gap: 30px; margin-bottom: 30px;'>\n<div style='flex: 1 1 300px; min-width: 280px;'>\n<p style='font-size: 15px; color: inherit; margin-bottom: 15px;'>El cargador vehicular de bater\u00edas Kenwood KVC-23 tiene un dise\u00f1o robusto y pesado ideal para los exigentes sectores industriales y de seguridad p\u00fablica que requieren la carga de port\u00e1tiles en el campo durante largos turnos&comma; en lugares remotos y en tiempos de cortes masivos de energ\u00eda.<\/p>\n<p style='font-size: 15px; color: inherit; margin-bottom: 15px;'>Incluye un soporte de acero ajustable-\u00e1ngulo&comma; sensor de encendido de corriente directa.<\/p>\n<p style='font-size: 15px; color: inherit; margin-bottom: 15px;'>Carga bater\u00edas Litio-I\u00f3n&comma; Pol\u00edmero de Litio y NiMH.<\/p>\n<\/p><\/div>\n<\/p><\/div>\n<div style='display: flex; flex-wrap: wrap; gap: 20px; margin-bottom: 30px;'>\n<div style='flex: 1 1 250px; border: 1px solid rgba(150&comma; 150&comma; 150&comma; 0.4); border-radius: 8px; overflow: hidden; display: flex; flex-direction: column;'>\n<div style='padding: 15px; border-bottom: 1px solid rgba(150&comma; 150&comma; 150&comma; 0.2); font-weight: bold; font-size: 18px; color: inherit;'>Caracter\u00edsticas<\/div>\n<div style='padding: 15px; color: inherit;'>\n<ul style='padding-left: 20px; margin: 0; font-size: 14px; list-style-type: disc;'>\n<li style='margin-bottom: 5px;'>Tres LED Indicadores de Estado (Rojo: Carga&comma; Verde: Completo&comma; Repetidor ON: Amarillo)<\/li>\n<li style='margin-bottom: 5px;'>Funciona en sistemas de alimentaci\u00f3n de veh\u00edculos de 12V<\/li>\n<li style='margin-bottom: 5px;'>Protecci\u00f3n contra sobrecarga contra la reducci\u00f3n de la duraci\u00f3n de la bater\u00eda causada por una carga excesiva<\/li>\n<li style='margin-bottom: 5px;'>Dise\u00f1o f\u00e1cil de usar que permite iniciar la carga simplemente deslizando la radio o la bater\u00eda en la ranura del cargador<\/li>\n<li style='margin-bottom: 5px;'>F\u00e1cilmente personalizado para soportar una variedad de tipos de radio de Kenwood&comma; bater\u00edas y opciones de clientes<\/li>\n<li style='margin-bottom: 5px;'>Bot\u00f3n de control ON\/OFF de repetidor de f\u00e1cil acceso<\/li>\n<\/ul><\/div>\n<\/p><\/div>\n<\/p><\/div>\n<div style='display: flex; flex-wrap: wrap; gap: 30px; margin-bottom: 30px;'>\n<div style='flex: 1 1 300px; min-width: 280px;'> <img style='width: 100%; height: auto; border: 1px solid rgba(150&comma;150&comma;150&comma;0.3); border-radius: 8px;' src='https:\/\/ftp3.syscom.mx\/usuarios\/fotos\/BancoFotografiasSyscom\/KENWOOD\/KVC23\/KVC23-p.PNG' alt=''> <\/div>\n<\/p><\/div>\n<\/p><\/div>\n","protected":false},"excerpt":{"rendered":"<p>Cargador vehicular de bater\u00edas KVC-23.<\/p>\n","protected":false},"featured_media":69237,"comment_status":"open","ping_status":"closed","template":"","meta":[],"product_brand":[],"product_cat":[1702],"product_tag":[1579,1109,1580],"class_list":{"0":"post-69238","1":"product","2":"type-product","3":"status-publish","4":"has-post-thumbnail","6":"product_cat-cargadores-de-baterias-accesorios-para-kenwood","7":"product_tag-accesorios-para-kenwood","8":"product_tag-cargadores-de-baterias","9":"product_tag-kenwood","11":"first","12":"outofstock","13":"sale","14":"shipping-taxable","15":"purchasable","16":"product-type-simple"},"_links":{"self":[{"href":"https:\/\/soydeaqui.ddns.net\/pachuca\/index.php\/wp-json\/wp\/v2\/product\/69238","targetHints":{"allow":["GET"]}}],"collection":[{"href":"https:\/\/soydeaqui.ddns.net\/pachuca\/index.php\/wp-json\/wp\/v2\/product"}],"about":[{"href":"https:\/\/soydeaqui.ddns.net\/pachuca\/index.php\/wp-json\/wp\/v2\/types\/product"}],"replies":[{"embeddable":true,"href":"https:\/\/soydeaqui.ddns.net\/pachuca\/index.php\/wp-json\/wp\/v2\/comments?post=69238"}],"wp:featuredmedia":[{"embeddable":true,"href":"https:\/\/soydeaqui.ddns.net\/pachuca\/index.php\/wp-json\/wp\/v2\/media\/69237"}],"wp:attachment":[{"href":"https:\/\/soydeaqui.ddns.net\/pachuca\/index.php\/wp-json\/wp\/v2\/media?parent=69238"}],"wp:term":[{"taxonomy":"product_brand","embeddable":true,"href":"https:\/\/soydeaqui.ddns.net\/pachuca\/index.php\/wp-json\/wp\/v2\/product_brand?post=69238"},{"taxonomy":"product_cat","embeddable":true,"href":"https:\/\/soydeaqui.ddns.net\/pachuca\/index.php\/wp-json\/wp\/v2\/product_cat?post=69238"},{"taxonomy":"product_tag","embeddable":true,"href":"https:\/\/soydeaqui.ddns.net\/pachuca\/index.php\/wp-json\/wp\/v2\/product_tag?post=69238"}],"curies":[{"name":"wp","href":"https:\/\/api.w.org\/{rel}","templated":true}]}}