{"id":69179,"date":"2026-03-19T10:36:46","date_gmt":"2026-03-19T10:36:46","guid":{"rendered":"https:\/\/soydeaqui.ddns.net\/pachuca\/index.php\/producto\/torre-autosoportada-super-titan-s-1100-de-30-48-metros-100-pies-con-anclaje\/"},"modified":"2026-03-19T10:36:47","modified_gmt":"2026-03-19T10:36:47","slug":"torre-autosoportada-super-titan-s-1100-de-30-48-metros-100-pies-con-anclaje","status":"publish","type":"product","link":"https:\/\/soydeaqui.ddns.net\/pachuca\/index.php\/producto\/torre-autosoportada-super-titan-s-1100-de-30-48-metros-100-pies-con-anclaje\/","title":{"rendered":"Torre Autosoportada SUPER TITAN S-1100 de 30.48 metros (100 pies) con Anclaje."},"content":{"rendered":"<div style='width: 100%; max-width: 1200px; margin: 0 auto; font-family: sans-serif; line-height: 1.6; color: inherit; background-color: transparent;'>\n<div style='display: flex; flex-wrap: wrap; gap: 30px; margin-bottom: 30px;'>\n<div style='flex: 1 1 300px; min-width: 280px;'>\n<div style='display: flex; gap: 15px; align-items: center; margin-bottom: 15px;'> <img style='width: 280px; height: auto; border: 1px solid rgba(150&comma;150&comma;150&comma;0.3); border-radius: 8px;' src='https:\/\/ftp3.syscom.mx\/usuarios\/fotos\/TRYST40S300\/159323-super_titan.png' alt='' \/> <img style='width: 200px; height: auto; border: 1px solid rgba(150&comma;150&comma;150&comma;0.3); border-radius: 8px;' src='https:\/\/ftp3.syscom.mx\/usuarios\/fotos\/TRYT64T300\/158134-trylon_logo_2.png' alt='' \/> <\/div>\n<p style='font-size: 15px; color: inherit; margin-bottom: 15px;'>El SuperTitan KD es una torre modular que se puede elevar hasta 190 pies de altura. Este sistema modular se puede configurar para crear diferentes tipos de torres&comma; variando alturas y capacidades de carga.<\/p>\n<p style='font-size: 15px; color: inherit; margin-bottom: 15px;'>El dise\u00f1o SuperTitan KD cumple con el est\u00e1ndar <em>ANSI-TIA-222 F &#038; G.<\/em><\/p>\n<\/p><\/div>\n<\/p><\/div>\n<div style='display: flex; flex-wrap: wrap; gap: 20px; margin-bottom: 30px;'>\n<div style='flex: 1 1 250px; border: 1px solid rgba(150&comma; 150&comma; 150&comma; 0.4); border-radius: 8px; overflow: hidden; display: flex; flex-direction: column;'>\n<div style='padding: 15px; border-bottom: 1px solid rgba(150&comma; 150&comma; 150&comma; 0.2); font-weight: bold; font-size: 18px; color: inherit;'>Especificaciones<\/div>\n<div style='padding: 15px; color: inherit;'>\n<ul style='padding-left: 20px; margin: 0; font-size: 14px; list-style-type: disc;'>\n<li style='margin-bottom: 5px;'><strong>Tipo:<\/strong> Autosoportada<\/li>\n<li style='margin-bottom: 5px;'><strong>Altura de cada secci\u00f3n:<\/strong> 10&#8242; (3m)<\/li>\n<li style='margin-bottom: 5px;'><strong>Altura Total:<\/strong> 30.48m (100&#8242;)<\/li>\n<li style='margin-bottom: 5px;'><strong>Modelo:<\/strong> S-1100<\/li>\n<li style='margin-bottom: 5px;'><strong>Secciones incluidas:<\/strong> 11HD&comma; 12HD&comma; 13&comma; 14&comma; 15&comma; 16&comma; 17&comma; 18&comma; 19 Y 20<\/li>\n<li style='margin-bottom: 5px;'><strong>Est\u00e1ndar:<\/strong> Dise\u00f1ado para cumplir con el est\u00e1ndar <em>TIA\/EIA-222<\/em><\/li>\n<\/ul><\/div>\n<\/p><\/div>\n<div style='flex: 1 1 250px; border: 1px solid rgba(150&comma; 150&comma; 150&comma; 0.4); border-radius: 8px; overflow: hidden; display: flex; flex-direction: column;'>\n<div style='padding: 15px; border-bottom: 1px solid rgba(150&comma; 150&comma; 150&comma; 0.2); font-weight: bold; font-size: 18px; color: inherit;'>Aplicaciones<\/div>\n<div style='padding: 15px; color: inherit;'>\n<ul style='padding-left: 20px; margin: 0; font-size: 14px; list-style-type: disc;'>\n<li style='margin-bottom: 5px;'>Servicios de emergencia (polic\u00eda&comma; bomberos&comma; etc.)<\/li>\n<li style='margin-bottom: 5px;'>Sistemas SCADA<\/li>\n<li style='margin-bottom: 5px;'>Ideal para estaciones base con mayor carga par\u00e1metros<\/li>\n<li style='margin-bottom: 5px;'>Torres para instalaci\u00f3n de estaci\u00f3n base<\/li>\n<\/ul><\/div>\n<\/p><\/div>\n<\/p><\/div>\n<div style='display: flex; flex-wrap: wrap; gap: 20px; margin-bottom: 30px;'>\n<div style='flex: 1 1 250px; border: 1px solid rgba(150&comma; 150&comma; 150&comma; 0.4); border-radius: 8px; overflow: hidden; display: flex; flex-direction: column;'>\n<div style='padding: 15px; border-bottom: 1px solid rgba(150&comma; 150&comma; 150&comma; 0.2); font-weight: bold; font-size: 18px; color: inherit;'>Accesorios complementarios <span style='color: #c0392b;'>No incluidos<\/span><\/div>\n<div style='padding: 15px; color: inherit;'>\n<div style='display: flex; flex-direction: column; gap: 10px;'>\n<div style='display: flex; justify-content: space-between; align-items: center; padding: 8px; border-bottom: 1px solid rgba(150&comma; 150&comma; 150&comma; 0.2);'> <span style='font-weight: bold;'>2<\/span> <a style='color: #2880b9; text-decoration: none;' href='https:\/\/www.syscom.mx\/producto\/TRY-ST-STEP10-Trylon-165144.html'>TRY-ST-STEP10<\/a> <span style='font-size: 14px;'>Pelda\u00f1os tipo Perno para Torres. Secciones 1 a 12 kit con 10 pzas.<\/span> <\/div>\n<div style='display: flex; justify-content: space-between; align-items: center; padding: 8px; border-bottom: 1px solid rgba(150&comma; 150&comma; 150&comma; 0.2);'> <span style='font-weight: bold;'>8<\/span> <a style='color: #2880b9; text-decoration: none;' href='https:\/\/www.syscom.mx\/producto\/TRY-ST-STEPW-Trylon-165145.html'>TRY-ST-STEPW<\/a> <span style='font-size: 14px;'>Escalera de 3 m Tipo Perno con Secci\u00f3n Soldada para Torres. Secciones 13 a 21.<\/span> <\/div>\n<div style='display: flex; justify-content: space-between; align-items: center; padding: 8px; border-bottom: 1px solid rgba(150&comma; 150&comma; 150&comma; 0.2);'> <span style='font-weight: bold;'>1<\/span> <a style='color: #2880b9; text-decoration: none;' href='https:\/\/www.syscom.mx\/producto\/TRY-ST-LV-100-Trylon-161792.html'>TRY-ST-LV100<\/a> <span style='font-size: 14px;'>L\u00ednea de Vida hasta 30.48 m (100 pies). Compatible con l\u00ednea Super Titan.<\/span> <\/div>\n<div style='display: flex; justify-content: space-between; align-items: center; padding: 8px; border-bottom: 1px solid rgba(150&comma; 150&comma; 150&comma; 0.2);'> <span style='font-weight: bold;'>1<\/span> <a style='color: #2880b9; text-decoration: none;' href='https:\/\/www.syscom.mx\/producto\/TRY-TLR-Trylon-165266.html'>TRY-TLR<\/a> <span style='font-size: 14px;'>Punta Pararrayo Maciza para Estructura de Torres.<\/span> <\/div>\n<div style='display: flex; justify-content: space-between; align-items: center; padding: 8px; border-bottom: 1px solid rgba(150&comma; 150&comma; 150&comma; 0.2);'> <span style='font-weight: bold;'>1<\/span> <a style='color: #2880b9; text-decoration: none;' href='https:\/\/www.syscom.mx\/producto\/TRY-ST-GROUND3-Trylon-177071.html'>TRY-ST-GROUND3<\/a> <span style='font-size: 14px;'>Sistema de Aterrizaje en 3 Piernas para torres ST.<\/span> <\/div>\n<div style='display: flex; justify-content: space-between; align-items: center; padding: 8px; border-bottom: 1px solid rgba(150&comma; 150&comma; 150&comma; 0.2);'> <span style='font-weight: bold;'>38<\/span> <a style='color: #2880b9; text-decoration: none;' href='https:\/\/www.syscom.mx\/producto\/TRY-ST-BRKT-4H-Trylon-161698.html'>TRYSTBRKT4H<\/a> <span style='font-size: 14px;'>Bracket Gu\u00eda de Cable de 4 orificios para torre ST.<\/span> <\/div>\n<div style='display: flex; justify-content: space-between; align-items: center; padding: 8px; border-bottom: 1px solid rgba(150&comma; 150&comma; 150&comma; 0.2);'> <span style='font-weight: bold;'>1<\/span> <a style='color: #2880b9; text-decoration: none;' href='https:\/\/www.syscom.mx\/producto\/TRY-ST-ANTIC-13-Trylon-168017.html'>TRYSTANTIC13<\/a> <span style='font-size: 14px;'>Sistema antiescala para torre&comma; secciones 13-21.<\/span> <\/div>\n<div style='display: flex; justify-content: space-between; align-items: center; padding: 8px; border-bottom: 1px solid rgba(150&comma; 150&comma; 150&comma; 0.2);'> <span style='font-weight: bold;'>2<\/span> <a style='color: #2880b9; text-decoration: none;' href='https:\/\/www.syscom.mx\/producto\/EI-GSL-SE-EPCOM-INDUSTRIAL-155623.html'>EIGSLSE<\/a> <span style='font-size: 14px;'>L\u00e1mpara de Obstrucci\u00f3n Aut\u00f3noma con Led color rojo con Panel Solar.<\/span> <\/div>\n<div style='display: flex; justify-content: space-between; align-items: center; padding: 8px;'> <span style='font-weight: bold;'>2<\/span> <a style='color: #2880b9; text-decoration: none;' href='https:\/\/www.syscom.mx\/producto\/HLU3-TA-EPCOM-INDUSTRIAL-190835.html'>HLU3TA<\/a> <span style='font-size: 14px;'>Base para L\u00e1mpara de Obstrucci\u00f3n EIGSLE.<\/span> <\/div>\n<\/p><\/div>\n<p style='margin-top: 15px; font-size: 14px; color: #c0392b;'>* Dos en la punta.<\/p>\n<\/p><\/div>\n<\/p><\/div>\n<\/p><\/div>\n<hr style='border: 0; border-top: 1px solid rgba(150&comma; 150&comma; 150&comma; 0.3); margin: 30px 0;'>\n<div style='display: flex; flex-wrap: wrap; gap: 30px; margin-bottom: 30px;'>\n<div style='flex: 1 1 300px; min-width: 280px;'>\n<h3 style='font-size: 22px; border-bottom: 2px solid currentColor; padding-bottom: 5px; margin-top: 0; color: inherit; opacity: 0.8;'>Sistema de Empaque Optimizado<\/h3>\n<p> <img style='width: 100%; height: auto; border: 1px solid rgba(150&comma;150&comma;150&comma;0.3); border-radius: 8px;' src='https:\/\/ftp3.syscom.mx\/usuarios\/fotos\/TRYST40S300\/159323-empaque.png' alt='' \/> <\/div>\n<\/p><\/div>\n<\/p><\/div>\n","protected":false},"excerpt":{"rendered":"<p>Torre Autosoportada SUPER TITAN S-1100 de 30.48 metros (100 pies) con Anclaje.<\/p>\n","protected":false},"featured_media":68584,"comment_status":"open","ping_status":"closed","template":"","meta":[],"product_brand":[],"product_cat":[1713],"product_tag":[1714,246,1715],"class_list":{"0":"post-69179","1":"product","2":"type-product","3":"status-publish","4":"has-post-thumbnail","6":"product_cat-torres-autosoportadas","7":"product_tag-torres-autosoportadas","8":"product_tag-torres-y-mastiles","9":"product_tag-trylon","11":"first","12":"instock","13":"sale","14":"shipping-taxable","15":"purchasable","16":"product-type-simple"},"_links":{"self":[{"href":"https:\/\/soydeaqui.ddns.net\/pachuca\/index.php\/wp-json\/wp\/v2\/product\/69179","targetHints":{"allow":["GET"]}}],"collection":[{"href":"https:\/\/soydeaqui.ddns.net\/pachuca\/index.php\/wp-json\/wp\/v2\/product"}],"about":[{"href":"https:\/\/soydeaqui.ddns.net\/pachuca\/index.php\/wp-json\/wp\/v2\/types\/product"}],"replies":[{"embeddable":true,"href":"https:\/\/soydeaqui.ddns.net\/pachuca\/index.php\/wp-json\/wp\/v2\/comments?post=69179"}],"wp:featuredmedia":[{"embeddable":true,"href":"https:\/\/soydeaqui.ddns.net\/pachuca\/index.php\/wp-json\/wp\/v2\/media\/68584"}],"wp:attachment":[{"href":"https:\/\/soydeaqui.ddns.net\/pachuca\/index.php\/wp-json\/wp\/v2\/media?parent=69179"}],"wp:term":[{"taxonomy":"product_brand","embeddable":true,"href":"https:\/\/soydeaqui.ddns.net\/pachuca\/index.php\/wp-json\/wp\/v2\/product_brand?post=69179"},{"taxonomy":"product_cat","embeddable":true,"href":"https:\/\/soydeaqui.ddns.net\/pachuca\/index.php\/wp-json\/wp\/v2\/product_cat?post=69179"},{"taxonomy":"product_tag","embeddable":true,"href":"https:\/\/soydeaqui.ddns.net\/pachuca\/index.php\/wp-json\/wp\/v2\/product_tag?post=69179"}],"curies":[{"name":"wp","href":"https:\/\/api.w.org\/{rel}","templated":true}]}}