{"id":69018,"date":"2026-03-19T10:30:42","date_gmt":"2026-03-19T10:30:42","guid":{"rendered":"https:\/\/soydeaqui.ddns.net\/pachuca\/index.php\/producto\/antena-movil-de-bajo-perfil-para-transito-pesado-430-440-mhz-10-mhz-ancho-de-banda-ganancia-unitaria-50-watt-uhf-hembra-dimensiones-64-x-64-x-191-mm\/"},"modified":"2026-03-19T10:30:43","modified_gmt":"2026-03-19T10:30:43","slug":"antena-movil-de-bajo-perfil-para-transito-pesado-430-440-mhz-10-mhz-ancho-de-banda-ganancia-unitaria-50-watt-uhf-hembra-dimensiones-64-x-64-x-191-mm","status":"publish","type":"product","link":"https:\/\/soydeaqui.ddns.net\/pachuca\/index.php\/producto\/antena-movil-de-bajo-perfil-para-transito-pesado-430-440-mhz-10-mhz-ancho-de-banda-ganancia-unitaria-50-watt-uhf-hembra-dimensiones-64-x-64-x-191-mm\/","title":{"rendered":"Antena M\u00f3vil de Bajo Perfil para Tr\u00e1nsito Pesado, 430-440 MHz, 10 MHz Ancho de Banda, Ganancia Unitaria, 50 Watt, UHF Hembra, Dimensiones: 64 x 64 x 191 mm."},"content":{"rendered":"<div style='width: 100%; max-width: 1200px; margin: 0 auto; font-family: sans-serif; line-height: 1.6; color: inherit; background-color: transparent;'> <!-- Secci\u00f3n de caracter\u00edsticas principales --> <\/p>\n<div style='display: flex; flex-wrap: wrap; gap: 30px; margin-bottom: 30px;'>\n<div style='flex: 1 1 300px; min-width: 280px;'>\n<h3 style='font-size: 22px; border-bottom: 2px solid currentColor; padding-bottom: 5px; margin-top: 0; color: inherit; opacity: 0.8;'>Caracter\u00edsticas Principales<\/h3>\n<ul style='padding-left: 20px; font-size: 15px; color: inherit;'>\n<li style='margin-bottom: 5px;'>Rango de Frecuencia: 430-440 MHz<\/li>\n<li style='margin-bottom: 5px;'>Ancho de Banda: 10 MHz<\/li>\n<li style='margin-bottom: 5px;'>Ganancia (Nominal): Unitaria (2.1 dBi)<\/li>\n<li style='margin-bottom: 5px;'>Potencia de Entrada Promedio: 50 Watt<\/li>\n<li style='margin-bottom: 5px;'>VSWR de Entrada (m\u00e1x): 1.5:1<\/li>\n<\/ul><\/div>\n<div style='flex: 1 1 300px; min-width: 280px;'>\n<h3 style='font-size: 22px; border-bottom: 2px solid currentColor; padding-bottom: 5px; margin-top: 0; color: inherit; opacity: 0.8;'>Especificaciones Mec\u00e1nicas<\/h3>\n<ul style='padding-left: 20px; font-size: 15px; color: inherit;'>\n<li style='margin-bottom: 5px;'>Conector: UHF Hembra<\/li>\n<li style='margin-bottom: 5px;'>Polarizaci\u00f3n: Vertical<\/li>\n<li style='margin-bottom: 5px;'>Impedancia: 50 Ohm<\/li>\n<li style='margin-bottom: 5px;'>Patr\u00f3n de Radiaci\u00f3n: Omni-direccional<\/li>\n<li style='margin-bottom: 5px;'>Plano de Tierra (m\u00ednimo): 30&#8242; x 30&#8242; (76.2 x 76.2 cm)<\/li>\n<\/ul><\/div>\n<div style='flex: 1 1 300px; min-width: 280px;'>\n<h3 style='font-size: 22px; border-bottom: 2px solid currentColor; padding-bottom: 5px; margin-top: 0; color: inherit; opacity: 0.8;'>Caracter\u00edsticas F\u00edsicas<\/h3>\n<ul style='padding-left: 20px; font-size: 15px; color: inherit;'>\n<li style='margin-bottom: 5px;'>Ancho: 2.5&#8242; (64 mm)<\/li>\n<li style='margin-bottom: 5px;'>Profundidad: 7.5&#8242; (191 mm)<\/li>\n<li style='margin-bottom: 5px;'>Altura: 2.5&#8242; (64 mm)<\/li>\n<li style='margin-bottom: 5px;'>Peso: 3 lbs (1.36 kg)<\/li>\n<li style='margin-bottom: 5px;'>Material: Aluminio fundido<\/li>\n<\/ul><\/div>\n<\/p><\/div>\n<p> <!-- Secci\u00f3n de especificaciones ambientales --> <\/p>\n<div style='display: flex; flex-wrap: wrap; gap: 20px; margin-bottom: 30px;'>\n<div style='flex: 1 1 250px; border: 1px solid rgba(150&comma; 150&comma; 150&comma; 0.4); border-radius: 8px; overflow: hidden; display: flex; flex-direction: column;'>\n<div style='padding: 15px; border-bottom: 1px solid rgba(150&comma; 150&comma; 150&comma; 0.2); font-weight: bold; font-size: 18px; color: inherit;'>Especificaciones Ambientales<\/div>\n<div style='padding: 15px; color: inherit;'>\n<ul style='padding-left: 20px; margin: 0; font-size: 14px; list-style-type: disc;'>\n<li style='margin-bottom: 5px;'>Rango de Temperatura: -40\u00b0F a +140\u00b0F (-40\u00b0C a +60\u00b0C)<\/li>\n<li style='margin-bottom: 5px;'>Velocidad de Viento Nominal (sin hielo): 310 mph (499 km\/h)<\/li>\n<\/ul><\/div>\n<\/p><\/div>\n<div style='flex: 1 1 250px; border: 1px solid rgba(150&comma; 150&comma; 150&comma; 0.4); border-radius: 8px; overflow: hidden; display: flex; flex-direction: column;'>\n<div style='padding: 15px; border-bottom: 1px solid rgba(150&comma; 150&comma; 150&comma; 0.2); font-weight: bold; font-size: 18px; color: inherit;'>Protecci\u00f3n<\/div>\n<div style='padding: 15px; color: inherit;'>\n<ul style='padding-left: 20px; margin: 0; font-size: 14px; list-style-type: disc;'>\n<li style='margin-bottom: 5px;'>Protecci\u00f3n contra Rayos: Masa DC<\/li>\n<\/ul><\/div>\n<\/p><\/div>\n<\/p><\/div>\n<p> <!-- Secci\u00f3n de aplicaciones --> <\/p>\n<div style='margin-bottom: 30px;'>\n<h3 style='font-size: 22px; border-bottom: 2px solid currentColor; padding-bottom: 5px; margin-top: 0; color: inherit; opacity: 0.8;'>Aplicaciones<\/h3>\n<p style='font-size: 15px; color: inherit;'>Dise\u00f1ada para instalaciones fijas y m\u00f3viles en entornos exigentes. Ideal para aplicaciones de bajo perfil en trenes&comma; veh\u00edculos de transporte p\u00fablico&comma; equipos de construcci\u00f3n&comma; veh\u00edculos policiales y otros escenarios con limitaciones de altura.<\/p>\n<\/p><\/div>\n<p> <!-- Secci\u00f3n de informaci\u00f3n de montaje --> <\/p>\n<div style='display: flex; flex-wrap: wrap; gap: 20px;'>\n<div style='flex: 1 1 250px; border: 1px solid rgba(150&comma; 150&comma; 150&comma; 0.4); border-radius: 8px; overflow: hidden; display: flex; flex-direction: column;'>\n<div style='padding: 15px; border-bottom: 1px solid rgba(150&comma; 150&comma; 150&comma; 0.2); font-weight: bold; font-size: 18px; color: inherit;'>Informaci\u00f3n de Montaje<\/div>\n<div style='padding: 15px; color: inherit;'>\n<ul style='padding-left: 20px; margin: 0; font-size: 14px; list-style-type: disc;'>\n<li style='margin-bottom: 5px;'>Dise\u00f1o compacto de bajo perfil<\/li>\n<li style='margin-bottom: 5px;'>Suministrada con hardware de montaje<\/li>\n<li style='margin-bottom: 5px;'>Requiere plano de tierra m\u00ednimo de 30&#8242; x 30&#8242;<\/li>\n<\/ul><\/div>\n<\/p><\/div>\n<div style='flex: 1 1 250px; border: 1px solid rgba(150&comma; 150&comma; 150&comma; 0.4); border-radius: 8px; overflow: hidden; display: flex; flex-direction: column;'>\n<div style='padding: 15px; border-bottom: 1px solid rgba(150&comma; 150&comma; 150&comma; 0.2); font-weight: bold; font-size: 18px; color: inherit;'>Opciones de Conector<\/div>\n<div style='padding: 15px; color: inherit;'>\n<ul style='padding-left: 20px; margin: 0; font-size: 14px; list-style-type: disc;'>\n<li style='margin-bottom: 5px;'>UHF Hembra (modelo ST321-SF7SUF)<\/li>\n<li style='margin-bottom: 5px;'>Otras opciones disponibles: BNC Hembra&comma; N Hembra<\/li>\n<\/ul><\/div>\n<\/p><\/div>\n<\/p><\/div>\n<p> <!-- Separador --> <\/p>\n<hr style='border: 0; border-top: 1px solid rgba(150&comma; 150&comma; 150&comma; 0.3); margin: 30px 0;'> <\/div>\n","protected":false},"excerpt":{"rendered":"<p>Antena M\u00f3vil de Bajo Perfil para Tr\u00e1nsito Pesado, 430-440 MHz, 10 MHz Ancho de Banda, Ganancia Unitaria, 50 Watt, UHF Hembra, Dimensiones: 64 x 64 x 191 mm.<\/p>\n","protected":false},"featured_media":69017,"comment_status":"open","ping_status":"closed","template":"","meta":[],"product_brand":[],"product_cat":[1848],"product_tag":[1404,1573,1671],"class_list":{"0":"post-69018","1":"product","2":"type-product","3":"status-publish","4":"has-post-thumbnail","6":"product_cat-moviles-antenas-radiocomunicacion","7":"product_tag-antenas","8":"product_tag-moviles","9":"product_tag-sinclair","11":"first","12":"outofstock","13":"sale","14":"shipping-taxable","15":"purchasable","16":"product-type-simple"},"_links":{"self":[{"href":"https:\/\/soydeaqui.ddns.net\/pachuca\/index.php\/wp-json\/wp\/v2\/product\/69018","targetHints":{"allow":["GET"]}}],"collection":[{"href":"https:\/\/soydeaqui.ddns.net\/pachuca\/index.php\/wp-json\/wp\/v2\/product"}],"about":[{"href":"https:\/\/soydeaqui.ddns.net\/pachuca\/index.php\/wp-json\/wp\/v2\/types\/product"}],"replies":[{"embeddable":true,"href":"https:\/\/soydeaqui.ddns.net\/pachuca\/index.php\/wp-json\/wp\/v2\/comments?post=69018"}],"wp:featuredmedia":[{"embeddable":true,"href":"https:\/\/soydeaqui.ddns.net\/pachuca\/index.php\/wp-json\/wp\/v2\/media\/69017"}],"wp:attachment":[{"href":"https:\/\/soydeaqui.ddns.net\/pachuca\/index.php\/wp-json\/wp\/v2\/media?parent=69018"}],"wp:term":[{"taxonomy":"product_brand","embeddable":true,"href":"https:\/\/soydeaqui.ddns.net\/pachuca\/index.php\/wp-json\/wp\/v2\/product_brand?post=69018"},{"taxonomy":"product_cat","embeddable":true,"href":"https:\/\/soydeaqui.ddns.net\/pachuca\/index.php\/wp-json\/wp\/v2\/product_cat?post=69018"},{"taxonomy":"product_tag","embeddable":true,"href":"https:\/\/soydeaqui.ddns.net\/pachuca\/index.php\/wp-json\/wp\/v2\/product_tag?post=69018"}],"curies":[{"name":"wp","href":"https:\/\/api.w.org\/{rel}","templated":true}]}}