{"id":69009,"date":"2026-03-19T10:30:20","date_gmt":"2026-03-19T10:30:20","guid":{"rendered":"https:\/\/soydeaqui.ddns.net\/pachuca\/index.php\/producto\/diadema-ligera-acolchonada-para-radios-moviles-motorola-apx4500-xlt1500\/"},"modified":"2026-03-19T10:30:22","modified_gmt":"2026-03-19T10:30:22","slug":"diadema-ligera-acolchonada-para-radios-moviles-motorola-apx4500-xlt1500","status":"publish","type":"product","link":"https:\/\/soydeaqui.ddns.net\/pachuca\/index.php\/producto\/diadema-ligera-acolchonada-para-radios-moviles-motorola-apx4500-xlt1500\/","title":{"rendered":"Diadema ligera acolchonada para radios m\u00f3viles Motorola APX4500, XLT1500"},"content":{"rendered":"<div style='width: 100%; max-width: 1200px; margin: 0 auto; font-family: sans-serif; line-height: 1.6; color: inherit; background-color: transparent;'>\n<div style='display: flex; flex-wrap: wrap; gap: 30px; margin-bottom: 30px;'>\n<div style='flex: 1 1 300px; min-width: 280px;'>\n<h3 style='font-size: 22px; border-bottom: 2px solid currentColor; padding-bottom: 5px; margin-top: 0; color: inherit; opacity: 0.8;'>Descripci\u00f3n<\/h3>\n<p style='font-size: 15px; color: inherit;'>Los auriculares livianos&comma; acolchados de alto rendimiento con micr\u00f3fono boom reductor de ruido son extremadamente c\u00f3modos de usar. La banda de sujeci\u00f3n acolchada y el altavoz combinados con un dise\u00f1o robusto sobre la cabeza hacen que el HLP-SNL sea perfecto para los usuarios que tienen que usar auriculares durante largos per\u00edodos de tiempo. Perfecto para despachos&comma; tiendas minoristas&comma; restaurantes&comma; pel\u00edculas \/ televisores&comma; hospitalidad&comma; entretenimiento y usuarios industriales.<\/p>\n<\/p><\/div>\n<\/p><\/div>\n<div style='display: flex; flex-wrap: wrap; gap: 20px; margin-bottom: 30px;'>\n<div style='flex: 1 1 250px; border: 1px solid rgba(150&comma; 150&comma; 150&comma; 0.4); border-radius: 8px; overflow: hidden; display: flex; flex-direction: column;'>\n<div style='padding: 15px; border-bottom: 1px solid rgba(150&comma; 150&comma; 150&comma; 0.2); font-weight: bold; font-size: 18px; color: inherit;'>Caracter\u00edsticas<\/div>\n<div style='padding: 15px; color: inherit;'>\n<ul style='padding-left: 20px; margin: 0; font-size: 14px; list-style-type: disc; color: inherit;'>\n<li style='margin-bottom: 5px; color: inherit;'>Auriculares livianos para colocar sobre la cabeza<\/li>\n<li style='margin-bottom: 5px; color: inherit;'>Diadema met\u00e1lica acolchada y ajustable (acolchado reemplazable)<\/li>\n<li style='margin-bottom: 5px; color: inherit;'>Barra en T acolchada ajustable<\/li>\n<li style='margin-bottom: 5px; color: inherit;'>Conjunto de caja de altavoz ajustable<\/li>\n<li style='margin-bottom: 5px; color: inherit;'>Coj\u00edn de altavoz de cuero reemplazable<\/li>\n<li style='margin-bottom: 5px; color: inherit;'>Micr\u00f3fono con boom de metal flexible con una manga de viento reemplazable<\/li>\n<li style='margin-bottom: 5px; color: inherit;'>Elemento de micr\u00f3fono condensador reductor de ruido<\/li>\n<li style='margin-bottom: 5px; color: inherit;'>Interruptor PTT en l\u00ednea resistente<\/li>\n<li style='margin-bottom: 5px; color: inherit;'>Alivio de tensi\u00f3n reforzado en todos los puntos de fijaci\u00f3n<\/li>\n<li style='margin-bottom: 5px; color: inherit;'>Una gran variedad de diferentes conectores de radio disponibles<\/li>\n<\/ul><\/div>\n<\/p><\/div>\n<\/p><\/div>\n<hr style='border: 0; border-top: 1px solid rgba(150&comma; 150&comma; 150&comma; 0.3); margin: 30px 0;'> <\/div>\n","protected":false},"excerpt":{"rendered":"<p>Diadema ligera acolchonada para radios m\u00f3viles Motorola APX4500, XLT1500<\/p>\n","protected":false},"featured_media":69008,"comment_status":"open","ping_status":"closed","template":"","meta":[],"product_brand":[],"product_cat":[1903],"product_tag":[1614,1584,1730],"class_list":{"0":"post-69009","1":"product","2":"type-product","3":"status-publish","4":"has-post-thumbnail","6":"product_cat-diademas-accesorios-para-motorola","7":"product_tag-accesorios-para-motorola","8":"product_tag-diademas","9":"product_tag-pryme","11":"first","12":"outofstock","13":"sale","14":"shipping-taxable","15":"purchasable","16":"product-type-simple"},"_links":{"self":[{"href":"https:\/\/soydeaqui.ddns.net\/pachuca\/index.php\/wp-json\/wp\/v2\/product\/69009","targetHints":{"allow":["GET"]}}],"collection":[{"href":"https:\/\/soydeaqui.ddns.net\/pachuca\/index.php\/wp-json\/wp\/v2\/product"}],"about":[{"href":"https:\/\/soydeaqui.ddns.net\/pachuca\/index.php\/wp-json\/wp\/v2\/types\/product"}],"replies":[{"embeddable":true,"href":"https:\/\/soydeaqui.ddns.net\/pachuca\/index.php\/wp-json\/wp\/v2\/comments?post=69009"}],"wp:featuredmedia":[{"embeddable":true,"href":"https:\/\/soydeaqui.ddns.net\/pachuca\/index.php\/wp-json\/wp\/v2\/media\/69008"}],"wp:attachment":[{"href":"https:\/\/soydeaqui.ddns.net\/pachuca\/index.php\/wp-json\/wp\/v2\/media?parent=69009"}],"wp:term":[{"taxonomy":"product_brand","embeddable":true,"href":"https:\/\/soydeaqui.ddns.net\/pachuca\/index.php\/wp-json\/wp\/v2\/product_brand?post=69009"},{"taxonomy":"product_cat","embeddable":true,"href":"https:\/\/soydeaqui.ddns.net\/pachuca\/index.php\/wp-json\/wp\/v2\/product_cat?post=69009"},{"taxonomy":"product_tag","embeddable":true,"href":"https:\/\/soydeaqui.ddns.net\/pachuca\/index.php\/wp-json\/wp\/v2\/product_tag?post=69009"}],"curies":[{"name":"wp","href":"https:\/\/api.w.org\/{rel}","templated":true}]}}