{"id":68988,"date":"2026-03-19T10:29:35","date_gmt":"2026-03-19T10:29:35","guid":{"rendered":"https:\/\/soydeaqui.ddns.net\/pachuca\/index.php\/producto\/ajustador-plastico-hexagonal-y-plano-para-puesta-a-punto-en-nucleos-de-ferrita-de-inductores\/"},"modified":"2026-03-19T10:29:42","modified_gmt":"2026-03-19T10:29:42","slug":"ajustador-plastico-hexagonal-y-plano-para-puesta-a-punto-en-nucleos-de-ferrita-de-inductores","status":"publish","type":"product","link":"https:\/\/soydeaqui.ddns.net\/pachuca\/index.php\/producto\/ajustador-plastico-hexagonal-y-plano-para-puesta-a-punto-en-nucleos-de-ferrita-de-inductores\/","title":{"rendered":"Ajustador Pl\u00e1stico Hexagonal y Plano para Puesta a Punto en N\u00facleos de Ferrita de Inductores."},"content":{"rendered":"<div style='width: 100%; max-width: 1200px; margin: 0 auto; font-family: sans-serif; line-height: 1.6; color: inherit; background-color: transparent;'> <!-- Secci\u00f3n de descripci\u00f3n principal --> <\/p>\n<div style='margin-bottom: 30px;'>\n<h2 style='font-size: 22px; border-bottom: 2px solid currentColor; padding-bottom: 5px; margin-top: 0; color: inherit; opacity: 0.8;'>Ajustador Pl\u00e1stico Hexagonal y Plano para N\u00facleos de Ferrita en Inductores<\/h2>\n<ul style='padding-left: 20px; font-size: 15px; color: inherit;'>\n<li style='margin-bottom: 5px;'>Tipo de Herramienta: Ajustador<\/li>\n<li style='margin-bottom: 5px;'>Extremos: Punta Plana y Hexagonal<\/li>\n<li style='margin-bottom: 5px;'>Material: Pl\u00e1stico<\/li>\n<li style='margin-bottom: 5px;'>Uso: Ajuste correcto en Nucleos F\u00e9rricos<\/li>\n<li style='margin-bottom: 5px;'>Dispositivo Antimagn\u00e9tico: S\u00ed<\/li>\n<\/ul><\/div>\n<p> <!-- Secci\u00f3n de detalles --> <\/p>\n<div style='margin-bottom: 30px;'>\n<p style='margin-bottom: 15px;'>Notas: La herramienta hexagonal de pl\u00e1stico de 0.1 pulg. Para afinar las bobinas de entrada de los amplificadores TUBE de Ameritron&comma; solo. NO para usar con amplificadores de estado s\u00f3lido.<\/p>\n<p style='margin-bottom: 15px;'>Las herramientas de ajuste de la bobina del amplificador de tubo Ameritron son la herramienta exacta requerida para sintonizar las bobinas de entrada de su amplificador. Son herramientas de alineaci\u00f3n muy \u00fatiles (como las antiguas herramientas de alineaci\u00f3n de TV) para cualquier bobina con un conector hexagonal de 0.1 pulg.<\/p>\n<p style='margin-bottom: 15px;'>Estas herramientas est\u00e1n hechas de pl\u00e1stico no inductivo&comma; por lo que la inserci\u00f3n de la herramienta no afectar\u00e1 la inductancia de la bala.<\/p>\n<\/p><\/div>\n<p> <!-- Nota de disponibilidad --> <\/p>\n<div style='margin-bottom: 30px;'>\n<p style='font-weight: bold; color: inherit;'><strong>*Pregunte por Disponibilidad.<\/strong><\/p>\n<\/p><\/div>\n<p> <!-- Separador final --> <\/p>\n<hr style='border: 0; border-top: 1px solid rgba(150&comma; 150&comma; 150&comma; 0.3); margin: 30px 0;'> <\/div>\n","protected":false},"excerpt":{"rendered":"<p>Ajustador Pl\u00e1stico Hexagonal y Plano para Puesta a Punto en N\u00facleos de Ferrita de Inductores.<\/p>\n","protected":false},"featured_media":68987,"comment_status":"open","ping_status":"closed","template":"","meta":[],"product_brand":[],"product_cat":[1317],"product_tag":[931,1318,63],"class_list":{"0":"post-68988","1":"product","2":"type-product","3":"status-publish","4":"has-post-thumbnail","6":"product_cat-herramientas-para-mesa-de-trabajo","7":"product_tag-equipo-de-laboratorio","8":"product_tag-herramientas-para-mesa-de-trabajo","9":"product_tag-syscom","11":"first","12":"outofstock","13":"sale","14":"shipping-taxable","15":"purchasable","16":"product-type-simple"},"_links":{"self":[{"href":"https:\/\/soydeaqui.ddns.net\/pachuca\/index.php\/wp-json\/wp\/v2\/product\/68988","targetHints":{"allow":["GET"]}}],"collection":[{"href":"https:\/\/soydeaqui.ddns.net\/pachuca\/index.php\/wp-json\/wp\/v2\/product"}],"about":[{"href":"https:\/\/soydeaqui.ddns.net\/pachuca\/index.php\/wp-json\/wp\/v2\/types\/product"}],"replies":[{"embeddable":true,"href":"https:\/\/soydeaqui.ddns.net\/pachuca\/index.php\/wp-json\/wp\/v2\/comments?post=68988"}],"wp:featuredmedia":[{"embeddable":true,"href":"https:\/\/soydeaqui.ddns.net\/pachuca\/index.php\/wp-json\/wp\/v2\/media\/68987"}],"wp:attachment":[{"href":"https:\/\/soydeaqui.ddns.net\/pachuca\/index.php\/wp-json\/wp\/v2\/media?parent=68988"}],"wp:term":[{"taxonomy":"product_brand","embeddable":true,"href":"https:\/\/soydeaqui.ddns.net\/pachuca\/index.php\/wp-json\/wp\/v2\/product_brand?post=68988"},{"taxonomy":"product_cat","embeddable":true,"href":"https:\/\/soydeaqui.ddns.net\/pachuca\/index.php\/wp-json\/wp\/v2\/product_cat?post=68988"},{"taxonomy":"product_tag","embeddable":true,"href":"https:\/\/soydeaqui.ddns.net\/pachuca\/index.php\/wp-json\/wp\/v2\/product_tag?post=68988"}],"curies":[{"name":"wp","href":"https:\/\/api.w.org\/{rel}","templated":true}]}}