{"id":68918,"date":"2026-03-19T10:26:42","date_gmt":"2026-03-19T10:26:42","guid":{"rendered":"https:\/\/soydeaqui.ddns.net\/pachuca\/index.php\/producto\/440-480-mhz-1-5-w-4-canales-preconfigurados-y-reprogramables-incluye-antena-y-bateria\/"},"modified":"2026-03-19T10:26:49","modified_gmt":"2026-03-19T10:26:49","slug":"440-480-mhz-1-5-w-4-canales-preconfigurados-y-reprogramables-incluye-antena-y-bateria","status":"publish","type":"product","link":"https:\/\/soydeaqui.ddns.net\/pachuca\/index.php\/producto\/440-480-mhz-1-5-w-4-canales-preconfigurados-y-reprogramables-incluye-antena-y-bateria\/","title":{"rendered":"440-480 MHz, 1.5 W, 4 canales preconfigurados y reprogramables. INCLUYE ANTENA Y BATERIA."},"content":{"rendered":"<div style='width: 100%; max-width: 1200px; margin: 0 auto; font-family: sans-serif; line-height: 1.6; color: inherit; background-color: transparent;'>\n<div style='margin-bottom: 30px;'>\n<p style='background-color: #f29d12; padding: 10px; border-radius: 4px; font-weight: bold; margin: 0;'> INCLUYE ANTENA Y BATERIA&comma; REQUIERE CARGADOR. <\/p>\n<\/p><\/div>\n<div style='display: flex; flex-wrap: wrap; gap: 30px; margin-bottom: 30px;'>\n<div style='flex: 1 1 300px; min-width: 280px;'>\n<h3 style='font-size: 22px; border-bottom: 2px solid currentColor; padding-bottom: 5px; margin-top: 0; color: inherit; opacity: 0.8;'>Caracter\u00edsticas<\/h3>\n<ul style='padding-left: 20px; font-size: 15px; color: inherit;'>\n<li style='margin-bottom: 5px;'><strong>Peque\u00f1o<\/strong><\/li>\n<p style='margin-left: 20px; margin-bottom: 15px;'>Es el equipo m\u00e1s peque\u00f1o y ligero con tecnolog\u00eda KENWOOD. Con menos de 100 gramos este radio provee una comunicaci\u00f3n estable e inmediata.<\/p>\n<li style='margin-bottom: 5px;'><strong>Simple<\/strong><\/li>\n<p style='margin-left: 20px; margin-bottom: 15px;'>Su dise\u00f1o permite operar en frecuencias de uso libre incluyendo los accesorios necesarios para poder usarse.<\/p>\n<li style='margin-bottom: 5px;'><strong>Resistente<\/strong><\/li>\n<p style='margin-left: 20px; margin-bottom: 15px;'>Sus altos est\u00e1ndares de fabricaci\u00f3n cumplen con IP54 (resistencia a polvo y humedad) y exceden MIL-STD-810 C\/D\/E\/F\/G.<\/p>\n<li style='margin-bottom: 5px;'><strong>Poderoso<\/strong><\/li>\n<p style='margin-left: 20px; margin-bottom: 15px;'>1.5 Watts de potencia en UHF para m\u00e1xima penetraci\u00f3n. Excelente calidad de audio JVC KENWOOD con hasta 14 horas de operaci\u00f3n.<\/p>\n<li style='margin-bottom: 5px;'><strong>Conectividad<\/strong><\/li>\n<p style='margin-left: 20px; margin-bottom: 15px;'>Conector micro USB para recargar la bater\u00eda y programaci\u00f3n del radio.<\/p>\n<li style='margin-bottom: 5px;'><strong>Accesorios<\/strong><\/li>\n<p style='margin-left: 20px; margin-bottom: 15px;'>Adaptador Jack de 3.5 mm para aud\u00edfonos. Recomendado en ambientes ruidosos y comunicaciones discretas.<\/p>\n<li style='margin-bottom: 5px;'><strong>Indicadores<\/strong><\/li>\n<p style='margin-left: 20px; margin-bottom: 15px;'>LED Multicolor de estatus (transmisi\u00f3n&comma; nivel de bater\u00eda&comma; cambio de canal&comma; etc.).<\/p>\n<li style='margin-bottom: 5px;'><strong>Resistencia<\/strong><\/li>\n<p style='margin-left: 20px; margin-bottom: 15px;'>Dise\u00f1o s\u00f3lido que resiste golpes&comma; polvo y agua cumpliendo con IP54. Su fabricaci\u00f3n cumple con est\u00e1ndares militares MIL-STD-810 C\/D\/E\/F\/G.<\/p>\n<\/ul><\/div>\n<div style='flex: 1 1 300px; min-width: 280px;'>\n<div style='margin-bottom: 20px;'> <img style='width: 100%; height: auto; border: 1px solid rgba(150&comma;150&comma;150&comma;0.3); border-radius: 8px;' src='https:\/\/ftp3.syscom.mx\/usuarios\/fotos\/PKT03K\/68197-image04.jpg' alt='Conector micro USB'> <\/div>\n<div style='margin-bottom: 20px;'> <img style='width: 100%; height: auto; border: 1px solid rgba(150&comma;150&comma;150&comma;0.3); border-radius: 8px;' src='https:\/\/ftp3.syscom.mx\/usuarios\/fotos\/PKT03K\/68197-image06.jpg' alt='Adaptador Jack 3.5mm'> <\/div>\n<div style='margin-bottom: 20px;'> <img style='width: 100%; height: auto; border: 1px solid rgba(150&comma;150&comma;150&comma;0.3); border-radius: 8px;' src='https:\/\/ftp3.syscom.mx\/usuarios\/fotos\/PKT03K\/68197-imagen111.png' alt='L\u00e1mpara LED'> <\/div>\n<div style='margin-bottom: 20px;'> <img style='width: 100%; height: auto; border: 1px solid rgba(150&comma;150&comma;150&comma;0.3); border-radius: 8px;' src='https:\/\/ftp3.syscom.mx\/usuarios\/fotos\/PKT03K\/68197-image07.png' alt='LED Multicolor'> <\/div>\n<div> <img style='width: 100%; height: auto; border: 1px solid rgba(150&comma;150&comma;150&comma;0.3); border-radius: 8px;' src='https:\/\/ftp3.syscom.mx\/usuarios\/fotos\/TK2000K\/32714-imagen3.png' alt='Resistencia MIL-STD-810'> <\/div>\n<\/p><\/div>\n<\/p><\/div>\n<div style='display: flex; flex-wrap: wrap; gap: 20px; margin-bottom: 30px;'>\n<div style='flex: 1 1 250px; border: 1px solid rgba(150&comma; 150&comma; 150&comma; 0.4); border-radius: 8px; overflow: hidden; display: flex; flex-direction: column;'>\n<div style='padding: 15px; border-bottom: 1px solid rgba(150&comma; 150&comma; 150&comma; 0.2); font-weight: bold; font-size: 18px; color: inherit;'>Especificaciones<\/div>\n<div style='padding: 15px; color: inherit;'>\n<ul style='padding-left: 20px; margin: 0; font-size: 14px; list-style-type: disc;'>\n<li style='margin-bottom: 5px;'><strong>Rango de frecuencia:<\/strong> 440 &#8211; 480 MHz<\/li>\n<li style='margin-bottom: 5px;'><strong>Salida de potencia:<\/strong> 1.5 Watts<\/li>\n<li style='margin-bottom: 5px;'><strong>Canales:<\/strong> 4 programados y reprogramables (mediante software KPG-164)<\/li>\n<li style='margin-bottom: 5px;'><strong>Bater\u00eda:<\/strong> KNB-71L de Li-Ion 1&comma;430 mAh<\/li>\n<li style='margin-bottom: 5px;'><strong>Autonom\u00eda:<\/strong> Hasta 14 horas<\/li>\n<li style='margin-bottom: 5px;'><strong>Conector de carga:<\/strong> Micro USB<\/li>\n<li style='margin-bottom: 5px;'><strong>Conector de audio:<\/strong> Jack 3.5 mm<\/li>\n<\/ul><\/div>\n<\/p><\/div>\n<div style='flex: 1 1 250px; border: 1px solid rgba(150&comma; 150&comma; 150&comma; 0.4); border-radius: 8px; overflow: hidden; display: flex; flex-direction: column;'>\n<div style='padding: 15px; border-bottom: 1px solid rgba(150&comma; 150&comma; 150&comma; 0.2); font-weight: bold; font-size: 18px; color: inherit;'>Caracter\u00edsticas T\u00e9cnicas<\/div>\n<div style='padding: 15px; color: inherit;'>\n<ul style='padding-left: 20px; margin: 0; font-size: 14px; list-style-type: disc;'>\n<li style='margin-bottom: 5px;'>Control intuitivo con operaci\u00f3n guiada por voz<\/li>\n<li style='margin-bottom: 5px;'>Tonos QT \/ DQT<\/li>\n<li style='margin-bottom: 5px;'>3 teclas programables<\/li>\n<li style='margin-bottom: 5px;'>Tono de alerta<\/li>\n<li style='margin-bottom: 5px;'>Temporizador de transmisi\u00f3n (TOT)<\/li>\n<li style='margin-bottom: 5px;'>Alerta de bater\u00eda baja<\/li>\n<li style='margin-bottom: 5px;'>Programaci\u00f3n por Windows<\/li>\n<li style='margin-bottom: 5px;'>Audio superior KENWOOD<\/li>\n<\/ul><\/div>\n<\/p><\/div>\n<div style='flex: 1 1 250px; border: 1px solid rgba(150&comma; 150&comma; 150&comma; 0.4); border-radius: 8px; overflow: hidden; display: flex; flex-direction: column;'>\n<div style='padding: 15px; border-bottom: 1px solid rgba(150&comma; 150&comma; 150&comma; 0.2); font-weight: bold; font-size: 18px; color: inherit;'>Incluye<\/div>\n<div style='padding: 15px; color: inherit;'>\n<ul style='padding-left: 20px; margin: 0; font-size: 14px; list-style-type: disc;'>\n<li style='margin-bottom: 5px;'>Bater\u00eda KNB-71L de Li-Ion 1&comma;430 mAh<\/li>\n<li style='margin-bottom: 5px;'>Antena fija<\/li>\n<\/ul><\/div>\n<\/p><\/div>\n<\/p><\/div>\n<div style='margin-bottom: 30px; text-align: center;'>\n<p style='font-size: 18px; font-weight: bold; margin: 0; color: inherit;'> \u00a13 A\u00f1os de Garant\u00eda! <\/p>\n<\/p><\/div>\n<hr style='border: 0; border-top: 1px solid rgba(150&comma; 150&comma; 150&comma; 0.3); margin: 30px 0;'> <\/div>\n","protected":false},"excerpt":{"rendered":"<p>440-480 MHz, 1.5 W, 4 canales preconfigurados y reprogramables. INCLUYE ANTENA Y BATERIA.<\/p>\n","protected":false},"featured_media":68917,"comment_status":"open","ping_status":"closed","template":"","meta":[],"product_brand":[],"product_cat":[1625],"product_tag":[1580,1627,1626],"class_list":{"0":"post-68918","1":"product","2":"type-product","3":"status-publish","4":"has-post-thumbnail","6":"product_cat-portatiles-uhf","7":"product_tag-kenwood","8":"product_tag-portatiles-uhf","9":"product_tag-radios-comerciales-icom-kenwood-txpro","11":"first","12":"outofstock","13":"sale","14":"shipping-taxable","15":"purchasable","16":"product-type-simple"},"_links":{"self":[{"href":"https:\/\/soydeaqui.ddns.net\/pachuca\/index.php\/wp-json\/wp\/v2\/product\/68918","targetHints":{"allow":["GET"]}}],"collection":[{"href":"https:\/\/soydeaqui.ddns.net\/pachuca\/index.php\/wp-json\/wp\/v2\/product"}],"about":[{"href":"https:\/\/soydeaqui.ddns.net\/pachuca\/index.php\/wp-json\/wp\/v2\/types\/product"}],"replies":[{"embeddable":true,"href":"https:\/\/soydeaqui.ddns.net\/pachuca\/index.php\/wp-json\/wp\/v2\/comments?post=68918"}],"wp:featuredmedia":[{"embeddable":true,"href":"https:\/\/soydeaqui.ddns.net\/pachuca\/index.php\/wp-json\/wp\/v2\/media\/68917"}],"wp:attachment":[{"href":"https:\/\/soydeaqui.ddns.net\/pachuca\/index.php\/wp-json\/wp\/v2\/media?parent=68918"}],"wp:term":[{"taxonomy":"product_brand","embeddable":true,"href":"https:\/\/soydeaqui.ddns.net\/pachuca\/index.php\/wp-json\/wp\/v2\/product_brand?post=68918"},{"taxonomy":"product_cat","embeddable":true,"href":"https:\/\/soydeaqui.ddns.net\/pachuca\/index.php\/wp-json\/wp\/v2\/product_cat?post=68918"},{"taxonomy":"product_tag","embeddable":true,"href":"https:\/\/soydeaqui.ddns.net\/pachuca\/index.php\/wp-json\/wp\/v2\/product_tag?post=68918"}],"curies":[{"name":"wp","href":"https:\/\/api.w.org\/{rel}","templated":true}]}}