{"id":68554,"date":"2026-03-19T10:13:31","date_gmt":"2026-03-19T10:13:31","guid":{"rendered":"https:\/\/soydeaqui.ddns.net\/pachuca\/index.php\/producto\/caja-de-conexion-exterior-con-terminales-intermedias-para-3-lineas-tornillo-simple-incluye-glandulas\/"},"modified":"2026-03-19T10:13:36","modified_gmt":"2026-03-19T10:13:36","slug":"caja-de-conexion-exterior-con-terminales-intermedias-para-3-lineas-tornillo-simple-incluye-glandulas","status":"publish","type":"product","link":"https:\/\/soydeaqui.ddns.net\/pachuca\/index.php\/producto\/caja-de-conexion-exterior-con-terminales-intermedias-para-3-lineas-tornillo-simple-incluye-glandulas\/","title":{"rendered":"Caja de Conexi\u00f3n Exterior con Terminales Intermedias para 3 L\u00edneas (Tornillo simple). Incluye Gl\u00e1ndulas."},"content":{"rendered":"<div style='width: 100%; max-width: 1200px; margin: 0 auto; font-family: sans-serif; line-height: 1.6; color: inherit; background-color: transparent;'> <!-- Contenido principal --> <\/p>\n<div style='display: flex; flex-wrap: wrap; gap: 30px; margin-bottom: 30px;'>\n<div style='flex: 1 1 300px; min-width: 280px;'>\n<p>Gabinete de pl\u00e1stico con Terminales de Conexi\u00f3n para cables.<\/p>\n<p> <!-- Imagen --> <\/p>\n<div style='margin: 20px 0;'> <img style='width: 100%; height: auto; border: 1px solid rgba(150&comma;150&comma;150&comma;0.3); border-radius: 8px;' src='https:\/\/ftp3.syscom.mx\/usuarios\/fotos\/PST253015A\/154654-precisionlogosolid.jpg' alt=''> <\/div>\n<p>Uso en aplicaciones de intemperie como: Postes&comma; torres de telecomunicaciones&comma; o pared&comma; ideal para uniones exteriores de cable de corriente de uso rudo.<\/p>\n<\/p><\/div>\n<\/p><\/div>\n<p> <!-- Secci\u00f3n de caracter\u00edsticas --> <\/p>\n<div style='display: flex; flex-wrap: wrap; gap: 20px; margin-bottom: 30px;'>\n<div style='flex: 1 1 250px; border: 1px solid rgba(150&comma; 150&comma; 150&comma; 0.4); border-radius: 8px; overflow: hidden; display: flex; flex-direction: column;'>\n<div style='padding: 15px; border-bottom: 1px solid rgba(150&comma; 150&comma; 150&comma; 0.2); font-weight: bold; font-size: 18px; color: inherit;'>Caracter\u00edsticas destacadas<\/div>\n<div style='padding: 15px; color: inherit;'>\n<ul style='padding-left: 20px; margin: 0; font-size: 14px; list-style-type: disc;'>\n<li style='margin-bottom: 5px;'>Recomendado para calibres 12-22 AWG<\/li>\n<li style='margin-bottom: 5px;'>Grado de protecci\u00f3n: IP66<\/li>\n<li style='margin-bottom: 5px;'>Rango de temperatura de operaci\u00f3n: -40 a +120\u00b0C<\/li>\n<\/ul><\/div>\n<\/p><\/div>\n<div style='flex: 1 1 250px; border: 1px solid rgba(150&comma; 150&comma; 150&comma; 0.4); border-radius: 8px; overflow: hidden; display: flex; flex-direction: column;'>\n<div style='padding: 15px; border-bottom: 1px solid rgba(150&comma; 150&comma; 150&comma; 0.2); font-weight: bold; font-size: 18px; color: inherit;'>Recomendado para uso con<\/div>\n<div style='padding: 15px; color: inherit;'>\n<ul style='padding-left: 20px; margin: 0; font-size: 14px; list-style-type: disc;'>\n<li style='margin-bottom: 5px;'>Corriente alterna 110 Vca m\u00e1ximo 3 Amp.<\/li>\n<li style='margin-bottom: 5px;'>Corriente directa 12 Vcc \/ 24 Vcc m\u00e1ximo 10 Amp.<\/li>\n<\/ul><\/div>\n<\/p><\/div>\n<\/p><\/div>\n<p> <!-- Secci\u00f3n de instalaci\u00f3n --> <\/p>\n<div style='display: flex; flex-wrap: wrap; gap: 20px; margin-bottom: 30px;'>\n<div style='flex: 1 1 250px; border: 1px solid rgba(150&comma; 150&comma; 150&comma; 0.4); border-radius: 8px; overflow: hidden; display: flex; flex-direction: column;'>\n<div style='padding: 15px; border-bottom: 1px solid rgba(150&comma; 150&comma; 150&comma; 0.2); font-weight: bold; font-size: 18px; color: inherit;'>Proceso de instalaci\u00f3n<\/div>\n<div style='padding: 15px; color: inherit;'>\n<ol style='padding-left: 20px; margin: 0; font-size: 14px;'>\n<li style='margin-bottom: 5px;'>Se retira la tapa del gabinete y se aflojan ambas gl\u00e1ndulas opresoras.<\/li>\n<li style='margin-bottom: 5px;'>Se debe garantizar que el sistema no est\u00e9 energizado.<\/li>\n<li style='margin-bottom: 5px;'>Se introducen ambos cables al cuerpo del gabinete cuidando no lastimar el empaque.<\/li>\n<li style='margin-bottom: 5px;'>Se procede a desforrar cada cable y se coloca la terminal tipo herradura.<\/li>\n<li style='margin-bottom: 5px;'>Se aflojan los tornillos de las terminales y se procede a colocar uno a uno cada terminal correspondiente y se ajusta dicho tornillo por cada terminal.<\/li>\n<li style='margin-bottom: 5px;'>Antes de cerrar el gabinete&comma; se debe revisar que no exista contacto entre ambas l\u00edneas.<\/li>\n<li style='margin-bottom: 5px;'>Se procede a ajustar las gl\u00e1ndulas y se coloca la tapa del gabinete.<\/li>\n<\/ol><\/div>\n<\/p><\/div>\n<div style='flex: 1 1 250px; border: 1px solid rgba(150&comma; 150&comma; 150&comma; 0.4); border-radius: 8px; overflow: hidden; display: flex; flex-direction: column;'>\n<div style='padding: 15px; border-bottom: 1px solid rgba(150&comma; 150&comma; 150&comma; 0.2); font-weight: bold; font-size: 18px; color: inherit;'>Notas destacadas<\/div>\n<div style='padding: 15px; color: inherit;'>\n<ul style='padding-left: 20px; margin: 0; font-size: 14px; list-style-type: disc;'>\n<li style='margin-bottom: 5px;'>Se recomienda usar terminales tipo herradura para asegurar correcta instalaci\u00f3n (no usar cable directo sobre terminal).<\/li>\n<li style='margin-bottom: 5px;'>El cable normalmente utilizado es cable de uso rudo con 3 cables internos del rango de calibre mencionado.<\/li>\n<li style='margin-bottom: 5px;'>El terminado o ponchado de terminales tipo herradura debe realizarse despu\u00e9s de introducir el cable al gabinete.<\/li>\n<\/ul><\/div>\n<\/p><\/div>\n<\/p><\/div>\n<p> <!-- Separador --> <\/p>\n<hr style='border: 0; border-top: 1px solid rgba(150&comma; 150&comma; 150&comma; 0.3); margin: 30px 0;'> <\/div>\n","protected":false},"excerpt":{"rendered":"<p>Caja de Conexi\u00f3n Exterior con Terminales Intermedias para 3 L\u00edneas (Tornillo simple). Incluye Gl\u00e1ndulas.<\/p>\n","protected":false},"featured_media":68553,"comment_status":"open","ping_status":"closed","template":"","meta":[],"product_brand":[],"product_cat":[637],"product_tag":[638,248,605],"class_list":{"0":"post-68554","1":"product","2":"type-product","3":"status-publish","4":"has-post-thumbnail","6":"product_cat-gabinetes-para-intemperie","7":"product_tag-gabinetes-para-intemperie","8":"product_tag-precision","9":"product_tag-racks-y-gabinetes","11":"first","12":"instock","13":"sale","14":"shipping-taxable","15":"purchasable","16":"product-type-simple"},"_links":{"self":[{"href":"https:\/\/soydeaqui.ddns.net\/pachuca\/index.php\/wp-json\/wp\/v2\/product\/68554","targetHints":{"allow":["GET"]}}],"collection":[{"href":"https:\/\/soydeaqui.ddns.net\/pachuca\/index.php\/wp-json\/wp\/v2\/product"}],"about":[{"href":"https:\/\/soydeaqui.ddns.net\/pachuca\/index.php\/wp-json\/wp\/v2\/types\/product"}],"replies":[{"embeddable":true,"href":"https:\/\/soydeaqui.ddns.net\/pachuca\/index.php\/wp-json\/wp\/v2\/comments?post=68554"}],"wp:featuredmedia":[{"embeddable":true,"href":"https:\/\/soydeaqui.ddns.net\/pachuca\/index.php\/wp-json\/wp\/v2\/media\/68553"}],"wp:attachment":[{"href":"https:\/\/soydeaqui.ddns.net\/pachuca\/index.php\/wp-json\/wp\/v2\/media?parent=68554"}],"wp:term":[{"taxonomy":"product_brand","embeddable":true,"href":"https:\/\/soydeaqui.ddns.net\/pachuca\/index.php\/wp-json\/wp\/v2\/product_brand?post=68554"},{"taxonomy":"product_cat","embeddable":true,"href":"https:\/\/soydeaqui.ddns.net\/pachuca\/index.php\/wp-json\/wp\/v2\/product_cat?post=68554"},{"taxonomy":"product_tag","embeddable":true,"href":"https:\/\/soydeaqui.ddns.net\/pachuca\/index.php\/wp-json\/wp\/v2\/product_tag?post=68554"}],"curies":[{"name":"wp","href":"https:\/\/api.w.org\/{rel}","templated":true}]}}