{"id":68506,"date":"2026-03-19T10:11:41","date_gmt":"2026-03-19T10:11:41","guid":{"rendered":"https:\/\/soydeaqui.ddns.net\/pachuca\/index.php\/producto\/paquete-de-auto-piloto-nac-2-core\/"},"modified":"2026-03-19T10:11:42","modified_gmt":"2026-03-19T10:11:42","slug":"paquete-de-auto-piloto-nac-2-core","status":"publish","type":"product","link":"https:\/\/soydeaqui.ddns.net\/pachuca\/index.php\/producto\/paquete-de-auto-piloto-nac-2-core\/","title":{"rendered":"Paquete de auto-piloto NAC-2 CORE"},"content":{"rendered":"<div style='width: 100%; max-width: 1200px; margin: 0 auto; font-family: sans-serif; line-height: 1.6; color: inherit; background-color: transparent;'>\n<div style='display: flex; flex-wrap: wrap; gap: 30px; margin-bottom: 30px;'>\n<div style='flex: 1 1 300px; min-width: 280px;'>\n<h3 style='font-size: 22px; border-bottom: 2px solid currentColor; padding-bottom: 5px; margin-top: 0; color: inherit; opacity: 0.8;'>Descripci\u00f3n<\/h3>\n<p style='font-size: 15px; color: inherit;'>La computadora del piloto autom\u00e1tico NAC-2 es el cerebro detr\u00e1s de su sistema de piloto autom\u00e1tico. NAC-2 contiene los algoritmos de control desarrollados para conducir un yate en una amplia gama de condiciones clim\u00e1ticas y marinas&comma; junto con los componentes electr\u00f3nicos necesarios para operar una unidad de accionamiento hidr\u00e1ulico o mec\u00e1nico&comma; al mismo tiempo que interact\u00faan con otros componentes&comma; incluidos sensores de rumbo y unidades de retroalimentaci\u00f3n del tim\u00f3n. El NAC-2 fue dise\u00f1ado para barcos de hasta 10 metros (33 pies) de longitud y es adecuado para accionamientos hidr\u00e1ulicos de baja corriente&comma; accionamientos mec\u00e1nicos o v\u00e1lvulas de solenoide con una capacidad nominal de corriente de 8 amperios continuos (m\u00e1ximo de 12 amperios).<\/p>\n<\/p><\/div>\n<\/p><\/div>\n<div style='display: flex; flex-wrap: wrap; gap: 20px; margin-bottom: 30px;'>\n<div style='flex: 1 1 250px; border: 1px solid rgba(150&comma; 150&comma; 150&comma; 0.4); border-radius: 8px; overflow: hidden; display: flex; flex-direction: column;'>\n<div style='padding: 15px; border-bottom: 1px solid rgba(150&comma; 150&comma; 150&comma; 0.2); font-weight: bold; font-size: 18px; color: inherit;'>Caracter\u00edsticas<\/div>\n<div style='padding: 15px; color: inherit;'>\n<ul style='padding-left: 20px; margin: 0; font-size: 14px; list-style-type: disc;'>\n<li style='margin-bottom: 5px;'><strong>Entrada:<\/strong> 12 o 24 V CC salida continua de 8 A&comma; pico de 12 A<\/li>\n<li style='margin-bottom: 5px;'><strong>Salida:<\/strong> Salida de solenoide<\/li>\n<li style='margin-bottom: 5px;'><strong>Embrague:<\/strong> Salida de embrague de 3 A<\/li>\n<li style='margin-bottom: 5px;'><strong>Control:<\/strong> Interruptor autom\u00e1tico \/ en espera opcional<\/li>\n<li style='margin-bottom: 5px;'><strong>Componentes:<\/strong> Circuitos y componentes de accionamiento y procesamiento id\u00e9nticos a los pilotos autom\u00e1ticos comerciales.<\/li>\n<li style='margin-bottom: 5px;'><strong>Retroalimentaci\u00f3n:<\/strong> Opciones de retroalimentaci\u00f3n del tim\u00f3n: NMEA2000 Rudder Feedback (RF25)<\/li>\n<\/ul><\/div>\n<\/p><\/div>\n<div style='flex: 1 1 250px; border: 1px solid rgba(150&comma; 150&comma; 150&comma; 0.4); border-radius: 8px; overflow: hidden; display: flex; flex-direction: column;'>\n<div style='padding: 15px; border-bottom: 1px solid rgba(150&comma; 150&comma; 150&comma; 0.2); font-weight: bold; font-size: 18px; color: inherit;'>Incluye<\/div>\n<div style='padding: 15px; color: inherit;'>\n<ul style='padding-left: 20px; margin: 0; font-size: 14px; list-style-type: disc;'>\n<li style='margin-bottom: 5px;'>Ordenador piloto autom\u00e1tico NAC-2<\/li>\n<li style='margin-bottom: 5px;'>Br\u00fajula precisi\u00f3n-9<\/li>\n<li style='margin-bottom: 5px;'>RF25N NMEA 2000<\/li>\n<li style='margin-bottom: 5px;'>Kit de cables NMEA 2000<\/li>\n<\/ul><\/div>\n<\/p><\/div>\n<div style='flex: 1 1 250px; border: 1px solid rgba(150&comma; 150&comma; 150&comma; 0.4); border-radius: 8px; overflow: hidden; display: flex; flex-direction: column;'>\n<div style='padding: 15px; border-bottom: 1px solid rgba(150&comma; 150&comma; 150&comma; 0.2); font-weight: bold; font-size: 18px; color: inherit;'>Especificaciones<\/div>\n<div style='padding: 15px; color: inherit;'>\n<ul style='padding-left: 20px; margin: 0; font-size: 14px; list-style-type: disc;'>\n<li style='margin-bottom: 5px;'><strong>Dimensiones:<\/strong> 240 x 57 x 190 mm<\/li>\n<li style='margin-bottom: 5px;'><strong>Peso:<\/strong> 0.6 kg<\/li>\n<\/ul><\/div>\n<\/p><\/div>\n<\/p><\/div>\n<hr style='border: 0; border-top: 1px solid rgba(150&comma; 150&comma; 150&comma; 0.3); margin: 30px 0;'> <\/div>\n","protected":false},"excerpt":{"rendered":"<p>Paquete de auto-piloto NAC-2 CORE<\/p>\n","protected":false},"featured_media":68505,"comment_status":"open","ping_status":"closed","template":"","meta":[],"product_brand":[],"product_cat":[1503],"product_tag":[1504,1505,1172],"class_list":{"0":"post-68506","1":"product","2":"type-product","3":"status-publish","4":"has-post-thumbnail","6":"product_cat-navegacion-marina","7":"product_tag-navegacion-marina","8":"product_tag-simrad","9":"product_tag-soluciones-marinas","11":"first","12":"outofstock","13":"sale","14":"shipping-taxable","15":"purchasable","16":"product-type-simple"},"_links":{"self":[{"href":"https:\/\/soydeaqui.ddns.net\/pachuca\/index.php\/wp-json\/wp\/v2\/product\/68506","targetHints":{"allow":["GET"]}}],"collection":[{"href":"https:\/\/soydeaqui.ddns.net\/pachuca\/index.php\/wp-json\/wp\/v2\/product"}],"about":[{"href":"https:\/\/soydeaqui.ddns.net\/pachuca\/index.php\/wp-json\/wp\/v2\/types\/product"}],"replies":[{"embeddable":true,"href":"https:\/\/soydeaqui.ddns.net\/pachuca\/index.php\/wp-json\/wp\/v2\/comments?post=68506"}],"wp:featuredmedia":[{"embeddable":true,"href":"https:\/\/soydeaqui.ddns.net\/pachuca\/index.php\/wp-json\/wp\/v2\/media\/68505"}],"wp:attachment":[{"href":"https:\/\/soydeaqui.ddns.net\/pachuca\/index.php\/wp-json\/wp\/v2\/media?parent=68506"}],"wp:term":[{"taxonomy":"product_brand","embeddable":true,"href":"https:\/\/soydeaqui.ddns.net\/pachuca\/index.php\/wp-json\/wp\/v2\/product_brand?post=68506"},{"taxonomy":"product_cat","embeddable":true,"href":"https:\/\/soydeaqui.ddns.net\/pachuca\/index.php\/wp-json\/wp\/v2\/product_cat?post=68506"},{"taxonomy":"product_tag","embeddable":true,"href":"https:\/\/soydeaqui.ddns.net\/pachuca\/index.php\/wp-json\/wp\/v2\/product_tag?post=68506"}],"curies":[{"name":"wp","href":"https:\/\/api.w.org\/{rel}","templated":true}]}}