{"id":68464,"date":"2026-03-19T10:10:07","date_gmt":"2026-03-19T10:10:07","guid":{"rendered":"https:\/\/soydeaqui.ddns.net\/pachuca\/index.php\/producto\/juego-de-11-mini-desarmadores-de-precision-6-planos-3-phillips-1-punzon-y-1-magneto-almacenados-en-estuche-de-plastico\/"},"modified":"2026-03-19T10:10:13","modified_gmt":"2026-03-19T10:10:13","slug":"juego-de-11-mini-desarmadores-de-precision-6-planos-3-phillips-1-punzon-y-1-magneto-almacenados-en-estuche-de-plastico","status":"publish","type":"product","link":"https:\/\/soydeaqui.ddns.net\/pachuca\/index.php\/producto\/juego-de-11-mini-desarmadores-de-precision-6-planos-3-phillips-1-punzon-y-1-magneto-almacenados-en-estuche-de-plastico\/","title":{"rendered":"Juego de 11 Mini-desarmadores de Precisi\u00f3n; 6-Planos, 3-Phillips, 1-Punz\u00f3n y 1-Magneto, almacenados en estuche de pl\u00e1stico."},"content":{"rendered":"<div style='width: 100%; max-width: 1200px; margin: 0 auto; font-family: sans-serif; line-height: 1.6; color: inherit; background-color: transparent;'>\n<div style='display: flex; flex-wrap: wrap; gap: 30px; margin-bottom: 30px;'>\n<div style='flex: 1 1 300px; min-width: 280px;'>\n<h3 style='font-size: 22px; border-bottom: 2px solid currentColor; padding-bottom: 5px; margin-top: 0; color: inherit; opacity: 0.8;'>Caracter\u00edsticas<\/h3>\n<ul style='padding-left: 20px; font-size: 15px; color: inherit;'>\n<li style='margin-bottom: 5px;'>Juego de 11 piezas de destornilladores de precisi\u00f3n en estuche de pl\u00e1stico.<\/li>\n<li style='margin-bottom: 5px;'>Incluye: 6 destornilladores Planos&comma; 3 Phillips&comma; 1 Punz\u00f3n y 1 Magneto.<\/li>\n<li style='margin-bottom: 5px;'>Planos: 0.9 mm&comma; 1.2 mm&comma; 1.4 mm&comma; 1.8 mm&comma; 2.4 mm y 3 mm.<\/li>\n<li style='margin-bottom: 5px;'>Phillips: #00&comma; #0&comma; #1.<\/li>\n<li style='margin-bottom: 5px;'>Este peque\u00f1o juego de herramientas manuales de destornilladores Phillips son ideales para laborar en trabajos de peque\u00f1a escala como reparaci\u00f3n de computadoras&comma; electr\u00f3nica&comma; joyer\u00eda&comma; modelaje&comma; pasatiempos&comma; artesan\u00edas&comma; etc.<\/li>\n<li style='margin-bottom: 5px;'>Las herramientas se almacenan en cajas de estuche tipo concha&comma; internamente por conveniencia y organizaci\u00f3n.<\/li>\n<li style='margin-bottom: 5px;'>Haga lo correcto desde la primera vez con estas confiables herramientas.<\/li>\n<li style='margin-bottom: 5px;'>Ofrece un equilibrio perfecto entre la fuerza de la punta y el \u00e1ngulo de trabajo.<\/li>\n<li style='margin-bottom: 5px;'>Mango anti-ruido de dise\u00f1o ergon\u00f3mico.<\/li>\n<li style='margin-bottom: 5px;'>Pa\u00eds de Origen: Hecho en los EEUU.<\/li>\n<\/ul><\/div>\n<\/p><\/div>\n<div style='display: flex; flex-wrap: wrap; gap: 20px; margin-bottom: 30px;'>\n<div style='flex: 1 1 250px; border: 1px solid rgba(150&comma; 150&comma; 150&comma; 0.4); border-radius: 8px; overflow: hidden; display: flex; flex-direction: column;'>\n<div style='padding: 15px; border-bottom: 1px solid rgba(150&comma; 150&comma; 150&comma; 0.2); font-weight: bold; font-size: 18px; color: inherit;'>Observaci\u00f3n<\/div>\n<div style='padding: 15px; color: inherit;'>\n<p style='margin: 0; font-size: 14px; color: inherit;'>*Pregunte por Disponibilidad.<\/p>\n<\/p><\/div>\n<\/p><\/div>\n<\/p><\/div>\n<\/p><\/div>\n","protected":false},"excerpt":{"rendered":"<p>Juego de 11 Mini-desarmadores de Precisi\u00f3n; 6-Planos, 3-Phillips, 1-Punz\u00f3n y 1-Magneto, almacenados en estuche de pl\u00e1stico.<\/p>\n","protected":false},"featured_media":68463,"comment_status":"open","ping_status":"closed","template":"","meta":[],"product_brand":[],"product_cat":[1125],"product_tag":[931,1126,63],"class_list":{"0":"post-68464","1":"product","2":"type-product","3":"status-publish","4":"has-post-thumbnail","6":"product_cat-para-instalacion-en-campo","7":"product_tag-equipo-de-laboratorio","8":"product_tag-para-instalacion-en-campo","9":"product_tag-syscom","11":"first","12":"outofstock","13":"sale","14":"shipping-taxable","15":"purchasable","16":"product-type-simple"},"_links":{"self":[{"href":"https:\/\/soydeaqui.ddns.net\/pachuca\/index.php\/wp-json\/wp\/v2\/product\/68464","targetHints":{"allow":["GET"]}}],"collection":[{"href":"https:\/\/soydeaqui.ddns.net\/pachuca\/index.php\/wp-json\/wp\/v2\/product"}],"about":[{"href":"https:\/\/soydeaqui.ddns.net\/pachuca\/index.php\/wp-json\/wp\/v2\/types\/product"}],"replies":[{"embeddable":true,"href":"https:\/\/soydeaqui.ddns.net\/pachuca\/index.php\/wp-json\/wp\/v2\/comments?post=68464"}],"wp:featuredmedia":[{"embeddable":true,"href":"https:\/\/soydeaqui.ddns.net\/pachuca\/index.php\/wp-json\/wp\/v2\/media\/68463"}],"wp:attachment":[{"href":"https:\/\/soydeaqui.ddns.net\/pachuca\/index.php\/wp-json\/wp\/v2\/media?parent=68464"}],"wp:term":[{"taxonomy":"product_brand","embeddable":true,"href":"https:\/\/soydeaqui.ddns.net\/pachuca\/index.php\/wp-json\/wp\/v2\/product_brand?post=68464"},{"taxonomy":"product_cat","embeddable":true,"href":"https:\/\/soydeaqui.ddns.net\/pachuca\/index.php\/wp-json\/wp\/v2\/product_cat?post=68464"},{"taxonomy":"product_tag","embeddable":true,"href":"https:\/\/soydeaqui.ddns.net\/pachuca\/index.php\/wp-json\/wp\/v2\/product_tag?post=68464"}],"curies":[{"name":"wp","href":"https:\/\/api.w.org\/{rel}","templated":true}]}}