{"id":68045,"date":"2026-03-19T09:55:07","date_gmt":"2026-03-19T09:55:07","guid":{"rendered":"https:\/\/soydeaqui.ddns.net\/pachuca\/index.php\/producto\/adaptador-bluetooth-para-conector-de-accesorio-trasero-para-radios-motorola-gm-cdm\/"},"modified":"2026-03-19T09:55:08","modified_gmt":"2026-03-19T09:55:08","slug":"adaptador-bluetooth-para-conector-de-accesorio-trasero-para-radios-motorola-gm-cdm","status":"publish","type":"product","link":"https:\/\/soydeaqui.ddns.net\/pachuca\/index.php\/producto\/adaptador-bluetooth-para-conector-de-accesorio-trasero-para-radios-motorola-gm-cdm\/","title":{"rendered":"Adaptador BLUETOOTH Para Conector De Accesorio Trasero Para Radios MOTOROLA GM\/CDM"},"content":{"rendered":"<div style='width: 100%; max-width: 1200px; margin: 0 auto; font-family: sans-serif; line-height: 1.6; color: inherit; background-color: transparent;'>\n<div style='display: flex; flex-wrap: wrap; gap: 30px; margin-bottom: 30px;'>\n<div style='flex: 1 1 300px; min-width: 280px;'>\n<h3 style='font-size: 22px; border-bottom: 2px solid currentColor; padding-bottom: 5px; margin-top: 0; color: inherit; opacity: 0.8;'>Descripci\u00f3n<\/h3>\n<ul style='padding-left: 20px; font-size: 15px; color: inherit;'>\n<li style='margin-bottom: 5px;'>Adaptadores Bluetooth para radios m\u00f3viles alimentados por el radio con transmisi\u00f3n y recepci\u00f3n de audio inal\u00e1mbrico y m\u00faltiples opciones de PTT.<\/li>\n<li style='margin-bottom: 5px;'>Permite el uso de diademas Bluetooth en su radio m\u00f3vil de dos v\u00edas<\/li>\n<li style='margin-bottom: 5px;'>Con las nuevas mejoras podr\u00e1 trasmitir y recibir audio en diademas Bluetooth<\/li>\n<li style='margin-bottom: 5px;'>Compatibles con miles de accesorios Bluetooth (no incluidos)<\/li>\n<li style='margin-bottom: 5px;'>Proceso de emparejamiento sencillo&comma; almacena conexiones pareadas aun si el radio es apagado o el adaptador es removido de la radio base<\/li>\n<li style='margin-bottom: 5px;'>Sin retrasos en transmisi\u00f3n de audio<\/li>\n<li style='margin-bottom: 5px;'>Alimentaci\u00f3n directa de la radio base<\/li>\n<li style='margin-bottom: 5px;'>Compatible con una gran cantidad de radios. Simplemente seleccione el adaptador adecuado a su modelo de radio<\/li>\n<li style='margin-bottom: 5px;'>La unidad b\u00e1sica de PTT puede montarse sobre el tablero o cualquier parte de f\u00e1cil acceso<\/li>\n<li style='margin-bottom: 5px;'>Para otros m\u00e9todos de PTT puede agregar accesorios opcionales de PTT disponibles como la versi\u00f3n Bluetooth (KIT1) o la versi\u00f3n econ\u00f3mica cableada (KIT2)<\/li>\n<\/ul><\/div>\n<\/p><\/div>\n<\/p><\/div>\n","protected":false},"excerpt":{"rendered":"<p>Adaptador BLUETOOTH Para Conector De Accesorio Trasero Para Radios MOTOROLA GM\/CDM<\/p>\n","protected":false},"featured_media":68044,"comment_status":"open","ping_status":"closed","template":"","meta":[],"product_brand":[],"product_cat":[1706],"product_tag":[1614,1518,1730],"class_list":{"0":"post-68045","1":"product","2":"type-product","3":"status-publish","4":"has-post-thumbnail","6":"product_cat-microfono-audifono-accesorios-para-motorola","7":"product_tag-accesorios-para-motorola","8":"product_tag-microfono-audifono","9":"product_tag-pryme","11":"first","12":"outofstock","13":"sale","14":"shipping-taxable","15":"purchasable","16":"product-type-simple"},"_links":{"self":[{"href":"https:\/\/soydeaqui.ddns.net\/pachuca\/index.php\/wp-json\/wp\/v2\/product\/68045","targetHints":{"allow":["GET"]}}],"collection":[{"href":"https:\/\/soydeaqui.ddns.net\/pachuca\/index.php\/wp-json\/wp\/v2\/product"}],"about":[{"href":"https:\/\/soydeaqui.ddns.net\/pachuca\/index.php\/wp-json\/wp\/v2\/types\/product"}],"replies":[{"embeddable":true,"href":"https:\/\/soydeaqui.ddns.net\/pachuca\/index.php\/wp-json\/wp\/v2\/comments?post=68045"}],"wp:featuredmedia":[{"embeddable":true,"href":"https:\/\/soydeaqui.ddns.net\/pachuca\/index.php\/wp-json\/wp\/v2\/media\/68044"}],"wp:attachment":[{"href":"https:\/\/soydeaqui.ddns.net\/pachuca\/index.php\/wp-json\/wp\/v2\/media?parent=68045"}],"wp:term":[{"taxonomy":"product_brand","embeddable":true,"href":"https:\/\/soydeaqui.ddns.net\/pachuca\/index.php\/wp-json\/wp\/v2\/product_brand?post=68045"},{"taxonomy":"product_cat","embeddable":true,"href":"https:\/\/soydeaqui.ddns.net\/pachuca\/index.php\/wp-json\/wp\/v2\/product_cat?post=68045"},{"taxonomy":"product_tag","embeddable":true,"href":"https:\/\/soydeaqui.ddns.net\/pachuca\/index.php\/wp-json\/wp\/v2\/product_tag?post=68045"}],"curies":[{"name":"wp","href":"https:\/\/api.w.org\/{rel}","templated":true}]}}