{"id":67713,"date":"2026-03-19T09:42:57","date_gmt":"2026-03-19T09:42:57","guid":{"rendered":"https:\/\/soydeaqui.ddns.net\/pachuca\/index.php\/producto\/certificacion-en-programacion-de-sistemas-digitales-kenwood\/"},"modified":"2026-03-19T09:42:58","modified_gmt":"2026-03-19T09:42:58","slug":"certificacion-en-programacion-de-sistemas-digitales-kenwood","status":"publish","type":"product","link":"https:\/\/soydeaqui.ddns.net\/pachuca\/index.php\/producto\/certificacion-en-programacion-de-sistemas-digitales-kenwood\/","title":{"rendered":"Certificaci\u00f3n en programaci\u00f3n de sistemas digitales KENWOOD"},"content":{"rendered":"<div style='width: 100%; max-width: 1200px; margin: 0 auto; font-family: sans-serif; line-height: 1.6; color: inherit; background-color: transparent;'> <!-- Secci\u00f3n de contenido con flex\/grid --> <\/p>\n<div style='display: flex; flex-wrap: wrap; gap: 30px; margin-bottom: 30px;'>\n<div style='flex: 1 1 300px; min-width: 280px;'>\n<h3 style='font-size: 22px; border-bottom: 2px solid currentColor; padding-bottom: 5px; margin-top: 0; color: inherit; opacity: 0.8;'>Certificaci\u00f3n en programaci\u00f3n de sistemas digitales KENWOOD<\/h3>\n<ul style='padding-left: 20px; font-size: 15px; color: inherit;'>\n<li style='margin-bottom: 5px;'><strong>Curso:<\/strong> Presencial<\/li>\n<\/ul><\/div>\n<\/p><\/div>\n<p> <!-- Secci\u00f3n de cards con especificaciones --> <\/p>\n<div style='display: flex; flex-wrap: wrap; gap: 20px; margin-bottom: 30px;'>\n<div style='flex: 1 1 250px; border: 1px solid rgba(150&comma; 150&comma; 150&comma; 0.4); border-radius: 8px; overflow: hidden; display: flex; flex-direction: column;'>\n<div style='padding: 15px; border-bottom: 1px solid rgba(150&comma; 150&comma; 150&comma; 0.2); font-weight: bold; font-size: 18px; color: inherit;'>Objetivo<\/div>\n<div style='padding: 15px; color: inherit;'>\n<p style='margin: 0;'>Conocer las soluciones de radiocomunicaci\u00f3n KENWOOD y transferir los conocimientos necesarios para programar radios y repetidores digitales con funciones avanzadas.<\/p>\n<\/p><\/div>\n<\/p><\/div>\n<div style='flex: 1 1 250px; border: 1px solid rgba(150&comma; 150&comma; 150&comma; 0.4); border-radius: 8px; overflow: hidden; display: flex; flex-direction: column;'>\n<div style='padding: 15px; border-bottom: 1px solid rgba(150&comma; 150&comma; 150&comma; 0.2); font-weight: bold; font-size: 18px; color: inherit;'>Dirigido a<\/div>\n<div style='padding: 15px; color: inherit;'>\n<p style='margin: 0;'>Integradores y distribuidores de radiocomunicaci\u00f3n.<\/p>\n<\/p><\/div>\n<\/p><\/div>\n<div style='flex: 1 1 250px; border: 1px solid rgba(150&comma; 150&comma; 150&comma; 0.4); border-radius: 8px; overflow: hidden; display: flex; flex-direction: column;'>\n<div style='padding: 15px; border-bottom: 1px solid rgba(150&comma; 150&comma; 150&comma; 0.2); font-weight: bold; font-size: 18px; color: inherit;'>Requisitos<\/div>\n<div style='padding: 15px; color: inherit;'>\n<ul style='padding-left: 20px; margin: 0; font-size: 14px; list-style-type: disc;'>\n<li style='margin-bottom: 5px;'>Haber asistido al curso Introductorio Radiocomunicaci\u00f3n.<\/li>\n<li style='margin-bottom: 5px;'>Computadora personal.<\/li>\n<li style='margin-bottom: 5px;'>Software KPG-D6K instalado en la computadora.<\/li>\n<li style='margin-bottom: 5px;'>Cable de programaci\u00f3n KPG-22UM.<\/li>\n<\/ul><\/div>\n<\/p><\/div>\n<\/p><\/div>\n<p> <!-- Secci\u00f3n de temario --> <\/p>\n<div style='display: flex; flex-wrap: wrap; gap: 20px; margin-bottom: 30px;'>\n<div style='flex: 1 1 500px; min-width: 300px; border: 1px solid rgba(150&comma; 150&comma; 150&comma; 0.4); border-radius: 8px; overflow: hidden;'>\n<div style='padding: 15px; border-bottom: 1px solid rgba(150&comma; 150&comma; 150&comma; 0.2); font-weight: bold; font-size: 18px; color: inherit;'>Temario &#8211; D\u00eda 1<\/div>\n<div style='padding: 15px; color: inherit;'>\n<ul style='padding-left: 20px; margin: 0; font-size: 14px; list-style-type: disc;'>\n<li style='margin-bottom: 5px;'>Presentaci\u00f3n te\u00f3rica de radios y sistemas de repetici\u00f3n KENWOOD.<\/li>\n<li style='margin-bottom: 5px;'>Autenticaci\u00f3n y cancelaci\u00f3n de licencias.<\/li>\n<li style='margin-bottom: 5px;'>Actualizaci\u00f3n de firmware.<\/li>\n<li style='margin-bottom: 5px;'>Recomendaciones de programaci\u00f3n.<\/li>\n<li style='margin-bottom: 5px;'>Password de datos y funci\u00f3n antilectura.<\/li>\n<li style='margin-bottom: 5px;'>Pr\u00e1ctica con radios NX-1200\/1300 con protocolo NXDN:<\/li>\n<\/ul>\n<ul style='padding-left: 40px; margin: 0 0 15px 30px; font-size: 14px; list-style-type: disc;'>\n<li style='margin-bottom: 5px;'>Programaci\u00f3n b\u00e1sica anal\u00f3gica y digital.<\/li>\n<li style='margin-bottom: 5px;'>Identificaci\u00f3n en pantalla.<\/li>\n<li style='margin-bottom: 5px;'>Llamada individual.<\/li>\n<li style='margin-bottom: 5px;'>Candado de canal ocupado.<\/li>\n<li style='margin-bottom: 5px;'>Segmentaci\u00f3n de grupos.<\/li>\n<li style='margin-bottom: 5px;'>Encriptaci\u00f3n.<\/li>\n<li style='margin-bottom: 5px;'>Llamada de emergencia.<\/li>\n<\/ul><\/div>\n<\/p><\/div>\n<div style='flex: 1 1 500px; min-width: 300px; border: 1px solid rgba(150&comma; 150&comma; 150&comma; 0.4); border-radius: 8px; overflow: hidden;'>\n<div style='padding: 15px; border-bottom: 1px solid rgba(150&comma; 150&comma; 150&comma; 0.2); font-weight: bold; font-size: 18px; color: inherit;'>Temario &#8211; D\u00eda 2<\/div>\n<div style='padding: 15px; color: inherit;'>\n<ul style='padding-left: 20px; margin: 0 0 15px 20px; font-size: 14px; list-style-type: disc;'>\n<li style='margin-bottom: 5px;'>Pr\u00e1ctica con radios NX-1200\/1300 con protocolo DMR:<\/li>\n<\/ul>\n<ul style='padding-left: 40px; margin: 0 0 15px 30px; font-size: 14px; list-style-type: disc;'>\n<li style='margin-bottom: 5px;'>Programaci\u00f3n b\u00e1sica anal\u00f3gica y digital.<\/li>\n<li style='margin-bottom: 5px;'>Tips de compatibilidad con otras marcas.<\/li>\n<\/ul>\n<ul style='padding-left: 20px; margin: 0 0 15px 20px; font-size: 14px; list-style-type: disc;'>\n<li style='margin-bottom: 5px;'>Pr\u00e1ctica con nuevo repetidor NXR-1700:<\/li>\n<\/ul>\n<ul style='padding-left: 40px; margin: 0 0 15px 30px; font-size: 14px; list-style-type: disc;'>\n<li style='margin-bottom: 5px;'>Programaci\u00f3n b\u00e1sica anal\u00f3gica y digital.<\/li>\n<li style='margin-bottom: 5px;'>Monitoreo v\u00eda Web.<\/li>\n<li style='margin-bottom: 5px;'>Psuedotruking.<\/li>\n<li style='margin-bottom: 5px;'>Llamadas multisitio anal\u00f3gicas y digitales v\u00eda IP.<\/li>\n<\/ul>\n<ul style='padding-left: 20px; margin: 0; font-size: 14px; list-style-type: disc;'>\n<li style='margin-bottom: 5px;'>Software de monitoreo KAS-20:<\/li>\n<\/ul>\n<ul style='padding-left: 40px; margin: 0 0 15px 30px; font-size: 14px; list-style-type: disc;'>\n<li style='margin-bottom: 5px;'>Programaci\u00f3n de radios con GPS.<\/li>\n<li style='margin-bottom: 5px;'>Configuraci\u00f3n del software KAS-20.<\/li>\n<\/ul><\/div>\n<\/p><\/div>\n<\/p><\/div>\n<p> <!-- Secci\u00f3n de examen --> <\/p>\n<div style='display: flex; flex-wrap: wrap; gap: 20px; margin-bottom: 30px;'>\n<div style='flex: 1 1 250px; border: 1px solid rgba(150&comma; 150&comma; 150&comma; 0.4); border-radius: 8px; overflow: hidden; display: flex; flex-direction: column;'>\n<div style='padding: 15px; border-bottom: 1px solid rgba(150&comma; 150&comma; 150&comma; 0.2); font-weight: bold; font-size: 18px; color: inherit;'>Examen<\/div>\n<div style='padding: 15px; color: inherit;'>\n<p style='margin: 0;'>Al final del curso se realizar\u00e1 un examen te\u00f3rico-pr\u00e1ctico para evaluar los conocimientos adquiridos.<\/p>\n<\/p><\/div>\n<\/p><\/div>\n<\/p><\/div>\n<p> <!-- Separador --> <\/p>\n<hr style='border: 0; border-top: 1px solid rgba(150&comma; 150&comma; 150&comma; 0.3); margin: 30px 0;'> <\/div>\n","protected":false},"excerpt":{"rendered":"<p>Certificaci\u00f3n en programaci\u00f3n de sistemas digitales KENWOOD<\/p>\n","protected":false},"featured_media":67712,"comment_status":"open","ping_status":"closed","template":"","meta":[],"product_brand":[],"product_cat":[1716],"product_tag":[417,1579,1580],"class_list":{"0":"post-67713","1":"product","2":"type-product","3":"status-publish","4":"has-post-thumbnail","6":"product_cat-accesorios-generales-accesorios-para-kenwood","7":"product_tag-accesorios-generales","8":"product_tag-accesorios-para-kenwood","9":"product_tag-kenwood","11":"first","12":"instock","13":"sale","14":"shipping-taxable","15":"purchasable","16":"product-type-simple"},"_links":{"self":[{"href":"https:\/\/soydeaqui.ddns.net\/pachuca\/index.php\/wp-json\/wp\/v2\/product\/67713","targetHints":{"allow":["GET"]}}],"collection":[{"href":"https:\/\/soydeaqui.ddns.net\/pachuca\/index.php\/wp-json\/wp\/v2\/product"}],"about":[{"href":"https:\/\/soydeaqui.ddns.net\/pachuca\/index.php\/wp-json\/wp\/v2\/types\/product"}],"replies":[{"embeddable":true,"href":"https:\/\/soydeaqui.ddns.net\/pachuca\/index.php\/wp-json\/wp\/v2\/comments?post=67713"}],"wp:featuredmedia":[{"embeddable":true,"href":"https:\/\/soydeaqui.ddns.net\/pachuca\/index.php\/wp-json\/wp\/v2\/media\/67712"}],"wp:attachment":[{"href":"https:\/\/soydeaqui.ddns.net\/pachuca\/index.php\/wp-json\/wp\/v2\/media?parent=67713"}],"wp:term":[{"taxonomy":"product_brand","embeddable":true,"href":"https:\/\/soydeaqui.ddns.net\/pachuca\/index.php\/wp-json\/wp\/v2\/product_brand?post=67713"},{"taxonomy":"product_cat","embeddable":true,"href":"https:\/\/soydeaqui.ddns.net\/pachuca\/index.php\/wp-json\/wp\/v2\/product_cat?post=67713"},{"taxonomy":"product_tag","embeddable":true,"href":"https:\/\/soydeaqui.ddns.net\/pachuca\/index.php\/wp-json\/wp\/v2\/product_tag?post=67713"}],"curies":[{"name":"wp","href":"https:\/\/api.w.org\/{rel}","templated":true}]}}