{"id":6686,"date":"2026-03-18T06:46:13","date_gmt":"2026-03-18T06:46:13","guid":{"rendered":"https:\/\/soydeaqui.ddns.net\/pachuca\/index.php\/producto\/sensor-de-pared-para-detectar-presencia-ocupancy-vacancy-180-grados\/"},"modified":"2026-03-18T06:46:13","modified_gmt":"2026-03-18T06:46:13","slug":"sensor-de-pared-para-detectar-presencia-ocupancy-vacancy-180-grados","status":"publish","type":"product","link":"https:\/\/soydeaqui.ddns.net\/pachuca\/index.php\/producto\/sensor-de-pared-para-detectar-presencia-ocupancy-vacancy-180-grados\/","title":{"rendered":"Sensor de pared para detectar presencia Ocupancy\/Vacancy 180 grados."},"content":{"rendered":"<div style='width: 100%; max-width: 1200px; margin: 0 auto; font-family: sans-serif; line-height: 1.6; color: inherit; background-color: transparent;'>\n<div style='display: flex; flex-wrap: wrap; gap: 30px; margin-bottom: 30px;'>\n<div style='flex: 1 1 300px; min-width: 280px;'>\n<h3 style='font-size: 22px; border-bottom: 2px solid currentColor; padding-bottom: 5px; margin-top: 0; color: inherit; opacity: 0.8;'>Descripci\u00f3n<\/h3>\n<p style='font-size: 15px; color: inherit; margin-bottom: 15px; text-align: justify;'>Los sensores de presencia\/vacancia Radio Powr Savr funcionan con los controles de iluminaci\u00f3n <strong style='color: inherit;'>RadioRA\u00ae 2<\/strong> y <strong style='color: inherit;'>VIVE\u00ae<\/strong> para encender las luces cuando alguien entra a una habitaci\u00f3n&comma; y las apaga autom\u00e1ticamente cuando la habitaci\u00f3n est\u00e1 vac\u00eda.<\/p>\n<p style='font-size: 15px; color: inherit; margin-bottom: 15px; text-align: justify;'>Disponibles en configuraciones de montaje en techo&comma; esquina y pasillo para lograr la cobertura adecuada de sensores en cualquier zona.<\/p>\n<p style='font-size: 15px; color: inherit; margin-bottom: 15px; text-align: justify;'>La tecnolog\u00eda inal\u00e1mbrica de estos dispositivos permite instalarlos f\u00e1cilmente en aplicaciones de construcciones nuevas o de retroadaptaci\u00f3n.<\/p>\n<\/p><\/div>\n<\/p><\/div>\n<div style='display: flex; flex-wrap: wrap; gap: 20px; margin-bottom: 30px;'>\n<div style='flex: 1 1 250px; border: 1px solid rgba(150&comma; 150&comma; 150&comma; 0.4); border-radius: 8px; overflow: hidden; display: flex; flex-direction: column;'>\n<div style='padding: 15px; border-bottom: 1px solid rgba(150&comma; 150&comma; 150&comma; 0.2); font-weight: bold; font-size: 18px; color: inherit;'>Aplicaciones<\/div>\n<div style='padding: 15px; color: inherit;'>\n<ul style='padding-left: 20px; margin: 0; font-size: 14px; list-style-type: disc;'>\n<li style='margin-bottom: 5px; text-align: justify; color: inherit;'>Un solo sensor de presencia puede comunicarse con todos los dispositivos de control de la habitaci\u00f3n.<\/li>\n<li style='margin-bottom: 5px; text-align: justify; color: inherit;'>Para su uso en habitaciones grandes y abiertas con pocos obst\u00e1culos altos.<\/li>\n<li style='margin-bottom: 5px; padding-left: 20px; color: inherit;'>Cobertura: 3000 pies<sup>2<\/sup><\/li>\n<li style='margin-bottom: 5px; padding-left: 20px; color: inherit;'>LRF2-OWLB-P-WH Presencia\/vacancia<\/li>\n<\/ul><\/div>\n<\/p><\/div>\n<div style='flex: 1 1 250px; border: 1px solid rgba(150&comma; 150&comma; 150&comma; 0.4); border-radius: 8px; overflow: hidden; display: flex; flex-direction: column;'>\n<div style='padding: 15px; border-bottom: 1px solid rgba(150&comma; 150&comma; 150&comma; 0.2); font-weight: bold; font-size: 18px; color: inherit;'>Integraci\u00f3n<\/div>\n<div style='padding: 15px; color: inherit;'>\n<ul style='padding-left: 20px; margin: 0; font-size: 14px; list-style-type: disc;'>\n<li style='margin-bottom: 5px; text-align: justify; color: inherit;'>Agregue un control inal\u00e1mbrico remoto Pico a un interruptor y controle de forma remota desde la comodidad de una base de mesa o pared.<\/li>\n<li style='margin-bottom: 5px; text-align: justify; color: inherit;'>Integre el interruptor a la antena <strong style='color: inherit;'>HJS0FM de VIVE\u00ae<\/strong> o <strong style='color: inherit;'>RRMAINREP de RadioRa\u00ae2<\/strong> para generar calendarios&comma; escenas&comma; integraci\u00f3n con terceros.<\/li>\n<\/ul><\/div>\n<\/p><\/div>\n<\/p><\/div>\n<div style='display: flex; flex-wrap: wrap; gap: 30px; margin-bottom: 30px;'>\n<div style='flex: 1 1 300px; min-width: 280px;'>\n<h3 style='font-size: 22px; border-bottom: 2px solid currentColor; padding-bottom: 5px; margin-top: 0; color: inherit; opacity: 0.8;'>Recursos<\/h3>\n<ul style='padding-left: 20px; font-size: 14px; color: inherit;'>\n<li style='margin-bottom: 5px; color: inherit;'><a href='https:\/\/youtu.be\/RWt1ZME_uv0' style='color: inherit; text-decoration: underline;'>Video ejemplo de configuraci\u00f3n StandAlone<\/a><\/li>\n<\/ul><\/div>\n<\/p><\/div>\n<div style='display: flex; flex-wrap: wrap; gap: 30px; margin-bottom: 30px;'>\n<div style='flex: 1 1 300px; min-width: 280px;'>\n<h3 style='font-size: 22px; border-bottom: 2px solid currentColor; padding-bottom: 5px; margin-top: 0; color: inherit; opacity: 0.8;'>Imagen del producto<\/h3>\n<p> <img style='width: 100%; height: auto; border: 1px solid rgba(150&comma;150&comma;150&comma;0.3); border-radius: 8px;' src='http:\/\/ftp3.syscom.mx\/usuarios\/yhermosillo\/LUTRON\/Energi\/sensoresdemovimiento.jpg' alt='Sensor de techo Ocupancy\/Vacancy 180\u00ba grados'> <\/div>\n<\/p><\/div>\n<\/p><\/div>\n","protected":false},"excerpt":{"rendered":"<p>Sensor de pared para detectar presencia Ocupancy\/Vacancy 180 grados.<\/p>\n","protected":false},"featured_media":6685,"comment_status":"open","ping_status":"closed","template":"","meta":[],"product_brand":[],"product_cat":[34],"product_tag":[30,35,36],"class_list":{"0":"post-6686","1":"product","2":"type-product","3":"status-publish","4":"has-post-thumbnail","6":"product_cat-lutron","7":"product_tag-automatizacion-casa-inteligente","8":"product_tag-lutron","9":"product_tag-lutron-electronics","11":"first","12":"instock","13":"sale","14":"shipping-taxable","15":"purchasable","16":"product-type-simple"},"_links":{"self":[{"href":"https:\/\/soydeaqui.ddns.net\/pachuca\/index.php\/wp-json\/wp\/v2\/product\/6686","targetHints":{"allow":["GET"]}}],"collection":[{"href":"https:\/\/soydeaqui.ddns.net\/pachuca\/index.php\/wp-json\/wp\/v2\/product"}],"about":[{"href":"https:\/\/soydeaqui.ddns.net\/pachuca\/index.php\/wp-json\/wp\/v2\/types\/product"}],"replies":[{"embeddable":true,"href":"https:\/\/soydeaqui.ddns.net\/pachuca\/index.php\/wp-json\/wp\/v2\/comments?post=6686"}],"wp:featuredmedia":[{"embeddable":true,"href":"https:\/\/soydeaqui.ddns.net\/pachuca\/index.php\/wp-json\/wp\/v2\/media\/6685"}],"wp:attachment":[{"href":"https:\/\/soydeaqui.ddns.net\/pachuca\/index.php\/wp-json\/wp\/v2\/media?parent=6686"}],"wp:term":[{"taxonomy":"product_brand","embeddable":true,"href":"https:\/\/soydeaqui.ddns.net\/pachuca\/index.php\/wp-json\/wp\/v2\/product_brand?post=6686"},{"taxonomy":"product_cat","embeddable":true,"href":"https:\/\/soydeaqui.ddns.net\/pachuca\/index.php\/wp-json\/wp\/v2\/product_cat?post=6686"},{"taxonomy":"product_tag","embeddable":true,"href":"https:\/\/soydeaqui.ddns.net\/pachuca\/index.php\/wp-json\/wp\/v2\/product_tag?post=6686"}],"curies":[{"name":"wp","href":"https:\/\/api.w.org\/{rel}","templated":true}]}}