{"id":6684,"date":"2026-03-18T06:46:10","date_gmt":"2026-03-18T06:46:10","guid":{"rendered":"https:\/\/soydeaqui.ddns.net\/pachuca\/index.php\/producto\/sensor-inalambrico-de-esquina-90-occ-vac-15-2-mts-de-largo-cobertura-ocupancia-y-vacancia\/"},"modified":"2026-03-18T06:46:10","modified_gmt":"2026-03-18T06:46:10","slug":"sensor-inalambrico-de-esquina-90-occ-vac-15-2-mts-de-largo-cobertura-ocupancia-y-vacancia","status":"publish","type":"product","link":"https:\/\/soydeaqui.ddns.net\/pachuca\/index.php\/producto\/sensor-inalambrico-de-esquina-90-occ-vac-15-2-mts-de-largo-cobertura-ocupancia-y-vacancia\/","title":{"rendered":"Sensor inal\u00e1mbrico de esquina 90\u00b0 OCC\/VAC, 15.2 mts de largo, cobertura.  Ocupancia y Vacancia"},"content":{"rendered":"<div style='width: 100%; max-width: 1200px; margin: 0 auto; font-family: sans-serif; line-height: 1.6; color: inherit; background-color: transparent;'>\n<p style='text-align: justify; color: inherit; font-size: 14px; margin: 0 0 15px;'><span style='color: inherit;'>Los sensores de presencia\/vacancia Radio PS&comma; <\/span><strong style='color: inherit;'>funcionan con los controles de iluminaci\u00f3n RadioRA3&comma; VIVE y RA2 Select<\/strong><span style='color: inherit;'>&comma; u otras lineas de LUTRON\u00ae para encender las luces cuando alguien entra a una habitaci\u00f3n&comma; y las apaga autom\u00e1ticamente cuando la habitaci\u00f3n est\u00e1 vac\u00eda.<\/span><\/p>\n<p style='text-align: justify; color: inherit; font-size: 14px; margin: 0 0 15px;'>Disponibles en configuraciones de montaje en techo&comma; esquina y pasillo para lograr la cobertura adecuada de sensores en cualquier habitaci\u00f3n.<\/p>\n<p style='text-align: justify; color: inherit; font-size: 14px; margin: 0 0 15px;'><strong>Sensor presencia&comma; esquina 90 grados.<\/strong><\/p>\n<div style='display: flex; flex-wrap: wrap; gap: 20px; margin: 0 0 30px;'>\n<div style='flex: 1 1 300px; min-width: 280px;'>\n<div style='border-left: 5px solid #0091ff; border-radius: 5px; padding: 15px; box-shadow: 2px 2px 10px rgba(150&comma; 150&comma; 150&comma; 0.3);'> <strong style='color: inherit; font-size: 16px; margin-bottom: 10px; display: block;'>Caracter\u00edsticas principales:<\/strong> <\/p>\n<ul style='padding-left: 20px; font-size: 14px; color: inherit; list-style-type: disc;'>\n<li style='margin-bottom: 5px;'>Un solo sensor de presencia puede comunicarse con todos los dispositivos de control de la habitaci\u00f3n.<\/li>\n<\/ul><\/div>\n<\/p><\/div>\n<div style='flex: 1 1 300px; min-width: 280px;'>\n<div style='border-left: 5px solid #0091ff; border-radius: 5px; padding: 15px; box-shadow: 2px 2px 10px rgba(150&comma; 150&comma; 150&comma; 0.3);'>\n<p style='text-align: justify; color: inherit; font-size: 16px; margin: 0 0 10px;'><strong>Cobertura:<\/strong><\/p>\n<ul style='padding-left: 20px; font-size: 14px; color: inherit; list-style-type: disc;'>\n<li style='margin-bottom: 5px;'>Para su uso en habitaciones abiertas medianas a grandes con pocos obst\u00e1culos altos.<\/li>\n<li style='margin-bottom: 5px;'>Cobertura: 2500 pies\u00b2<\/li>\n<li style='margin-bottom: 5px;'>Presencia\/vacancia<\/li>\n<\/ul><\/div>\n<\/p><\/div>\n<div style='flex: 1 1 300px; min-width: 280px;'>\n<div style='border-left: 5px solid #0091ff; border-radius: 5px; padding: 15px; box-shadow: 2px 2px 10px rgba(150&comma; 150&comma; 150&comma; 0.3);'>\n<p style='text-align: justify; color: inherit; font-size: 16px; margin: 0 0 10px;'><strong>Dimensiones:<\/strong><\/p>\n<ul style='padding-left: 20px; font-size: 14px; color: inherit; list-style-type: disc;'>\n<li style='margin-bottom: 5px;'>Ancho: 46 mm (1&comma;8 in)<\/li>\n<li style='margin-bottom: 5px;'>Alto: 110 mm (4&comma;35 in)<\/li>\n<li style='margin-bottom: 5px;'>Profundidad: 34 mm (1&comma;35 in)<\/li>\n<li style='margin-bottom: 5px;'>Video ejemplo de <a href='https:\/\/youtu.be\/RWt1ZME_uv0' style='color: #0091ff; text-decoration: none;'>configuracion StandAlone<\/a><\/li>\n<\/ul><\/div>\n<\/p><\/div>\n<\/p><\/div>\n<p> <!-- Im\u00e1genes --> <\/p>\n<div style='display: flex; flex-wrap: wrap; gap: 15px; margin: 30px 0;'>\n<div style='flex: 1 1 300px; min-width: 280px;'> <img style='width: 100%; height: auto; border: 1px solid rgba(150&comma;150&comma;150&comma;0.3); border-radius: 8px;' src='https:\/\/i.ibb.co\/94pxLzy\/tablasensor90180.jpg' alt=''> <\/div>\n<div style='flex: 1 1 300px; min-width: 280px;'> <img style='width: 100%; height: auto; border: 1px solid rgba(150&comma;150&comma;150&comma;0.3); border-radius: 8px;' src='https:\/\/i.ibb.co\/5MF650W\/sensor90180.jpg' alt=''> <\/div>\n<div style='flex: 1 1 300px; min-width: 280px;'> <img style='width: 100%; height: auto; border: 1px solid rgba(150&comma;150&comma;150&comma;0.3); border-radius: 8px;' src='http:\/\/ftp3.syscom.mx\/usuarios\/yhermosillo\/LUTRON\/Energi\/sensoresdemovimiento.jpg' alt=''> <\/div>\n<\/p><\/div>\n<p> <!-- Video --> <\/p>\n<div style='position: relative; padding-bottom: 56.25%; height: 0; overflow: hidden; margin: 30px 0;'>   <\/div>\n<\/p><\/div>\n","protected":false},"excerpt":{"rendered":"<p>Sensor inal\u00e1mbrico de esquina 90\u00b0 OCC\/VAC, 15.2 mts de largo, cobertura.  Ocupancia y Vacancia<\/p>\n","protected":false},"featured_media":6683,"comment_status":"open","ping_status":"closed","template":"","meta":[],"product_brand":[],"product_cat":[34],"product_tag":[30,35,36],"class_list":{"0":"post-6684","1":"product","2":"type-product","3":"status-publish","4":"has-post-thumbnail","6":"product_cat-lutron","7":"product_tag-automatizacion-casa-inteligente","8":"product_tag-lutron","9":"product_tag-lutron-electronics","11":"first","12":"instock","13":"sale","14":"shipping-taxable","15":"purchasable","16":"product-type-simple"},"_links":{"self":[{"href":"https:\/\/soydeaqui.ddns.net\/pachuca\/index.php\/wp-json\/wp\/v2\/product\/6684","targetHints":{"allow":["GET"]}}],"collection":[{"href":"https:\/\/soydeaqui.ddns.net\/pachuca\/index.php\/wp-json\/wp\/v2\/product"}],"about":[{"href":"https:\/\/soydeaqui.ddns.net\/pachuca\/index.php\/wp-json\/wp\/v2\/types\/product"}],"replies":[{"embeddable":true,"href":"https:\/\/soydeaqui.ddns.net\/pachuca\/index.php\/wp-json\/wp\/v2\/comments?post=6684"}],"wp:featuredmedia":[{"embeddable":true,"href":"https:\/\/soydeaqui.ddns.net\/pachuca\/index.php\/wp-json\/wp\/v2\/media\/6683"}],"wp:attachment":[{"href":"https:\/\/soydeaqui.ddns.net\/pachuca\/index.php\/wp-json\/wp\/v2\/media?parent=6684"}],"wp:term":[{"taxonomy":"product_brand","embeddable":true,"href":"https:\/\/soydeaqui.ddns.net\/pachuca\/index.php\/wp-json\/wp\/v2\/product_brand?post=6684"},{"taxonomy":"product_cat","embeddable":true,"href":"https:\/\/soydeaqui.ddns.net\/pachuca\/index.php\/wp-json\/wp\/v2\/product_cat?post=6684"},{"taxonomy":"product_tag","embeddable":true,"href":"https:\/\/soydeaqui.ddns.net\/pachuca\/index.php\/wp-json\/wp\/v2\/product_tag?post=6684"}],"curies":[{"name":"wp","href":"https:\/\/api.w.org\/{rel}","templated":true}]}}