{"id":66738,"date":"2026-03-19T09:08:47","date_gmt":"2026-03-19T09:08:47","guid":{"rendered":"https:\/\/soydeaqui.ddns.net\/pachuca\/index.php\/producto\/carga-terminal-de-50-ohm-1-2-watt-en-conector-bnc-macho\/"},"modified":"2026-03-19T09:08:48","modified_gmt":"2026-03-19T09:08:48","slug":"carga-terminal-de-50-ohm-1-2-watt-en-conector-bnc-macho","status":"publish","type":"product","link":"https:\/\/soydeaqui.ddns.net\/pachuca\/index.php\/producto\/carga-terminal-de-50-ohm-1-2-watt-en-conector-bnc-macho\/","title":{"rendered":"Carga Terminal de 50 Ohm, 1\/2 Watt en conector BNC Macho."},"content":{"rendered":"<div style='width: 100%; max-width: 1200px; margin: 0 auto; font-family: sans-serif; line-height: 1.6; color: inherit; background-color: transparent;'> <!-- Secci\u00f3n de caracter\u00edsticas principales --> <\/p>\n<div style='display: flex; flex-wrap: wrap; gap: 30px; margin-bottom: 30px;'>\n<div style='flex: 1 1 300px; min-width: 280px;'>\n<h3 style='font-size: 22px; border-bottom: 2px solid currentColor; padding-bottom: 5px; margin-top: 0; color: inherit; opacity: 0.8;'>Caracter\u00edsticas El\u00e9ctricas<\/h3>\n<ul style='padding-left: 20px; font-size: 15px; color: inherit;'>\n<li style='margin-bottom: 5px;'><strong>Banda de Frecuencia:<\/strong> 0 &#8211; 1000 MHz<\/li>\n<li style='margin-bottom: 5px;'><strong>Potencia de Entrada (M\u00e1x.):<\/strong> 0.5 W<\/li>\n<li style='margin-bottom: 5px;'><strong>P\u00e9rdida por Retorno (Min.):<\/strong> 26 dB<\/li>\n<li style='margin-bottom: 5px;'><strong>Impedancia (Nom.):<\/strong> 50 \u03a9<\/li>\n<\/ul><\/div>\n<div style='flex: 1 1 300px; min-width: 280px;'>\n<h3 style='font-size: 22px; border-bottom: 2px solid currentColor; padding-bottom: 5px; margin-top: 0; color: inherit; opacity: 0.8;'>Caracter\u00edsticas Mec\u00e1nicas<\/h3>\n<ul style='padding-left: 20px; font-size: 15px; color: inherit;'>\n<li style='margin-bottom: 5px;'><strong>Tipo de Conector RF:<\/strong> BNC Macho<\/li>\n<li style='margin-bottom: 5px;'><strong>Acabado:<\/strong> Pulido<\/li>\n<li style='margin-bottom: 5px;'><strong>Disipador de Temperatura:<\/strong> Aluminio<\/li>\n<li style='margin-bottom: 5px;'><strong>Tama\u00f1o Total (Alto x Ancho):<\/strong> 25 x 32 mm<\/li>\n<li style='margin-bottom: 5px;'><strong>Peso Neto:<\/strong> 0 kg<\/li>\n<li style='margin-bottom: 5px;'><strong>Peso de Env\u00edo:<\/strong> 0.1 kg<\/li>\n<\/ul><\/div>\n<div style='flex: 1 1 300px; min-width: 280px;'>\n<h3 style='font-size: 22px; border-bottom: 2px solid currentColor; padding-bottom: 5px; margin-top: 0; color: inherit; opacity: 0.8;'>Caracter\u00edsticas Ambientales<\/h3>\n<ul style='padding-left: 20px; font-size: 15px; color: inherit;'>\n<li style='margin-bottom: 5px;'><strong>Rango de Temperatura de Operaci\u00f3n:<\/strong> -30\u00baC a +60\u00baC<\/li>\n<li style='margin-bottom: 5px;'><strong>Rango de Temperatura de Almacenamiento:<\/strong> -40\u00baC a +100\u00baC<\/li>\n<li style='margin-bottom: 5px;'><strong>Rango de Humedad de Operaci\u00f3n:<\/strong> 90% Sin condensaci\u00f3n<\/li>\n<\/ul><\/div>\n<\/p><\/div>\n<p> <!-- Secci\u00f3n de caracter\u00edsticas t\u00e9cnicas --> <\/p>\n<div style='display: flex; flex-wrap: wrap; gap: 20px; margin-bottom: 30px;'>\n<div style='flex: 1 1 250px; border: 1px solid rgba(150&comma; 150&comma; 150&comma; 0.4); border-radius: 8px; overflow: hidden; display: flex; flex-direction: column;'>\n<div style='padding: 15px; border-bottom: 1px solid rgba(150&comma; 150&comma; 150&comma; 0.2); font-weight: bold; font-size: 18px; color: inherit;'>Caracter\u00edsticas T\u00e9cnicas<\/div>\n<div style='padding: 15px; color: inherit;'>\n<ul style='padding-left: 20px; margin: 0; font-size: 14px; list-style-type: disc;'>\n<li style='margin-bottom: 5px;'>Impedancia de 50\u03a9 para coincidencia eficiente en todas las aplicaciones<\/li>\n<li style='margin-bottom: 5px;'>26 dB de p\u00e9rdida de retorno hasta 1 GHz<\/li>\n<li style='margin-bottom: 5px;'>Gran \u00e1rea de superficie para disipaci\u00f3n adecuada del calor<\/li>\n<\/ul><\/div>\n<\/p><\/div>\n<div style='flex: 1 1 250px; border: 1px solid rgba(150&comma; 150&comma; 150&comma; 0.4); border-radius: 8px; overflow: hidden; display: flex; flex-direction: column;'>\n<div style='padding: 15px; border-bottom: 1px solid rgba(150&comma; 150&comma; 150&comma; 0.2); font-weight: bold; font-size: 18px; color: inherit;'>Construcci\u00f3n<\/div>\n<div style='padding: 15px; color: inherit;'>\n<ul style='padding-left: 20px; margin: 0; font-size: 14px; list-style-type: disc;'>\n<li style='margin-bottom: 5px;'>Disipador de calor de aluminio con aletas<\/li>\n<li style='margin-bottom: 5px;'>Construcci\u00f3n en bronce niquelado<\/li>\n<\/ul><\/div>\n<\/p><\/div>\n<div style='flex: 1 1 250px; border: 1px solid rgba(150&comma; 150&comma; 150&comma; 0.4); border-radius: 8px; overflow: hidden; display: flex; flex-direction: column;'>\n<div style='padding: 15px; border-bottom: 1px solid rgba(150&comma; 150&comma; 150&comma; 0.2); font-weight: bold; font-size: 18px; color: inherit;'>Opciones Disponibles<\/div>\n<div style='padding: 15px; color: inherit;'>\n<ul style='padding-left: 20px; margin: 0; font-size: 14px; list-style-type: disc;'>\n<li style='margin-bottom: 5px;'>Conectores disponibles: N&comma; BNC&comma; 7\/16 DIN&comma; C&comma; Mini SMP&comma; QMA&comma; SMA&comma; SMB&comma; SMC&comma; SMP y TNC<\/li>\n<li style='margin-bottom: 5px;'>Disponible en versiones macho y hembra<\/li>\n<li style='margin-bottom: 5px;'>Clasificaciones de potencia: 0.5W&comma; 15W&comma; 30W&comma; 60W&comma; 75W&comma; 100W&comma; 125W&comma; 150W&comma; 250W y 300W<\/li>\n<\/ul><\/div>\n<\/p><\/div>\n<\/p><\/div>\n<p> <!-- Nota importante --> <\/p>\n<div style='background-color: rgba(150&comma; 150&comma; 150&comma; 0.05); border-left: 4px solid rgba(150&comma; 150&comma; 150&comma; 0.4); padding: 15px; margin-bottom: 30px;'>\n<p style='margin: 0; font-size: 15px; color: inherit;'><strong>Nota:<\/strong> Todas las especificaciones del producto est\u00e1n sujetas a cambio sin previo aviso. *Consulte por Tiempo de Entrega.<\/p>\n<\/p><\/div>\n<p> <!-- Separador --> <\/p>\n<hr style='border: 0; border-top: 1px solid rgba(150&comma; 150&comma; 150&comma; 0.3); margin: 30px 0;'> <\/div>\n","protected":false},"excerpt":{"rendered":"<p>Carga Terminal de 50 Ohm, 1\/2 Watt en conector BNC Macho.<\/p>\n","protected":false},"featured_media":66737,"comment_status":"open","ping_status":"closed","template":"","meta":[],"product_brand":[],"product_cat":[1635],"product_tag":[1636,1637,931],"class_list":{"0":"post-66738","1":"product","2":"type-product","3":"status-publish","4":"has-post-thumbnail","6":"product_cat-cargas-fantasma","7":"product_tag-cargas-fantasma","8":"product_tag-emr-corporation","9":"product_tag-equipo-de-laboratorio","11":"first","12":"outofstock","13":"sale","14":"shipping-taxable","15":"purchasable","16":"product-type-simple"},"_links":{"self":[{"href":"https:\/\/soydeaqui.ddns.net\/pachuca\/index.php\/wp-json\/wp\/v2\/product\/66738","targetHints":{"allow":["GET"]}}],"collection":[{"href":"https:\/\/soydeaqui.ddns.net\/pachuca\/index.php\/wp-json\/wp\/v2\/product"}],"about":[{"href":"https:\/\/soydeaqui.ddns.net\/pachuca\/index.php\/wp-json\/wp\/v2\/types\/product"}],"replies":[{"embeddable":true,"href":"https:\/\/soydeaqui.ddns.net\/pachuca\/index.php\/wp-json\/wp\/v2\/comments?post=66738"}],"wp:featuredmedia":[{"embeddable":true,"href":"https:\/\/soydeaqui.ddns.net\/pachuca\/index.php\/wp-json\/wp\/v2\/media\/66737"}],"wp:attachment":[{"href":"https:\/\/soydeaqui.ddns.net\/pachuca\/index.php\/wp-json\/wp\/v2\/media?parent=66738"}],"wp:term":[{"taxonomy":"product_brand","embeddable":true,"href":"https:\/\/soydeaqui.ddns.net\/pachuca\/index.php\/wp-json\/wp\/v2\/product_brand?post=66738"},{"taxonomy":"product_cat","embeddable":true,"href":"https:\/\/soydeaqui.ddns.net\/pachuca\/index.php\/wp-json\/wp\/v2\/product_cat?post=66738"},{"taxonomy":"product_tag","embeddable":true,"href":"https:\/\/soydeaqui.ddns.net\/pachuca\/index.php\/wp-json\/wp\/v2\/product_tag?post=66738"}],"curies":[{"name":"wp","href":"https:\/\/api.w.org\/{rel}","templated":true}]}}