{"id":66565,"date":"2026-03-19T09:02:22","date_gmt":"2026-03-19T09:02:22","guid":{"rendered":"https:\/\/soydeaqui.ddns.net\/pachuca\/index.php\/producto\/microfono-para-radio-movil-con-conector-redondo-para-radio-motorola-dgm4100-dgm6100\/"},"modified":"2026-03-19T09:02:43","modified_gmt":"2026-03-19T09:02:43","slug":"microfono-para-radio-movil-con-conector-redondo-para-radio-motorola-dgm4100-dgm6100","status":"publish","type":"product","link":"https:\/\/soydeaqui.ddns.net\/pachuca\/index.php\/producto\/microfono-para-radio-movil-con-conector-redondo-para-radio-motorola-dgm4100-dgm6100\/","title":{"rendered":"Micr\u00f3fono para radio m\u00f3vil con conector redondo para radio Motorola DGM4100, DGM6100"},"content":{"rendered":"<div style='width: 100%; max-width: 1200px; margin: 0 auto; font-family: sans-serif; line-height: 1.6; color: inherit; background-color: transparent;'> <!-- Secci\u00f3n de compatibilidad --> <\/p>\n<div style='display: flex; flex-wrap: wrap; gap: 30px; margin-bottom: 30px;'>\n<div style='flex: 1 1 300px; min-width: 280px;'>\n<h3 style='font-size: 22px; border-bottom: 2px solid currentColor; padding-bottom: 5px; margin-top: 0; color: inherit; opacity: 0.8;'>Compatibilidad<\/h3>\n<ul style='padding-left: 20px; font-size: 15px; color: inherit;'>\n<li style='margin-bottom: 5px;'>DGM4100<\/li>\n<li style='margin-bottom: 5px;'>DGM6100<\/li>\n<li style='margin-bottom: 5px;'>XPR4550&comma; XPR4580 (radios m\u00f3viles con pantalla)<\/li>\n<li style='margin-bottom: 5px;'>XPR4350&comma; XPR4380 (radios m\u00f3viles de pantalla num\u00e9rica)<\/li>\n<li style='margin-bottom: 5px;'>XPR5380&comma; XPR5580&comma; XPR5350&comma; XPR5550\/E<\/li>\n<li style='margin-bottom: 5px;'>Series DM&comma; DGM&comma; XIR<\/li>\n<\/ul><\/div>\n<\/p><\/div>\n<p> <!-- Secci\u00f3n de caracter\u00edsticas --> <\/p>\n<div style='display: flex; flex-wrap: wrap; gap: 30px; margin-bottom: 30px;'>\n<div style='flex: 1 1 300px; min-width: 280px;'>\n<h3 style='font-size: 22px; border-bottom: 2px solid currentColor; padding-bottom: 5px; margin-top: 0; color: inherit; opacity: 0.8;'>Caracter\u00edsticas<\/h3>\n<p style='font-size: 15px; color: inherit; margin-bottom: 15px;'> Alternativa para el modelo original: <br \/> <span style='color: inherit; font-size: 1.2rem; text-transform: uppercase;'>RMN5052<\/span> <\/p>\n<ul style='padding-left: 20px; font-size: 15px; color: inherit;'>\n<li style='margin-bottom: 5px;'>Dise\u00f1ado para radios m\u00f3viles Motorola&comma; este micr\u00f3fono m\u00f3vil est\u00e1ndar proporciona la funcionalidad pulsar para hablar (PTT) para controlar una radio m\u00f3vil. La conexi\u00f3n multipolo mantiene el micr\u00f3fono de forma segura en su lugar.<\/li>\n<li style='margin-bottom: 5px;'>Norma IP54 \u2013 sellado contra polvo y l\u00edquido.<\/li>\n<li style='margin-bottom: 5px;'>Bot\u00f3n PTT f\u00e1cil de operar incluso al traer guantes en bajas temperaturas.<\/li>\n<\/ul><\/div>\n<\/p><\/div>\n<p> <!-- Secci\u00f3n de especificaciones del cable --> <\/p>\n<div style='display: flex; flex-wrap: wrap; gap: 20px; margin-bottom: 30px;'>\n<div style='flex: 1 1 250px; border: 1px solid rgba(150&comma; 150&comma; 150&comma; 0.4); border-radius: 8px; overflow: hidden; display: flex; flex-direction: column;'>\n<div style='padding: 15px; border-bottom: 1px solid rgba(150&comma; 150&comma; 150&comma; 0.2); font-weight: bold; font-size: 18px; color: inherit;'>Especificaciones del cable<\/div>\n<div style='padding: 15px; color: inherit;'>\n<ul style='padding-left: 20px; margin: 0; font-size: 14px; list-style-type: disc;'>\n<li style='margin-bottom: 5px;'>Cables reforzados con Kevlar<\/li>\n<li style='margin-bottom: 5px;'>Cable terso de PU color satinado es m\u00e1s terso&comma; no se enreda y de grado m\u00e9dico&comma; m\u00e1s flexible no se deforma aunque le jalen constantemente&comma; no irrita y c\u00f3modo de usar.<\/li>\n<li style='margin-bottom: 5px;'>40 kg resultado de la prueba de jal\u00f3n del cable<\/li>\n<li style='margin-bottom: 5px;'>Retr\u00e1ctil: vuelve a su estado original<\/li>\n<li style='margin-bottom: 5px;'>Con doble troquelado en el lado del conector reforzado en el PTT y bocina<\/li>\n<\/ul><\/div>\n<\/p><\/div>\n<\/p><\/div>\n<p> <!-- Separador --> <\/p>\n<hr style='border: 0; border-top: 1px solid rgba(150&comma; 150&comma; 150&comma; 0.3); margin: 30px 0;'> <\/div>\n","protected":false},"excerpt":{"rendered":"<p>Micr\u00f3fono para radio m\u00f3vil con conector redondo para radio Motorola DGM4100, DGM6100<\/p>\n","protected":false},"featured_media":66564,"comment_status":"open","ping_status":"closed","template":"","meta":[],"product_brand":[],"product_cat":[1706],"product_tag":[1614,1518,1930],"class_list":{"0":"post-66565","1":"product","2":"type-product","3":"status-publish","4":"has-post-thumbnail","6":"product_cat-microfono-audifono-accesorios-para-motorola","7":"product_tag-accesorios-para-motorola","8":"product_tag-microfono-audifono","9":"product_tag-phox","11":"first","12":"outofstock","13":"sale","14":"shipping-taxable","15":"purchasable","16":"product-type-simple"},"_links":{"self":[{"href":"https:\/\/soydeaqui.ddns.net\/pachuca\/index.php\/wp-json\/wp\/v2\/product\/66565","targetHints":{"allow":["GET"]}}],"collection":[{"href":"https:\/\/soydeaqui.ddns.net\/pachuca\/index.php\/wp-json\/wp\/v2\/product"}],"about":[{"href":"https:\/\/soydeaqui.ddns.net\/pachuca\/index.php\/wp-json\/wp\/v2\/types\/product"}],"replies":[{"embeddable":true,"href":"https:\/\/soydeaqui.ddns.net\/pachuca\/index.php\/wp-json\/wp\/v2\/comments?post=66565"}],"wp:featuredmedia":[{"embeddable":true,"href":"https:\/\/soydeaqui.ddns.net\/pachuca\/index.php\/wp-json\/wp\/v2\/media\/66564"}],"wp:attachment":[{"href":"https:\/\/soydeaqui.ddns.net\/pachuca\/index.php\/wp-json\/wp\/v2\/media?parent=66565"}],"wp:term":[{"taxonomy":"product_brand","embeddable":true,"href":"https:\/\/soydeaqui.ddns.net\/pachuca\/index.php\/wp-json\/wp\/v2\/product_brand?post=66565"},{"taxonomy":"product_cat","embeddable":true,"href":"https:\/\/soydeaqui.ddns.net\/pachuca\/index.php\/wp-json\/wp\/v2\/product_cat?post=66565"},{"taxonomy":"product_tag","embeddable":true,"href":"https:\/\/soydeaqui.ddns.net\/pachuca\/index.php\/wp-json\/wp\/v2\/product_tag?post=66565"}],"curies":[{"name":"wp","href":"https:\/\/api.w.org\/{rel}","templated":true}]}}