{"id":66464,"date":"2026-03-19T08:58:52","date_gmt":"2026-03-19T08:58:52","guid":{"rendered":"https:\/\/soydeaqui.ddns.net\/pachuca\/index.php\/producto\/opcion-de-software-para-banda-lateral-sencilla-en-analizadores-r8000-r8100\/"},"modified":"2026-03-19T08:58:54","modified_gmt":"2026-03-19T08:58:54","slug":"opcion-de-software-para-banda-lateral-sencilla-en-analizadores-r8000-r8100","status":"publish","type":"product","link":"https:\/\/soydeaqui.ddns.net\/pachuca\/index.php\/producto\/opcion-de-software-para-banda-lateral-sencilla-en-analizadores-r8000-r8100\/","title":{"rendered":"Opci\u00f3n de Software para Banda Lateral Sencilla en Analizadores R8000 \/ R8100."},"content":{"rendered":"<div style='width: 100%; max-width: 1200px; margin: 0 auto; font-family: sans-serif; line-height: 1.6; color: inherit; background-color: transparent;'>\n<div style='display: flex; flex-wrap: wrap; gap: 30px; margin-bottom: 30px;'>\n<div style='flex: 1 1 300px; min-width: 280px;'>\n<h3 style='font-size: 22px; border-bottom: 2px solid currentColor; padding-bottom: 5px; margin-top: 0; color: inherit; opacity: 0.8;'>Caracter\u00edsticas Principales<\/h3>\n<ul style='padding-left: 20px; font-size: 15px; color: inherit;'>\n<li style='margin-bottom: 5px;'>Opci\u00f3n de Software para Banda Lateral Sencilla en Analizadores R8000 \/ R8100<\/li>\n<li style='margin-bottom: 5px;'>Referencia: R8-SSB<\/li>\n<\/ul><\/div>\n<\/p><\/div>\n<div style='display: flex; flex-wrap: wrap; gap: 20px; margin-bottom: 30px;'>\n<div style='flex: 1 1 250px; border: 1px solid rgba(150&comma; 150&comma; 150&comma; 0.4); border-radius: 8px; overflow: hidden; display: flex; flex-direction: column;'>\n<div style='padding: 15px; border-bottom: 1px solid rgba(150&comma; 150&comma; 150&comma; 0.2); font-weight: bold; font-size: 18px; color: inherit;'>Opciones de Software<\/div>\n<div style='padding: 15px; color: inherit;'>\n<ul style='padding-left: 20px; margin: 0; font-size: 14px; list-style-type: disc;'>\n<li style='margin-bottom: 5px;'>R8-P25 &#8211; APCO Project 25 Phase 1<\/li>\n<li style='margin-bottom: 5px;'>R8-P25TRNK &#8211; APCO Project 25 Phase 1 Trunking (requiere R8-P25)<\/li>\n<li style='margin-bottom: 5px;'>R8-P25_II &#8211; APCO Project 25 Phase 2<\/li>\n<li style='margin-bottom: 5px;'>R8-P25_VOC &#8211; P25 Vocoder<\/li>\n<li style='margin-bottom: 5px;'>R8-P25_EXP &#8211; P25 Explicit Mode Trunking<\/li>\n<li style='margin-bottom: 5px;'>R8-DMR &#8211; DMR conventional (Tier 2)<\/li>\n<li style='margin-bottom: 5px;'>R8-NXDN &#8211; NXDN<\/li>\n<li style='margin-bottom: 5px;'>R8-NXDNTYPC &#8211; NXDN &#8216;Type C&#8217; Trunking<\/li>\n<\/ul><\/div>\n<\/p><\/div>\n<div style='flex: 1 1 250px; border: 1px solid rgba(150&comma; 150&comma; 150&comma; 0.4); border-radius: 8px; overflow: hidden; display: flex; flex-direction: column;'>\n<div style='padding: 15px; border-bottom: 1px solid rgba(150&comma; 150&comma; 150&comma; 0.2); font-weight: bold; font-size: 18px; color: inherit;'>Opciones de AutoTune<\/div>\n<div style='padding: 15px; color: inherit;'>\n<ul style='padding-left: 20px; margin: 0; font-size: 14px; list-style-type: disc;'>\n<li style='margin-bottom: 5px;'>R8-AT_TRBO &#8211; AutoTune para MOTOTRO Mobiles y Portables (Excepto SL300)<\/li>\n<li style='margin-bottom: 5px;'>R8-AT_XTL &#8211; AutoTune para XTL 1500\/2500\/5000 Mobiles<\/li>\n<li style='margin-bottom: 5px;'>R8-AT_XTS &#8211; AutoTune para XTS 1500\/2500\/5000 Portables<\/li>\n<li style='margin-bottom: 5px;'>R8-AT_APX &#8211; AutoTune para APX 1000\/2000\/4000\/6000\/7000 Series Mobiles y Portables<\/li>\n<li style='margin-bottom: 5px;'>R8-AT_KWNX &#8211; AutoTune para Kenwood NX Series Mobiles y Portables<\/li>\n<\/ul><\/div>\n<\/p><\/div>\n<div style='flex: 1 1 250px; border: 1px solid rgba(150&comma; 150&comma; 150&comma; 0.4); border-radius: 8px; overflow: hidden; display: flex; flex-direction: column;'>\n<div style='padding: 15px; border-bottom: 1px solid rgba(150&comma; 150&comma; 150&comma; 0.2); font-weight: bold; font-size: 18px; color: inherit;'>Opciones de Software Adicionales<\/div>\n<div style='padding: 15px; color: inherit;'>\n<ul style='padding-left: 20px; margin: 0; font-size: 14px; list-style-type: disc;'>\n<li style='margin-bottom: 5px;'>R8-3G &#8211; 3 GHz Operation<\/li>\n<li style='margin-bottom: 5px;'>R8-CF &#8211; Localizador de Fallas en Cable<\/li>\n<li style='margin-bottom: 5px;'>R8-Remote &#8211; Software de Control Remoto<\/li>\n<li style='margin-bottom: 5px;'>R8-TG &#8211; Generador de Seguimiento<\/li>\n<li style='margin-bottom: 5px;'>R8-ESA &#8211; Analizador de Espectro Mejorado \/ Doble Pantalla<\/li>\n<li style='margin-bottom: 5px;'>R8-GEN_EXT &#8211; Rango Extendido de Generador (disponible Q1 2018)<\/li>\n<\/ul><\/div>\n<\/p><\/div>\n<\/p><\/div>\n<div style='display: flex; flex-wrap: wrap; gap: 20px; margin-bottom: 30px;'>\n<div style='flex: 1 1 250px; border: 1px solid rgba(150&comma; 150&comma; 150&comma; 0.4); border-radius: 8px; overflow: hidden; display: flex; flex-direction: column;'>\n<div style='padding: 15px; border-bottom: 1px solid rgba(150&comma; 150&comma; 150&comma; 0.2); font-weight: bold; font-size: 18px; color: inherit;'>Planes de Servicio<\/div>\n<div style='padding: 15px; color: inherit;'>\n<ul style='padding-left: 20px; margin: 0; font-size: 14px; list-style-type: disc;'>\n<li style='margin-bottom: 5px;'>R8-3Y &#8211; Plan de Servicio de 3 A\u00f1os<\/li>\n<li style='margin-bottom: 5px;'>R8-5Y &#8211; Plan de Servicio de 5 A\u00f1os<\/li>\n<li style='margin-bottom: 5px;'>R8-5Y Upgrade &#8211; Actualizaci\u00f3n de Plan de Servicio de 5 A\u00f1os para R8000-1G Premier (actualizaci\u00f3n desde 3 a\u00f1os)<\/li>\n<\/ul><\/div>\n<\/p><\/div>\n<div style='flex: 1 1 250px; border: 1px solid rgba(150&comma; 150&comma; 150&comma; 0.4); border-radius: 8px; overflow: hidden; display: flex; flex-direction: column;'>\n<div style='padding: 15px; border-bottom: 1px solid rgba(150&comma; 150&comma; 150&comma; 0.2); font-weight: bold; font-size: 18px; color: inherit;'>Accesorios de Alimentaci\u00f3n<\/div>\n<div style='padding: 15px; color: inherit;'>\n<ul style='padding-left: 20px; margin: 0; font-size: 14px; list-style-type: disc;'>\n<li style='margin-bottom: 5px;'>BATT8100 &#8211; Bater\u00eda de Repuesto para R8100 (una incluida con R8100)<\/li>\n<li style='margin-bottom: 5px;'>CHRG8100 &#8211; Cargador de Escritorio R\u00e1pido para bater\u00eda R8100<\/li>\n<li style='margin-bottom: 5px;'>BATT8000 &#8211; Kit de Bater\u00eda para R8000&comma; Li-ION&comma; capacidad media (incluye funda de protecci\u00f3n R8-HC)<\/li>\n<li style='margin-bottom: 5px;'>BAT-BP90 &#8211; Bater\u00eda de Repuesto de Capacidad Media para R8000<\/li>\n<\/ul><\/div>\n<\/p><\/div>\n<div style='flex: 1 1 250px; border: 1px solid rgba(150&comma; 150&comma; 150&comma; 0.4); border-radius: 8px; overflow: hidden; display: flex; flex-direction: column;'>\n<div style='padding: 15px; border-bottom: 1px solid rgba(150&comma; 150&comma; 150&comma; 0.2); font-weight: bold; font-size: 18px; color: inherit;'>Accesorios de Transporte<\/div>\n<div style='padding: 15px; color: inherit;'>\n<ul style='padding-left: 20px; margin: 0; font-size: 14px; list-style-type: disc;'>\n<li style='margin-bottom: 5px;'>R8-SC &#8211; Funda Suave de Transporte<\/li>\n<li style='margin-bottom: 5px;'>R8-TC &#8211; Maleta de Transporte con espuma moldeada para R8000\/R8100<\/li>\n<li style='margin-bottom: 5px;'>R8-TSC &#8211; Maleta de Transporte con espuma moldeada para funda blanda (R8-SC)<\/li>\n<\/ul><\/div>\n<\/p><\/div>\n<\/p><\/div>\n<hr style='border: 0; border-top: 1px solid rgba(150&comma; 150&comma; 150&comma; 0.3); margin: 30px 0;'>\n<div style='display: flex; flex-wrap: wrap; gap: 20px; margin-bottom: 30px;'>\n<div style='flex: 1 1 250px; border: 1px solid rgba(150&comma; 150&comma; 150&comma; 0.4); border-radius: 8px; overflow: hidden; display: flex; flex-direction: column;'>\n<div style='padding: 15px; border-bottom: 1px solid rgba(150&comma; 150&comma; 150&comma; 0.2); font-weight: bold; font-size: 18px; color: inherit;'>Accesorios de AutoTune<\/div>\n<div style='padding: 15px; color: inherit;'>\n<ul style='padding-left: 20px; margin: 0; font-size: 14px; list-style-type: disc;'>\n<li style='margin-bottom: 5px;'>Harris XG-75P &#8211; Kit de Accesorios AutoTune para Harris XG-75P Portables (incluye \u00edtems con \u2779)<\/li>\n<li style='margin-bottom: 5px;'>202161-01 &#8211; Breakout Box para Pruebas de Audio AutoTune de Motorola APX &#038; XTL<\/li>\n<li style='margin-bottom: 5px;'>Harris XG-75M &#8211; Kit de Accesorios AutoTune para Harris XG-75M &#038; M7300 Mobiles (incluye \u00edtems con \u277a)<\/li>\n<li style='margin-bottom: 5px;'>202161-02 &#8211; Breakout Box para Harris XG-75M &#038; M7300 Mobiles<\/li>\n<\/ul><\/div>\n<\/p><\/div>\n<div style='flex: 1 1 250px; border: 1px solid rgba(150&comma; 150&comma; 150&comma; 0.4); border-radius: 8px; overflow: hidden; display: flex; flex-direction: column;'>\n<div style='padding: 15px; border-bottom: 1px solid rgba(150&comma; 150&comma; 150&comma; 0.2); font-weight: bold; font-size: 18px; color: inherit;'>Accesorios Miscel\u00e1neos<\/div>\n<div style='padding: 15px; color: inherit;'>\n<ul style='padding-left: 20px; margin: 0; font-size: 14px; list-style-type: disc;'>\n<li style='margin-bottom: 5px;'>R8-VSWR &#8211; Kit de Puente de P\u00e9rdida de Antena<\/li>\n<li style='margin-bottom: 5px;'>R8-FT7 &#8211; Paquete de Software de Prueba en Campo (STI Field Test 7)<\/li>\n<li style='margin-bottom: 5px;'>R8-CF-HW &#8211; Hardware de Localizador de Fallas en Cable<\/li>\n<li style='margin-bottom: 5px;'>VM-10042 &#8211; Micr\u00f3fono<\/li>\n<\/ul><\/div>\n<\/p><\/div>\n<\/p><\/div>\n<\/p><\/div>\n","protected":false},"excerpt":{"rendered":"<p>Opci\u00f3n de Software para Banda Lateral Sencilla en Analizadores R8000 \/ R8100.<\/p>\n","protected":false},"featured_media":66463,"comment_status":"open","ping_status":"closed","template":"","meta":[],"product_brand":[],"product_cat":[1610],"product_tag":[1611,931,1674],"class_list":{"0":"post-66464","1":"product","2":"type-product","3":"status-publish","4":"has-post-thumbnail","6":"product_cat-analizadores-espectro-y-antenas-monitores-de-servicio-y-softwares","7":"product_tag-analizadores-espectro-y-antenas-monitores-de-servicio-y-softwares","8":"product_tag-equipo-de-laboratorio","9":"product_tag-freedom-communication-technologies","11":"first","12":"outofstock","13":"sale","14":"shipping-taxable","15":"purchasable","16":"product-type-simple"},"_links":{"self":[{"href":"https:\/\/soydeaqui.ddns.net\/pachuca\/index.php\/wp-json\/wp\/v2\/product\/66464","targetHints":{"allow":["GET"]}}],"collection":[{"href":"https:\/\/soydeaqui.ddns.net\/pachuca\/index.php\/wp-json\/wp\/v2\/product"}],"about":[{"href":"https:\/\/soydeaqui.ddns.net\/pachuca\/index.php\/wp-json\/wp\/v2\/types\/product"}],"replies":[{"embeddable":true,"href":"https:\/\/soydeaqui.ddns.net\/pachuca\/index.php\/wp-json\/wp\/v2\/comments?post=66464"}],"wp:featuredmedia":[{"embeddable":true,"href":"https:\/\/soydeaqui.ddns.net\/pachuca\/index.php\/wp-json\/wp\/v2\/media\/66463"}],"wp:attachment":[{"href":"https:\/\/soydeaqui.ddns.net\/pachuca\/index.php\/wp-json\/wp\/v2\/media?parent=66464"}],"wp:term":[{"taxonomy":"product_brand","embeddable":true,"href":"https:\/\/soydeaqui.ddns.net\/pachuca\/index.php\/wp-json\/wp\/v2\/product_brand?post=66464"},{"taxonomy":"product_cat","embeddable":true,"href":"https:\/\/soydeaqui.ddns.net\/pachuca\/index.php\/wp-json\/wp\/v2\/product_cat?post=66464"},{"taxonomy":"product_tag","embeddable":true,"href":"https:\/\/soydeaqui.ddns.net\/pachuca\/index.php\/wp-json\/wp\/v2\/product_tag?post=66464"}],"curies":[{"name":"wp","href":"https:\/\/api.w.org\/{rel}","templated":true}]}}