{"id":66453,"date":"2026-03-19T08:58:27","date_gmt":"2026-03-19T08:58:27","guid":{"rendered":"https:\/\/soydeaqui.ddns.net\/pachuca\/index.php\/producto\/radio-portatil-marino-y-comercial-en-vhf-incluye-los-canales-usa-int-can-y-del-clima\/"},"modified":"2026-03-19T08:58:39","modified_gmt":"2026-03-19T08:58:39","slug":"radio-portatil-marino-y-comercial-en-vhf-incluye-los-canales-usa-int-can-y-del-clima","status":"publish","type":"product","link":"https:\/\/soydeaqui.ddns.net\/pachuca\/index.php\/producto\/radio-portatil-marino-y-comercial-en-vhf-incluye-los-canales-usa-int-can-y-del-clima\/","title":{"rendered":"Radio port\u00e1til marino y comercial en VHF, incluye los canales USA, INT, CAN, y del clima"},"content":{"rendered":"<div style='width: 100%; max-width: 1200px; margin: 0 auto; font-family: sans-serif; line-height: 1.6; color: inherit; background-color: transparent;'> <!-- Imagen principal --> <\/p>\n<div style='display: flex; justify-content: center; padding: 6% 0;'> <img style='width: 100%; max-width: 500px; height: auto; border: 1px solid rgba(150&comma;150&comma;150&comma;0.3); border-radius: 8px;' src='https:\/\/ftp3.syscom.mx\/usuarios\/ftp\/single_page\/ICOM73\/Icom.png' alt='Radio Icom IC-M85'> <\/div>\n<p> <!-- Banner con background --> <\/p>\n<div style='position: relative; margin: 20px 0; border-radius: 15px; overflow: hidden; background: url(https:\/\/ftp3.syscom.mx\/usuarios\/ftp\/single_page\/ICOM85\/b1.jpg) repeat fixed; background-size: cover;'> <img style='width: 100%; height: auto; border: none; border-radius: 0;' src='https:\/\/ftp3.syscom.mx\/usuarios\/ftp\/single_page\/ICOM85\/baner2.png' alt='Banner Icom IC-M85'> <\/div>\n<p> <!-- Descripci\u00f3n general --> <\/p>\n<div style='padding: 6% 2% 4% 2%; background-color: #d7ebf5; border-radius: 8px; margin: 30px 0;'>\n<div style='padding: 0 5%;'>\n<p style='color: black; font-weight: 400; font-size: 20px; line-height: 26px; text-align: justify;'>Es un radio port\u00e1til que ofrece m\u00faltiples funciones que facilitan las operaciones a bordo de cualquier embarcaci\u00f3n.<\/p>\n<p style='color: black; font-weight: 400; font-size: 20px; line-height: 26px; text-align: justify;'>En caso de emergencia cuenta con acceso directo al canal 16&comma; as\u00ed como notificaciones de alertas como; hombre al agua&comma; hombre ca\u00eddo y trabajador solitario.<\/p>\n<p style='color: black; font-weight: 400; font-size: 20px; line-height: 26px; text-align: justify;'>Dos radios en uno&comma; fabricado para operar en todas las frecuencias marinas&comma; as\u00ed como en frecuencias comerciales en el rango de 136 hasta 174 MHz.<\/p>\n<\/p><\/div>\n<\/p><\/div>\n<p> <!-- Caracter\u00edsticas principales --> <\/p>\n<div style='display: flex; flex-wrap: wrap; gap: 30px; margin-bottom: 30px;'>\n<div style='flex: 1 1 300px; min-width: 280px;'>\n<h3 style='font-size: 22px; border-bottom: 2px solid currentColor; padding-bottom: 5px; margin-top: 0; color: inherit; opacity: 0.8;'>Caracter\u00edsticas<\/h3>\n<ul style='padding-left: 20px; font-size: 15px; color: inherit;'>\n<li style='margin-bottom: 5px;'>Potencia de salida de audio de 700 mW.<\/li>\n<li style='margin-bottom: 5px;'>Sumergible IPX7 (1m por 30 min).<\/li>\n<li style='margin-bottom: 5px;'>100 canales programables en banda comercial.<\/li>\n<li style='margin-bottom: 5px;'>Cambio al canal 16 de forma instant\u00e1nea.<\/li>\n<li style='margin-bottom: 5px;'>Cuenta con funci\u00f3n de monitor abierto.<\/li>\n<li style='margin-bottom: 5px;'>Scrambler de 32 c\u00f3digos incluido. (compatible con la tarjeta UT-122)<\/li>\n<\/ul><\/div>\n<div style='flex: 1 1 300px; min-width: 280px;'>\n<h3 style='font-size: 22px; border-bottom: 2px solid currentColor; padding-bottom: 5px; margin-top: 0; color: inherit; opacity: 0.8;'>Caracter\u00edsticas adicionales<\/h3>\n<ul style='padding-left: 20px; font-size: 15px; color: inherit;'>\n<li style='margin-bottom: 5px;'>Funci\u00f3n AquaQuake\u00ae. Elimina residuos de agua de la bocina.<\/li>\n<li style='margin-bottom: 5px;'>Cambio entre zonas con canales marinos y comerciales por medio de un bot\u00f3n.<\/li>\n<li style='margin-bottom: 5px;'>5 W de potencia en canales marinos.<\/li>\n<li style='margin-bottom: 5px;'>Programable por medio de software CS-M85 (req. cable OPC-1862 o PHCP1862I)<\/li>\n<li style='margin-bottom: 5px;'>Dise\u00f1o compacto y ligero&comma; el m\u00e1s peque\u00f1o del mercado.<\/li>\n<\/ul><\/div>\n<\/p><\/div>\n<p> <!-- Contenido incluye --> <\/p>\n<div style='display: flex; flex-wrap: wrap; gap: 30px; margin-bottom: 30px;'>\n<div style='flex: 1 1 300px; min-width: 280px;'>\n<h3 style='font-size: 22px; border-bottom: 2px solid currentColor; padding-bottom: 5px; margin-top: 0; color: inherit; opacity: 0.8;'>Incluye<\/h3>\n<ul style='padding-left: 20px; font-size: 15px; color: inherit;'>\n<li style='margin-bottom: 5px;'>Bater\u00eda (BP-290&comma; Li-Ion&comma; 2010 mAh).<\/li>\n<li style='margin-bottom: 5px;'>Cargador BC-227SA.<\/li>\n<li style='margin-bottom: 5px;'>Fuente de alimentaci\u00f3n BC-123SA.<\/li>\n<li style='margin-bottom: 5px;'>Antena FA-S58V.<\/li>\n<li style='margin-bottom: 5px;'>Clip MB-B3.<\/li>\n<li style='margin-bottom: 5px;'>Correa de mano.<\/li>\n<\/ul>\n<p style='color: inherit; font-weight: 600; font-size: 14px; margin: 15px 0 5px;'>Dimensiones: 56 \u00d7 92 \u00d7 29 mm.<\/p>\n<p style='color: inherit; font-weight: 600; font-size: 14px; margin: 0;'>Peso: 246 g.<\/p>\n<\/p><\/div>\n<div style='flex: 1 1 300px; min-width: 280px;'> <img style='width: 100%; height: auto; border: 1px solid rgba(150&comma;150&comma;150&comma;0.3); border-radius: 8px;' src='https:\/\/ftp3.syscom.mx\/usuarios\/ftp\/single_page\/ICOM85\/radio.png' alt='Radio Icom IC-M85'> <\/div>\n<\/p><\/div>\n<\/p><\/div>\n","protected":false},"excerpt":{"rendered":"<p>Radio port\u00e1til marino y comercial en VHF, incluye los canales USA, INT, CAN, y del clima<\/p>\n","protected":false},"featured_media":66452,"comment_status":"open","ping_status":"closed","template":"","meta":[],"product_brand":[],"product_cat":[1285],"product_tag":[1287,1286],"class_list":{"0":"post-66453","1":"product","2":"type-product","3":"status-publish","4":"has-post-thumbnail","6":"product_cat-portatiles","7":"product_tag-portatiles","8":"product_tag-radios-marinos","10":"first","11":"instock","12":"sale","13":"shipping-taxable","14":"purchasable","15":"product-type-simple"},"_links":{"self":[{"href":"https:\/\/soydeaqui.ddns.net\/pachuca\/index.php\/wp-json\/wp\/v2\/product\/66453","targetHints":{"allow":["GET"]}}],"collection":[{"href":"https:\/\/soydeaqui.ddns.net\/pachuca\/index.php\/wp-json\/wp\/v2\/product"}],"about":[{"href":"https:\/\/soydeaqui.ddns.net\/pachuca\/index.php\/wp-json\/wp\/v2\/types\/product"}],"replies":[{"embeddable":true,"href":"https:\/\/soydeaqui.ddns.net\/pachuca\/index.php\/wp-json\/wp\/v2\/comments?post=66453"}],"wp:featuredmedia":[{"embeddable":true,"href":"https:\/\/soydeaqui.ddns.net\/pachuca\/index.php\/wp-json\/wp\/v2\/media\/66452"}],"wp:attachment":[{"href":"https:\/\/soydeaqui.ddns.net\/pachuca\/index.php\/wp-json\/wp\/v2\/media?parent=66453"}],"wp:term":[{"taxonomy":"product_brand","embeddable":true,"href":"https:\/\/soydeaqui.ddns.net\/pachuca\/index.php\/wp-json\/wp\/v2\/product_brand?post=66453"},{"taxonomy":"product_cat","embeddable":true,"href":"https:\/\/soydeaqui.ddns.net\/pachuca\/index.php\/wp-json\/wp\/v2\/product_cat?post=66453"},{"taxonomy":"product_tag","embeddable":true,"href":"https:\/\/soydeaqui.ddns.net\/pachuca\/index.php\/wp-json\/wp\/v2\/product_tag?post=66453"}],"curies":[{"name":"wp","href":"https:\/\/api.w.org\/{rel}","templated":true}]}}