{"id":66192,"date":"2026-03-19T08:49:04","date_gmt":"2026-03-19T08:49:04","guid":{"rendered":"https:\/\/soydeaqui.ddns.net\/pachuca\/index.php\/producto\/kit-de-microfono-audifono-plus-de-1-cable-para-motorola-dep550-dgp8050-elite-serie-xpr3000-3500-serie-apx3000-8000-dp2400-2600\/"},"modified":"2026-03-19T08:49:05","modified_gmt":"2026-03-19T08:49:05","slug":"kit-de-microfono-audifono-plus-de-1-cable-para-motorola-dep550-dgp8050-elite-serie-xpr3000-3500-serie-apx3000-8000-dp2400-2600","status":"publish","type":"product","link":"https:\/\/soydeaqui.ddns.net\/pachuca\/index.php\/producto\/kit-de-microfono-audifono-plus-de-1-cable-para-motorola-dep550-dgp8050-elite-serie-xpr3000-3500-serie-apx3000-8000-dp2400-2600\/","title":{"rendered":"Kit de Micr\u00f3fono-Aud\u00edfono PLUS de 1 cable para Motorola DEP550, DGP8050 Elite, Serie XPR3000\/3500, Serie APX3000\/8000, DP2400\/2600"},"content":{"rendered":"<div style='width: 100%; max-width: 1200px; margin: 0 auto; font-family: sans-serif; line-height: 1.6; color: inherit; background-color: transparent;'>\n<div style='display: flex; flex-wrap: wrap; gap: 30px; margin-bottom: 30px;'>\n<div style='flex: 1 1 300px; min-width: 280px;'>\n<h3 style='font-size: 22px; border-bottom: 2px solid currentColor; padding-bottom: 5px; margin-top: 0; color: inherit; opacity: 0.8;'>Descripci\u00f3n<\/h3>\n<ul style='padding-left: 20px; font-size: 15px; color: inherit;'>\n<li style='margin-bottom: 5px;'>Tubo ac\u00fastico de desconexi\u00f3n r\u00e1pida para uso compartido en m\u00faltiples turnos<\/li>\n<li style='margin-bottom: 5px;'>Dise\u00f1o de 1 cable para uso en oreja izquierda o derecha<\/li>\n<li style='margin-bottom: 5px;'>Tubo ac\u00fastico transparente y flexible de bajo perfil<\/li>\n<li style='margin-bottom: 5px;'>Clip de alta durabilidad para fijaci\u00f3n segura<\/li>\n<li style='margin-bottom: 5px;'>Mini PTT con micr\u00f3fono integrado<\/li>\n<li style='margin-bottom: 5px;'>Inserto de o\u00eddo reemplazable de alta calidad<\/li>\n<\/ul><\/div>\n<div style='flex: 1 1 300px; min-width: 280px;'>\n<h3 style='font-size: 22px; border-bottom: 2px solid currentColor; padding-bottom: 5px; margin-top: 0; color: inherit; opacity: 0.8;'>Aplicaciones<\/h3>\n<ul style='padding-left: 20px; font-size: 15px; color: inherit;'>\n<li style='margin-bottom: 5px;'>Control de multitudes<\/li>\n<li style='margin-bottom: 5px;'>Personal de hoteles y restaurantes<\/li>\n<li style='margin-bottom: 5px;'>Trabajadores minoristas<\/li>\n<li style='margin-bottom: 5px;'>Profesionales que requieren comunicaci\u00f3n discreta<\/li>\n<\/ul><\/div>\n<\/p><\/div>\n<div style='display: flex; flex-wrap: wrap; gap: 20px; margin-bottom: 30px;'>\n<div style='flex: 1 1 250px; border: 1px solid rgba(150&comma; 150&comma; 150&comma; 0.4); border-radius: 8px; overflow: hidden; display: flex; flex-direction: column;'>\n<div style='padding: 15px; border-bottom: 1px solid rgba(150&comma; 150&comma; 150&comma; 0.2); font-weight: bold; font-size: 18px; color: inherit;'>Especificaciones Mec\u00e1nicas<\/div>\n<div style='padding: 15px; color: inherit;'>\n<ul style='padding-left: 20px; margin: 0; font-size: 14px; list-style-type: disc;'>\n<li style='margin-bottom: 5px;'><strong>Tensi\u00f3n del cable desde el auricular:<\/strong> 10 lbs<\/li>\n<li style='margin-bottom: 5px;'><strong>Tensi\u00f3n del cable desde el UDC:<\/strong> 40 lbs<\/li>\n<li style='margin-bottom: 5px;'><strong>Ciclos de flexi\u00f3n en el auricular:<\/strong> 2&comma;000 ciclos<\/li>\n<li style='margin-bottom: 5px;'><strong>Ciclos de flexi\u00f3n en el UDC:<\/strong> 25&comma;000 ciclos<\/li>\n<\/ul><\/div>\n<\/p><\/div>\n<div style='flex: 1 1 250px; border: 1px solid rgba(150&comma; 150&comma; 150&comma; 0.4); border-radius: 8px; overflow: hidden; display: flex; flex-direction: column;'>\n<div style='padding: 15px; border-bottom: 1px solid rgba(150&comma; 150&comma; 150&comma; 0.2); font-weight: bold; font-size: 18px; color: inherit;'>Especificaciones Ambientales<\/div>\n<div style='padding: 15px; color: inherit;'>\n<ul style='padding-left: 20px; margin: 0; font-size: 14px; list-style-type: disc;'>\n<li style='margin-bottom: 5px;'><strong>Temperatura de operaci\u00f3n:<\/strong> -20\u00b0C a +60\u00b0C<\/li>\n<li style='margin-bottom: 5px;'><strong>Temperatura de almacenamiento:<\/strong> -40\u00b0C a +80\u00b0C<\/li>\n<\/ul><\/div>\n<\/p><\/div>\n<div style='flex: 1 1 250px; border: 1px solid rgba(150&comma; 150&comma; 150&comma; 0.4); border-radius: 8px; overflow: hidden; display: flex; flex-direction: column;'>\n<div style='padding: 15px; border-bottom: 1px solid rgba(150&comma; 150&comma; 150&comma; 0.2); font-weight: bold; font-size: 18px; color: inherit;'>Garant\u00eda<\/div>\n<div style='padding: 15px; color: inherit;'>\n<ul style='padding-left: 20px; margin: 0; font-size: 14px; list-style-type: disc;'>\n<li style='margin-bottom: 5px;'><strong>Garant\u00eda del fabricante:<\/strong> 24 meses<\/li>\n<\/ul><\/div>\n<\/p><\/div>\n<\/p><\/div>\n<hr style='border: 0; border-top: 1px solid rgba(150&comma; 150&comma; 150&comma; 0.3); margin: 30px 0;'>\n<div style='display: flex; flex-wrap: wrap; gap: 30px; margin-bottom: 30px;'>\n<div style='flex: 1 1 300px; min-width: 280px;'>\n<h3 style='font-size: 22px; border-bottom: 2px solid currentColor; padding-bottom: 5px; margin-top: 0; color: inherit; opacity: 0.8;'>Compatibilidad<\/h3>\n<ul style='padding-left: 20px; font-size: 15px; color: inherit;'>\n<li style='margin-bottom: 5px;'>Motorola DEP550<\/li>\n<li style='margin-bottom: 5px;'>Motorola DGP8050 Elite<\/li>\n<li style='margin-bottom: 5px;'>Serie Motorola XPR3000\/3500<\/li>\n<li style='margin-bottom: 5px;'>Serie Motorola APX3000\/8000<\/li>\n<li style='margin-bottom: 5px;'>Motorola DP2000\/2400\/2600\/3441<\/li>\n<li style='margin-bottom: 5px;'>Motorola MTP3100\/3150\/31200\/3250\/3500\/3550<\/li>\n<\/ul><\/div>\n<div style='flex: 1 1 300px; min-width: 280px;'>\n<h3 style='font-size: 22px; border-bottom: 2px solid currentColor; padding-bottom: 5px; margin-top: 0; color: inherit; opacity: 0.8;'>Caracter\u00edsticas Destacadas<\/h3>\n<ul style='padding-left: 20px; font-size: 15px; color: inherit;'>\n<li style='margin-bottom: 5px;'>Dise\u00f1o de un solo cable para f\u00e1cil manejo<\/li>\n<li style='margin-bottom: 5px;'>Tubo ac\u00fastico transparente de bajo perfil<\/li>\n<li style='margin-bottom: 5px;'>Comunicaci\u00f3n discreta con alta claridad<\/li>\n<li style='margin-bottom: 5px;'>Componentes reemplazables para mayor durabilidad<\/li>\n<li style='margin-bottom: 5px;'>Sistema de desconexi\u00f3n r\u00e1pida para higiene<\/li>\n<\/ul><\/div>\n<\/p><\/div>\n<\/p><\/div>\n","protected":false},"excerpt":{"rendered":"<p>Kit de Micr\u00f3fono-Aud\u00edfono PLUS de 1 cable para Motorola DEP550, DGP8050 Elite, Serie XPR3000\/3500, Serie APX3000\/8000, DP2400\/2600<\/p>\n","protected":false},"featured_media":66191,"comment_status":"open","ping_status":"closed","template":"","meta":[],"product_brand":[],"product_cat":[1706],"product_tag":[1614,1518,1585],"class_list":{"0":"post-66192","1":"product","2":"type-product","3":"status-publish","4":"has-post-thumbnail","6":"product_cat-microfono-audifono-accesorios-para-motorola","7":"product_tag-accesorios-para-motorola","8":"product_tag-microfono-audifono","9":"product_tag-otto","11":"first","12":"outofstock","13":"sale","14":"shipping-taxable","15":"purchasable","16":"product-type-simple"},"_links":{"self":[{"href":"https:\/\/soydeaqui.ddns.net\/pachuca\/index.php\/wp-json\/wp\/v2\/product\/66192","targetHints":{"allow":["GET"]}}],"collection":[{"href":"https:\/\/soydeaqui.ddns.net\/pachuca\/index.php\/wp-json\/wp\/v2\/product"}],"about":[{"href":"https:\/\/soydeaqui.ddns.net\/pachuca\/index.php\/wp-json\/wp\/v2\/types\/product"}],"replies":[{"embeddable":true,"href":"https:\/\/soydeaqui.ddns.net\/pachuca\/index.php\/wp-json\/wp\/v2\/comments?post=66192"}],"wp:featuredmedia":[{"embeddable":true,"href":"https:\/\/soydeaqui.ddns.net\/pachuca\/index.php\/wp-json\/wp\/v2\/media\/66191"}],"wp:attachment":[{"href":"https:\/\/soydeaqui.ddns.net\/pachuca\/index.php\/wp-json\/wp\/v2\/media?parent=66192"}],"wp:term":[{"taxonomy":"product_brand","embeddable":true,"href":"https:\/\/soydeaqui.ddns.net\/pachuca\/index.php\/wp-json\/wp\/v2\/product_brand?post=66192"},{"taxonomy":"product_cat","embeddable":true,"href":"https:\/\/soydeaqui.ddns.net\/pachuca\/index.php\/wp-json\/wp\/v2\/product_cat?post=66192"},{"taxonomy":"product_tag","embeddable":true,"href":"https:\/\/soydeaqui.ddns.net\/pachuca\/index.php\/wp-json\/wp\/v2\/product_tag?post=66192"}],"curies":[{"name":"wp","href":"https:\/\/api.w.org\/{rel}","templated":true}]}}