{"id":66097,"date":"2026-03-19T08:45:43","date_gmt":"2026-03-19T08:45:43","guid":{"rendered":"https:\/\/soydeaqui.ddns.net\/pachuca\/index.php\/producto\/sensor-medidor-de-potencia-virtual-vpm-por-usb-en-pc-para-350-4000-mhz\/"},"modified":"2026-03-19T08:45:44","modified_gmt":"2026-03-19T08:45:44","slug":"sensor-medidor-de-potencia-virtual-vpm-por-usb-en-pc-para-350-4000-mhz","status":"publish","type":"product","link":"https:\/\/soydeaqui.ddns.net\/pachuca\/index.php\/producto\/sensor-medidor-de-potencia-virtual-vpm-por-usb-en-pc-para-350-4000-mhz\/","title":{"rendered":"Sensor Medidor de Potencia Virtual (VPM) por USB en PC para 350-4000 MHz."},"content":{"rendered":"<div style='width: 100%; max-width: 1200px; margin: 0 auto; font-family: sans-serif; line-height: 1.6; color: inherit; background-color: transparent;'> <!-- Secci\u00f3n principal --> <\/p>\n<div style='margin-bottom: 30px;'>\n<h2 style='font-size: 24px; margin-top: 0; margin-bottom: 20px; color: inherit; opacity: 0.9;'>Sensor Medidor de Potencia Virtual (VPM) por USB en PC para 350-4000 MHz<\/h2>\n<ul style='padding-left: 20px; font-size: 15px; color: inherit;'>\n<li style='margin-bottom: 10px;'>La serie de sensores 7020 (Basic Power Sensor) determinan e indican la Potencia media real directa y reflejada as\u00ed como el VSWR&comma; en un amplio rango de frecuencia; de 25 MHz a 1.0 GHz \u00f3 350 MHz a 4.0 GHz&comma; es una soluci\u00f3n econ\u00f3mica y &#8216;Plug and Play&#8217; para sus necesidades de medici\u00f3n de potencia.<\/li>\n<li style='margin-bottom: 10px;'>Nunca requiere calibraci\u00f3n de campo&comma; solo a f\u00e1brica una vez al a\u00f1o y es trazable al Instituto Nacional de Est\u00e1ndares y Tecnolog\u00eda (NIST).<\/li>\n<li style='margin-bottom: 10px;'><strong>Mediciones realizadas:<\/strong> Potencia de salida y reflejada<\/li>\n<li style='margin-bottom: 10px;'><strong>C\u00e1lculos realizados:<\/strong> VSWR y Potencia Promedio Verdadera.<\/li>\n<\/ul><\/div>\n<p> <!-- Secci\u00f3n de accesorios --> <\/p>\n<div style='margin-bottom: 30px;'>\n<h3 style='font-size: 22px; border-bottom: 2px solid currentColor; padding-bottom: 5px; margin-top: 0; margin-bottom: 15px; color: inherit; opacity: 0.8;'>Accesorios Est\u00e1ndar (Incluidos)<\/h3>\n<ul style='padding-left: 20px; font-size: 15px; color: inherit;'>\n<li style='margin-bottom: 5px;'><strong>5A2653-6L2<\/strong> Cable USB SeaLATCH.<\/li>\n<li style='margin-bottom: 5px;'><strong>VPM3<\/strong> Medidor de potencia virtual.<\/li>\n<li style='margin-bottom: 5px;'><strong>920-7020S<\/strong> Manual de instrucciones (sensor).<\/li>\n<li style='margin-bottom: 5px;'><strong>920-VPM2<\/strong> Manual de instrucciones (VPM2).<\/li>\n<\/ul><\/div>\n<p> <!-- Secci\u00f3n de aplicaciones --> <\/p>\n<div style='margin-bottom: 30px;'>\n<h3 style='font-size: 22px; border-bottom: 2px solid currentColor; padding-bottom: 5px; margin-top: 0; margin-bottom: 15px; color: inherit; opacity: 0.8;'>Aplicaciones<\/h3>\n<ul style='padding-left: 20px; font-size: 15px; color: inherit;'>\n<li style='margin-bottom: 10px;'>Los WPS miden: Celular An\u00e1logo&comma; Celular Digital&comma; 3G&comma; 4G&comma; Tetra&comma; APCO \/ P25&comma; Trunking&comma; CDMA&comma; TDMA&comma; WCDMA&comma; GSM&comma; Transporte&comma; Militar T\u00e1ctico&comma; Radar&comma; Avi\u00f3nica&comma; Marine&comma; LMR&comma; Radiofusi\u00f3n An\u00e1loga&comma; Transmisi\u00f3n Digital&comma; GSM&comma; GPRS&comma; EDGE&comma; UMTS&comma; HSDPA&comma; Bluetooth&comma; Incendio&comma; GPS&comma; NPSPAC&comma; Megafon\u00eda&comma; Proyecto 25&comma; Seguridad p\u00fablica&comma; Telem\u00e1tica&comma; Utilidades&comma; WIMAX y WLAN.<\/li>\n<\/ul><\/div>\n<p> <!-- Secci\u00f3n de especificaciones --> <\/p>\n<div style='margin-bottom: 30px;'>\n<h3 style='font-size: 22px; border-bottom: 2px solid currentColor; padding-bottom: 5px; margin-top: 0; margin-bottom: 15px; color: inherit; opacity: 0.8;'>Especificaciones<\/h3>\n<ul style='padding-left: 20px; font-size: 15px; color: inherit;'>\n<li style='margin-bottom: 5px;'><strong>Rango de frecuencia:<\/strong><\/li>\n<li style='margin-bottom: 5px;'>7020-1-030301: 25 MHz &#8211; 1.0 GHz<\/li>\n<li style='margin-bottom: 5px;'>7020-1-010101: 350 MHz &#8211; 4.0 GHz<\/li>\n<li style='margin-bottom: 5px;'><strong>Rango de medici\u00f3n de potencia<\/strong><\/li>\n<li style='margin-bottom: 5px;'>7020-1-030301: 0.5 W a 500 W<\/li>\n<li style='margin-bottom: 5px;'>7020-1-010101: 0.15 W a 150 W<\/li>\n<li style='margin-bottom: 5px;'><strong>Exactitud en Medici\u00f3n:<\/strong> +\/- (4% de lectura + 0.05 W) (por encima de 35\u00baC o debajo de 15\u00baC&comma; agregar 3%).<\/li>\n<li style='margin-bottom: 5px;'><strong>Potencia m\u00ednima Directa para medici\u00f3n de Reflejada:<\/strong> 5.0 W<\/li>\n<li style='margin-bottom: 5px;'><strong>Relaci\u00f3n pico \/ promedio (m\u00e1x.):<\/strong> 12 dB.<\/li>\n<li style='margin-bottom: 5px;'><strong>P\u00e9rdida por inserci\u00f3n (m\u00e1x.):<\/strong> 0.1 dB<\/li>\n<li style='margin-bottom: 5px;'><strong>Inserci\u00f3n VSWR:<\/strong> 1.10 m\u00e1x.<\/li>\n<li style='margin-bottom: 5px;'><strong>Impedancia&comma; Nominal:<\/strong> 50 Ohm.<\/li>\n<li style='margin-bottom: 5px;'><strong>Tiempo de respuesta:<\/strong> 100 ms.<\/li>\n<li style='margin-bottom: 5px;'><strong>Rango de VSWR:<\/strong> 1.15 a 99.9<\/li>\n<li style='margin-bottom: 5px;'><strong>Valor de PIM:<\/strong> -130 dBc @ 460 MHz<\/li>\n<li style='margin-bottom: 5px;'><strong>Conector de RF:<\/strong> N hembra.<\/li>\n<li style='margin-bottom: 5px;'><strong>Directividad (min.):<\/strong> 28 dB.<\/li>\n<li style='margin-bottom: 5px;'><strong>Intervalo de Calibraci\u00f3n Recomendado:<\/strong> Anualmente.<\/li>\n<li style='margin-bottom: 5px;'><strong>Fuente de alimentaci\u00f3n:<\/strong> 5Vdc (35 mA) desde puerto USB.<\/li>\n<li style='margin-bottom: 5px;'><strong>Interfaz:<\/strong> Protocolo USB 2.0&comma; conector USB Tipo &#8216;B&#8217; con &#8216;SeaLATCH&#8217;<\/li>\n<li style='margin-bottom: 5px;'><strong>Registro de datos:<\/strong> Software VPM3<\/li>\n<li style='margin-bottom: 5px;'><strong>Dimensiones:<\/strong> 122 x 66 x 32 mm (4.8 &#8216;x 2.6&#8242; x 1.3&#8217;).<\/li>\n<li style='margin-bottom: 5px;'><strong>Peso&comma; nominal:<\/strong> 0.45 kg (1.0 lbs.).<\/li>\n<\/ul><\/div>\n<p> <!-- Secci\u00f3n de compatibilidad --> <\/p>\n<div style='margin-bottom: 30px;'>\n<h3 style='font-size: 22px; border-bottom: 2px solid currentColor; padding-bottom: 5px; margin-top: 0; margin-bottom: 15px; color: inherit; opacity: 0.8;'>Compatible con<\/h3>\n<ul style='padding-left: 20px; font-size: 15px; color: inherit;'>\n<li style='margin-bottom: 5px;'><strong>Series SA-XT<\/strong> Analizador de sitios<\/li>\n<li style='margin-bottom: 5px;'><strong>VPM3<\/strong> Medidor de Potencia Virtual<\/li>\n<li style='margin-bottom: 5px;'><strong>5000-XT<\/strong> Medidor de Potencia Digital<\/li>\n<li style='margin-bottom: 5px;'><strong>Bird RF Meter<\/strong> Aplicaci\u00f3n de Android<\/li>\n<\/ul><\/div>\n<p> <!-- Nota final --> <\/p>\n<div style='margin-bottom: 30px; font-size: 15px; color: inherit;'>\n<p><strong>*Pregunte por tiempo de Entrega.<\/strong><\/p>\n<\/p><\/div>\n<p> <!-- Separador final --> <\/p>\n<hr style='border: 0; border-top: 1px solid rgba(150&comma; 150&comma; 150&comma; 0.3); margin: 30px 0;'> <\/div>\n","protected":false},"excerpt":{"rendered":"<p>Sensor Medidor de Potencia Virtual (VPM) por USB en PC para 350-4000 MHz.<\/p>\n","protected":false},"featured_media":66096,"comment_status":"open","ping_status":"closed","template":"","meta":[],"product_brand":[],"product_cat":[1610],"product_tag":[1611,1641,931],"class_list":{"0":"post-66097","1":"product","2":"type-product","3":"status-publish","4":"has-post-thumbnail","6":"product_cat-analizadores-espectro-y-antenas-monitores-de-servicio-y-softwares","7":"product_tag-analizadores-espectro-y-antenas-monitores-de-servicio-y-softwares","8":"product_tag-bird-technologies","9":"product_tag-equipo-de-laboratorio","11":"first","12":"outofstock","13":"sale","14":"shipping-taxable","15":"purchasable","16":"product-type-simple"},"_links":{"self":[{"href":"https:\/\/soydeaqui.ddns.net\/pachuca\/index.php\/wp-json\/wp\/v2\/product\/66097","targetHints":{"allow":["GET"]}}],"collection":[{"href":"https:\/\/soydeaqui.ddns.net\/pachuca\/index.php\/wp-json\/wp\/v2\/product"}],"about":[{"href":"https:\/\/soydeaqui.ddns.net\/pachuca\/index.php\/wp-json\/wp\/v2\/types\/product"}],"replies":[{"embeddable":true,"href":"https:\/\/soydeaqui.ddns.net\/pachuca\/index.php\/wp-json\/wp\/v2\/comments?post=66097"}],"wp:featuredmedia":[{"embeddable":true,"href":"https:\/\/soydeaqui.ddns.net\/pachuca\/index.php\/wp-json\/wp\/v2\/media\/66096"}],"wp:attachment":[{"href":"https:\/\/soydeaqui.ddns.net\/pachuca\/index.php\/wp-json\/wp\/v2\/media?parent=66097"}],"wp:term":[{"taxonomy":"product_brand","embeddable":true,"href":"https:\/\/soydeaqui.ddns.net\/pachuca\/index.php\/wp-json\/wp\/v2\/product_brand?post=66097"},{"taxonomy":"product_cat","embeddable":true,"href":"https:\/\/soydeaqui.ddns.net\/pachuca\/index.php\/wp-json\/wp\/v2\/product_cat?post=66097"},{"taxonomy":"product_tag","embeddable":true,"href":"https:\/\/soydeaqui.ddns.net\/pachuca\/index.php\/wp-json\/wp\/v2\/product_tag?post=66097"}],"curies":[{"name":"wp","href":"https:\/\/api.w.org\/{rel}","templated":true}]}}